-- Table structure for table `phpbb_sitelist`
--

CREATE TABLE `phpbb_sitelist` (
  `site_id` mediumint(8) unsigned NOT NULL auto_increment,
  `site_ip` varchar(40) collate utf8_bin NOT NULL default '',
  `site_hostname` varchar(255) collate utf8_bin NOT NULL default '',
  `ip_exclude` tinyint(1) unsigned NOT NULL default '0',
  PRIMARY KEY  (`site_id`)
) ENGINE=MyISAM DEFAULT CHARSET=utf8 COLLATE=utf8_bin;

--
-- Dumping data for table `phpbb_sitelist`
--


--
-- Table structure for table `phpbb_smilies`
--

CREATE TABLE `phpbb_smilies` (
  `smiley_id` mediumint(8) unsigned NOT NULL auto_increment,
  `code` varchar(50) collate utf8_bin NOT NULL default '',
  `emotion` varchar(50) collate utf8_bin NOT NULL default '',
  `smiley_url` varchar(50) collate utf8_bin NOT NULL default '',
  `smiley_width` smallint(4) unsigned NOT NULL default '0',
  `smiley_height` smallint(4) unsigned NOT NULL default '0',
  `smiley_order` mediumint(8) unsigned NOT NULL default '0',
  `display_on_posting` tinyint(1) unsigned NOT NULL default '1',
  PRIMARY KEY  (`smiley_id`),
  KEY `display_on_post` (`display_on_posting`)
) ENGINE=MyISAM AUTO_INCREMENT=43 DEFAULT CHARSET=utf8 COLLATE=utf8_bin;

--
-- Dumping data for table `phpbb_smilies`
--

INSERT INTO `phpbb_smilies` VALUES (1,':D','Très content','icon_e_biggrin.gif',15,17,1,1),(2,':-D','Très content','icon_e_biggrin.gif',15,17,2,1),(3,':grin:','Très content','icon_e_biggrin.gif',15,17,3,1),(4,':)','Sourire','icon_e_smile.gif',15,17,4,1),(5,':-)','Sourire','icon_e_smile.gif',15,17,5,1),(6,':smile:','Sourire','icon_e_smile.gif',15,17,6,1),(7,';)','Clin d’oeil','icon_e_wink.gif',15,17,7,1),(8,';-)','Clin d’oeil','icon_e_wink.gif',15,17,8,1),(9,':wink:','Clin d’oeil','icon_e_wink.gif',15,17,9,1),(10,':(','Triste','icon_e_sad.gif',15,17,10,1),(11,':-(','Triste','icon_e_sad.gif',15,17,11,1),(12,':sad:','Triste','icon_e_sad.gif',15,17,12,1),(13,':o','Surprise','icon_e_surprised.gif',15,17,13,1),(14,':-o','Surprise','icon_e_surprised.gif',15,17,14,1),(15,':eek:','Surprise','icon_e_surprised.gif',15,17,15,1),(16,':shock:','Choqué','icon_eek.gif',15,17,16,1),(17,':?','Confus','icon_e_confused.gif',15,17,17,1),(18,':-?','Confus','icon_e_confused.gif',15,17,18,1),(19,':???:','Confus','icon_e_confused.gif',15,17,19,1),(20,'8-)','Cool','icon_cool.gif',15,17,20,1),(21,':cool:','Cool','icon_cool.gif',15,17,21,1),(22,':lol:','Rire','icon_lol.gif',15,17,22,1),(23,':x','Fou','icon_mad.gif',15,17,23,1),(24,':-x','Fou','icon_mad.gif',15,17,24,1),(25,':mad:','Fou','icon_mad.gif',15,17,25,1),(26,':P','Tire la langue','icon_razz.gif',15,17,26,1),(27,':-P','Tire la langue','icon_razz.gif',15,17,27,1),(28,':razz:','Tire la langue','icon_razz.gif',15,17,28,1),(29,':oops:','Embarrassé','icon_redface.gif',15,17,29,1),(30,':cry:','Très triste, en pleurs','icon_cry.gif',15,17,30,1),(31,':evil:','Diable','icon_evil.gif',15,17,31,1),(32,':twisted:','Diable rieur','icon_twisted.gif',15,17,32,1),(33,':roll:','Yeux tournants','icon_rolleyes.gif',15,17,33,1),(34,':!:','Exclamation','icon_exclaim.gif',15,17,34,1),(35,':?:','Question','icon_question.gif',15,17,35,1),(36,':idea:','Idée','icon_idea.gif',15,17,36,1),(37,':arrow:','Flèche','icon_arrow.gif',15,17,37,1),(38,':|','Neutre','icon_neutral.gif',15,17,38,1),(39,':-|','Neutre','icon_neutral.gif',15,17,39,1),(40,':mrgreen:','M. Vert','icon_mrgreen.gif',15,17,40,1),(41,':geek:','Geek','icon_e_geek.gif',17,17,41,1),(42,':ugeek:','Geek barbu','icon_e_ugeek.gif',17,18,42,1);

--
-- Table structure for table `phpbb_styles`
--

CREATE TABLE `phpbb_styles` (
  `style_id` mediumint(8) unsigned NOT NULL auto_increment,
  `style_name` varchar(255) collate utf8_bin NOT NULL default '',
  `style_copyright` varchar(255) collate utf8_bin NOT NULL default '',
  `style_active` tinyint(1) unsigned NOT NULL default '1',
  `template_id` mediumint(8) unsigned NOT NULL default '0',
  `theme_id` mediumint(8) unsigned NOT NULL default '0',
  `imageset_id` mediumint(8) unsigned NOT NULL default '0',
  PRIMARY KEY  (`style_id`),
  UNIQUE KEY `style_name` (`style_name`),
  KEY `template_id` (`template_id`),
  KEY `theme_id` (`theme_id`),
  KEY `imageset_id` (`imageset_id`)
) ENGINE=MyISAM AUTO_INCREMENT=3 DEFAULT CHARSET=utf8 COLLATE=utf8_bin;

--
-- Dumping data for table `phpbb_styles`
--

INSERT INTO `phpbb_styles` VALUES (1,'prosilver','© phpBB Group',1,1,1,1),(2,'Maxthon','© Culprit, 2009',1,1,2,2);

--
-- Table structure for table `phpbb_styles_imageset`
--

CREATE TABLE `phpbb_styles_imageset` (
  `imageset_id` mediumint(8) unsigned NOT NULL auto_increment,
  `imageset_name` varchar(255) collate utf8_bin NOT NULL default '',
  `imageset_copyright` varchar(255) collate utf8_bin NOT NULL default '',
  `imageset_path` varchar(100) collate utf8_bin NOT NULL default '',
  PRIMARY KEY  (`imageset_id`),
  UNIQUE KEY `imgset_nm` (`imageset_name`)
) ENGINE=MyISAM AUTO_INCREMENT=3 DEFAULT CHARSET=utf8 COLLATE=utf8_bin;

--
-- Dumping data for table `phpbb_styles_imageset`
--

INSERT INTO `phpbb_styles_imageset` VALUES (1,'prosilver','&copy; phpBB Group','prosilver'),(2,'Maxthon','&copy; Culprit, 2009','maxthon');

--
-- Table structure for table `phpbb_styles_imageset_data`
--

CREATE TABLE `phpbb_styles_imageset_data` (
  `image_id` mediumint(8) unsigned NOT NULL auto_increment,
  `image_name` varchar(200) collate utf8_bin NOT NULL default '',
  `image_filename` varchar(200) collate utf8_bin NOT NULL default '',
  `image_lang` varchar(30) collate utf8_bin NOT NULL default '',
  `image_height` smallint(4) unsigned NOT NULL default '0',
  `image_width` smallint(4) unsigned NOT NULL default '0',
  `imageset_id` mediumint(8) unsigned NOT NULL default '0',
  PRIMARY KEY  (`image_id`),
  KEY `i_d` (`imageset_id`)
) ENGINE=MyISAM AUTO_INCREMENT=178 DEFAULT CHARSET=utf8 COLLATE=utf8_bin;

--
-- Dumping data for table `phpbb_styles_imageset_data`
--

INSERT INTO `phpbb_styles_imageset_data` VALUES (1,'site_logo','site_logo.gif','',52,139,1),(2,'forum_link','forum_link.gif','',27,27,1),(3,'forum_read','forum_read.gif','',27,27,1),(4,'forum_read_locked','forum_read_locked.gif','',27,27,1),(5,'forum_read_subforum','forum_read_subforum.gif','',27,27,1),(6,'forum_unread','forum_unread.gif','',27,27,1),(7,'forum_unread_locked','forum_unread_locked.gif','',27,27,1),(8,'forum_unread_subforum','forum_unread_subforum.gif','',27,27,1),(9,'topic_moved','topic_moved.gif','',27,27,1),(10,'topic_read','topic_read.gif','',27,27,1),(11,'topic_read_mine','topic_read_mine.gif','',27,27,1),(12,'topic_read_hot','topic_read_hot.gif','',27,27,1),(13,'topic_read_hot_mine','topic_read_hot_mine.gif','',27,27,1),(14,'topic_read_locked','topic_read_locked.gif','',27,27,1),(15,'topic_read_locked_mine','topic_read_locked_mine.gif','',27,27,1),(16,'topic_unread','topic_unread.gif','',27,27,1),(17,'topic_unread_mine','topic_unread_mine.gif','',27,27,1),(18,'topic_unread_hot','topic_unread_hot.gif','',27,27,1),(19,'topic_unread_hot_mine','topic_unread_hot_mine.gif','',27,27,1),(20,'topic_unread_locked','topic_unread_locked.gif','',27,27,1),(21,'topic_unread_locked_mine','topic_unread_locked_mine.gif','',27,27,1),(22,'sticky_read','sticky_read.gif','',27,27,1),(23,'sticky_read_mine','sticky_read_mine.gif','',27,27,1),(24,'sticky_read_locked','sticky_read_locked.gif','',27,27,1),(25,'sticky_read_locked_mine','sticky_read_locked_mine.gif','',27,27,1),(26,'sticky_unread','sticky_unread.gif','',27,27,1),(27,'sticky_unread_mine','sticky_unread_mine.gif','',27,27,1),(28,'sticky_unread_locked','sticky_unread_locked.gif','',27,27,1),(29,'sticky_unread_locked_mine','sticky_unread_locked_mine.gif','',27,27,1),(30,'announce_read','announce_read.gif','',27,27,1),(31,'announce_read_mine','announce_read_mine.gif','',27,27,1),(32,'announce_read_locked','announce_read_locked.gif','',27,27,1),(33,'announce_read_locked_mine','announce_read_locked_mine.gif','',27,27,1),(34,'announce_unread','announce_unread.gif','',27,27,1),(35,'announce_unread_mine','announce_unread_mine.gif','',27,27,1),(36,'announce_unread_locked','announce_unread_locked.gif','',27,27,1),(37,'announce_unread_locked_mine','announce_unread_locked_mine.gif','',27,27,1),(38,'global_read','announce_read.gif','',27,27,1),(39,'global_read_mine','announce_read_mine.gif','',27,27,1),(40,'global_read_locked','announce_read_locked.gif','',27,27,1),(41,'global_read_locked_mine','announce_read_locked_mine.gif','',27,27,1),(42,'global_unread','announce_unread.gif','',27,27,1),(43,'global_unread_mine','announce_unread_mine.gif','',27,27,1),(44,'global_unread_locked','announce_unread_locked.gif','',27,27,1),(45,'global_unread_locked_mine','announce_unread_locked_mine.gif','',27,27,1),(46,'pm_read','topic_read.gif','',27,27,1),(47,'pm_unread','topic_unread.gif','',27,27,1),(48,'icon_back_top','icon_back_top.gif','',11,11,1),(49,'icon_contact_aim','icon_contact_aim.gif','',20,20,1),(50,'icon_contact_email','icon_contact_email.gif','',20,20,1),(51,'icon_contact_icq','icon_contact_icq.gif','',20,20,1),(52,'icon_contact_jabber','icon_contact_jabber.gif','',20,20,1),(53,'icon_contact_msnm','icon_contact_msnm.gif','',20,20,1),(54,'icon_contact_www','icon_contact_www.gif','',20,20,1),(55,'icon_contact_yahoo','icon_contact_yahoo.gif','',20,20,1),(56,'icon_post_delete','icon_post_delete.gif','',20,20,1),(57,'icon_post_info','icon_post_info.gif','',20,20,1),(58,'icon_post_report','icon_post_report.gif','',20,20,1),(59,'icon_post_target','icon_post_target.gif','',9,11,1),(60,'icon_post_target_unread','icon_post_target_unread.gif','',9,11,1),(61,'icon_topic_attach','icon_topic_attach.gif','',10,7,1),(62,'icon_topic_latest','icon_topic_latest.gif','',9,11,1),(63,'icon_topic_newest','icon_topic_newest.gif','',9,11,1),(64,'icon_topic_reported','icon_topic_reported.gif','',14,16,1),(65,'icon_topic_unapproved','icon_topic_unapproved.gif','',14,16,1),(66,'icon_user_warn','icon_user_warn.gif','',20,20,1),(67,'subforum_read','subforum_read.gif','',9,11,1),(68,'subforum_unread','subforum_unread.gif','',9,11,1),(69,'icon_contact_pm','icon_contact_pm.gif','en',20,28,1),(70,'icon_post_edit','icon_post_edit.gif','en',20,42,1),(71,'icon_post_quote','icon_post_quote.gif','en',20,54,1),(72,'icon_user_online','icon_user_online.gif','en',58,58,1),(73,'button_pm_forward','button_pm_forward.gif','en',25,96,1),(74,'button_pm_new','button_pm_new.gif','en',25,84,1),(75,'button_pm_reply','button_pm_reply.gif','en',25,96,1),(76,'button_topic_locked','button_topic_locked.gif','en',25,88,1),(77,'button_topic_new','button_topic_new.gif','en',25,96,1),(78,'button_topic_reply','button_topic_reply.gif','en',25,96,1),(79,'icon_contact_pm','icon_contact_pm.gif','fr',20,28,1),(80,'icon_post_edit','icon_post_edit.gif','fr',20,58,1),(81,'icon_post_quote','icon_post_quote.gif','fr',20,54,1),(82,'icon_user_online','icon_user_online.gif','fr',58,58,1),(83,'icon_user_offline','icon_user_offline.gif','fr',0,0,1),(84,'icon_user_search','icon_user_search.gif','fr',0,0,1),(85,'button_pm_forward','button_pm_forward.gif','fr',25,110,1),(86,'button_pm_new','button_pm_new.gif','fr',25,96,1),(87,'button_pm_reply','button_pm_reply.gif','fr',25,96,1),(88,'button_topic_locked','button_topic_locked.gif','fr',25,96,1),(89,'button_topic_new','button_topic_new.gif','fr',25,96,1),(90,'button_topic_reply','button_topic_reply.gif','fr',25,96,1),(91,'site_logo','site_logo.gif','',48,96,2),(92,'forum_link','forum_link.gif','',27,27,2),(93,'forum_read','forum_read.gif','',27,27,2),(94,'forum_read_locked','forum_read_locked.gif','',27,27,2),(95,'forum_read_subforum','forum_read_subforum.gif','',27,27,2),(96,'forum_unread','forum_unread.gif','',27,27,2),(97,'forum_unread_locked','forum_unread_locked.gif','',27,27,2),(98,'forum_unread_subforum','forum_unread_subforum.gif','',27,27,2),(99,'topic_moved','topic_moved.gif','',27,27,2),(100,'topic_read','topic_read.gif','',27,27,2),(101,'topic_read_mine','topic_read_mine.gif','',27,27,2),(102,'topic_read_hot','topic_read_hot.gif','',27,27,2),(103,'topic_read_hot_mine','topic_read_hot_mine.gif','',27,27,2),(104,'topic_read_locked','topic_read_locked.gif','',27,27,2),(105,'topic_read_locked_mine','topic_read_locked_mine.gif','',27,27,2),(106,'topic_unread','topic_unread.gif','',27,27,2),(107,'topic_unread_mine','topic_unread_mine.gif','',27,27,2),(108,'topic_unread_hot','topic_unread_hot.gif','',27,27,2),(109,'topic_unread_hot_mine','topic_unread_hot_mine.gif','',27,27,2),(110,'topic_unread_locked','topic_unread_locked.gif','',27,27,2),(111,'topic_unread_locked_mine','topic_unread_locked_mine.gif','',27,27,2),(112,'sticky_read','sticky_read.gif','',27,27,2),(113,'sticky_read_mine','sticky_read_mine.gif','',27,27,2),(114,'sticky_read_locked','sticky_read_locked.gif','',27,27,2),(115,'sticky_read_locked_mine','sticky_read_locked_mine.gif','',27,27,2),(116,'sticky_unread','sticky_unread.gif','',27,27,2),(117,'sticky_unread_mine','sticky_unread_mine.gif','',27,27,2),(118,'sticky_unread_locked','sticky_unread_locked.gif','',27,27,2),(119,'sticky_unread_locked_mine','sticky_unread_locked_mine.gif','',27,27,2),(120,'announce_read','announce_read.gif','',27,27,2),(121,'announce_read_mine','announce_read_mine.gif','',27,27,2),(122,'announce_read_locked','announce_read_locked.gif','',27,27,2),(123,'announce_read_locked_mine','announce_read_locked_mine.gif','',27,27,2),(124,'announce_unread','announce_unread.gif','',27,27,2),(125,'announce_unread_mine','announce_unread_mine.gif','',27,27,2),(126,'announce_unread_locked','announce_unread_locked.gif','',27,27,2),(127,'announce_unread_locked_mine','announce_unread_locked_mine.gif','',27,27,2),(128,'global_read','announce_read.gif','',27,27,2),(129,'global_read_mine','announce_read_mine.gif','',27,27,2),(130,'global_read_locked','announce_read_locked.gif','',27,27,2),(131,'global_read_locked_mine','announce_read_locked_mine.gif','',27,27,2),(132,'global_unread','announce_unread.gif','',27,27,2),(133,'global_unread_mine','announce_unread_mine.gif','',27,27,2),(134,'global_unread_locked','announce_unread_locked.gif','',27,27,2),(135,'global_unread_locked_mine','announce_unread_locked_mine.gif','',27,27,2),(136,'subforum_read','subforum_read.gif','',9,11,2),(137,'subforum_unread','subforum_unread.gif','',9,11,2),(138,'pm_read','topic_read.gif','',27,27,2),(139,'pm_unread','topic_unread.gif','',27,27,2),(140,'icon_back_top','icon_back_top.gif','',17,17,2),(141,'icon_contact_aim','icon_contact_aim.gif','',20,22,2),(142,'icon_contact_email','icon_contact_email.gif','',20,22,2),(143,'icon_contact_icq','icon_contact_icq.gif','',20,22,2),(144,'icon_contact_jabber','icon_contact_jabber.gif','',20,22,2),(145,'icon_contact_msnm','icon_contact_msnm.gif','',20,22,2),(146,'icon_contact_www','icon_contact_www.gif','',20,22,2),(147,'icon_contact_yahoo','icon_contact_yahoo.gif','',20,22,2),(148,'icon_post_delete','icon_post_delete.gif','',20,20,2),(149,'icon_post_edit','icon_post_edit.gif','',20,20,2),(150,'icon_post_quote','icon_post_quote.gif','',20,20,2),(151,'icon_post_info','icon_post_info.gif','',20,20,2),(152,'icon_post_report','icon_post_report.gif','',20,20,2),(153,'icon_post_target','icon_post_target.gif','',9,11,2),(154,'icon_post_target_unread','icon_post_target_unread.gif','',9,11,2),(155,'icon_topic_attach','icon_topic_attach.gif','',10,7,2),(156,'icon_topic_latest','icon_topic_latest.gif','',9,11,2),(157,'icon_topic_newest','icon_topic_newest.gif','',9,11,2),(158,'icon_topic_reported','icon_topic_reported.gif','',14,16,2),(159,'icon_topic_unapproved','icon_topic_unapproved.gif','',14,16,2),(160,'icon_user_warn','icon_user_warn.gif','',20,20,2),(161,'icon_contact_pm','icon_contact_pm.gif','en',20,44,2),(162,'icon_user_online','icon_user_online.gif','en',58,58,2),(163,'button_pm_forward','button_pm_forward.gif','en',25,79,2),(164,'button_pm_new','button_pm_new.gif','en',25,81,2),(165,'button_pm_reply','button_pm_reply.gif','en',25,63,2),(166,'button_topic_locked','button_topic_locked.gif','en',25,70,2),(167,'button_topic_new','button_topic_new.gif','en',25,92,2),(168,'button_topic_reply','button_topic_reply.gif','en',25,61,2),(169,'icon_contact_pm','icon_contact_pm.gif','fr',20,44,2),(170,'icon_user_online','icon_user_online.gif','fr',58,58,2),(171,'button_pm_forward','button_pm_forward.gif','fr',25,79,2),(172,'button_pm_new','button_pm_new.gif','fr',25,81,2),(173,'button_pm_reply','button_pm_reply.gif','fr',25,63,2),(174,'button_topic_locked','button_topic_locked.gif','fr',25,70,2),(175,'button_topic_new','button_topic_new.gif','fr',25,92,2),(176,'button_topic_reply','button_topic_reply.gif','fr',25,61,2),(177,'button_quick_reply','button_quick_reply.gif','fr',25,100,2);

--
-- Table structure for table `phpbb_styles_template`
--

CREATE TABLE `phpbb_styles_template` (
  `template_id` mediumint(8) unsigned NOT NULL auto_increment,
  `template_name` varchar(255) collate utf8_bin NOT NULL default '',
  `template_copyright` varchar(255) collate utf8_bin NOT NULL default '',
  `template_path` varchar(100) collate utf8_bin NOT NULL default '',
  `bbcode_bitfield` varchar(255) collate utf8_bin NOT NULL default 'kNg=',
  `template_storedb` tinyint(1) unsigned NOT NULL default '0',
  `template_inherits_id` int(4) unsigned NOT NULL default '0',
  `template_inherit_path` varchar(255) collate utf8_bin NOT NULL default '',
  PRIMARY KEY  (`template_id`),
  UNIQUE KEY `tmplte_nm` (`template_name`)
) ENGINE=MyISAM AUTO_INCREMENT=2 DEFAULT CHARSET=utf8 COLLATE=utf8_bin;

--
-- Dumping data for table `phpbb_styles_template`
--

INSERT INTO `phpbb_styles_template` VALUES (1,'prosilver','&copy; phpBB Group','prosilver','lNg=',0,0,'');

--
-- Table structure for table `phpbb_styles_template_data`
--

CREATE TABLE `phpbb_styles_template_data` (
  `template_id` mediumint(8) unsigned NOT NULL default '0',
  `template_filename` varchar(100) collate utf8_bin NOT NULL default '',
  `template_included` text collate utf8_bin NOT NULL,
  `template_mtime` int(11) unsigned NOT NULL default '0',
  `template_data` mediumtext collate utf8_bin NOT NULL,
  KEY `tid` (`template_id`),
  KEY `tfn` (`template_filename`)
) ENGINE=MyISAM DEFAULT CHARSET=utf8 COLLATE=utf8_bin;

--
-- Dumping data for table `phpbb_styles_template_data`
--


--
-- Table structure for table `phpbb_styles_theme`
--

CREATE TABLE `phpbb_styles_theme` (
  `theme_id` mediumint(8) unsigned NOT NULL auto_increment,
  `theme_name` varchar(255) collate utf8_bin NOT NULL default '',
  `theme_copyright` varchar(255) collate utf8_bin NOT NULL default '',
  `theme_path` varchar(100) collate utf8_bin NOT NULL default '',
  `theme_storedb` tinyint(1) unsigned NOT NULL default '0',
  `theme_mtime` int(11) unsigned NOT NULL default '0',
  `theme_data` mediumtext collate utf8_bin NOT NULL,
  PRIMARY KEY  (`theme_id`),
  UNIQUE KEY `theme_name` (`theme_name`)
) ENGINE=MyISAM AUTO_INCREMENT=3 DEFAULT CHARSET=utf8 COLLATE=utf8_bin;

--
-- Dumping data for table `phpbb_styles_theme`
--

INSERT INTO `phpbb_styles_theme` VALUES (1,'prosilver','&copy; phpBB Group','prosilver',1,1283444448,'/*  phpBB 3.0 Style Sheet\n    --------------------------------------------------------------\n	Style name:		proSilver\n	Based on style:	proSilver (this is the default phpBB 3 style)\n	Original author:	subBlue ( http://www.subBlue.com/ )\n	Modified by:		\n	\n	Copyright 2006 phpBB Group ( http://www.phpbb.com/ )\n    --------------------------------------------------------------\n*/\n\n/* General proSilver Markup Styles\n---------------------------------------- */\n\n* {\n	/* Reset browsers default margin, padding and font sizes */\n	margin: 0;\n	padding: 0;\n}\n\nhtml {\n	font-size: 100%;\n	/* Always show a scrollbar for short pages - stops the jump when the scrollbar appears. non-IE browsers */\n	height: 101%;\n}\n\nbody {\n	/* Text-Sizing with ems: http://www.clagnut.com/blog/348/ */\n	font-family: Verdana, Helvetica, Arial, sans-serif;\n	color: #828282;\n	background-color: #FFFFFF;\n	/*font-size: 62.5%;			 This sets the default font size to be equivalent to 10px */\n	font-size: 10px;\n	margin: 0;\n	padding: 12px 0;\n}\n\nh1 {\n	/* Forum name */\n	font-family: \"Trebuchet MS\", Arial, Helvetica, sans-serif;\n	margin-right: 200px;\n	color: #FFFFFF;\n	margin-top: 15px;\n	font-weight: bold;\n	font-size: 2em;\n}\n\nh2 {\n	/* Forum header titles */\n	font-family: \"Trebuchet MS\", Arial, Helvetica, sans-serif;\n	font-weight: normal;\n	color: #3f3f3f;\n	font-size: 2em;\n	margin: 0.8em 0 0.2em 0;\n}\n\nh2.solo {\n	margin-bottom: 1em;\n}\n\nh3 {\n	/* Sub-headers (also used as post headers, but defined later) */\n	font-family: Arial, Helvetica, sans-serif;\n	font-weight: bold;\n	text-transform: uppercase;\n	border-bottom: 1px solid #CCCCCC;\n	margin-bottom: 3px;\n	padding-bottom: 2px;\n	font-size: 1.05em;\n	color: #989898;\n	margin-top: 20px;\n}\n\nh4 {\n	/* Forum and topic list titles */\n	font-family: \"Trebuchet MS\", Verdana, Helvetica, Arial, Sans-serif;\n	font-size: 1.3em;\n}\n\np {\n	line-height: 1.3em;\n	font-size: 1.1em;\n	margin-bottom: 1.5em;\n}\n\nimg {\n	border-width: 0;\n}\n\nhr {\n	/* Also see tweaks.css */\n	border: 0 none #FFFFFF;\n	border-top: 1px solid #CCCCCC;\n	height: 1px;\n	margin: 5px 0;\n	display: block;\n	clear: both;\n}\n\nhr.dashed {\n	border-top: 1px dashed #CCCCCC;\n	margin: 10px 0;\n}\n\nhr.divider {\n	display: none;\n}\n\np.right {\n	text-align: right;\n}\n\n/* Main blocks\n---------------------------------------- */\n#wrap {\n	padding: 0 20px;\n	min-width: 650px;\n}\n\n#simple-wrap {\n	padding: 6px 10px;\n}\n\n#page-body {\n	margin: 4px 0;\n	clear: both;\n}\n\n#page-footer {\n	clear: both;\n}\n\n#page-footer h3 {\n	margin-top: 20px;\n}\n\n#logo {\n	float: left;\n	width: auto;\n	padding: 10px 13px 0 10px;\n}\n\na#logo:hover {\n	text-decoration: none;\n}\n\n/* Search box\n--------------------------------------------- */\n#search-box {\n	color: #FFFFFF;\n	position: relative;\n	margin-top: 30px;\n	margin-right: 5px;\n	display: block;\n	float: right;\n	text-align: right;\n	white-space: nowrap; /* For Opera */\n}\n\n#search-box #keywords {\n	width: 95px;\n	background-color: #FFF;\n}\n\n#search-box input {\n	border: 1px solid #b0b0b0;\n}\n\n/* .button1 style defined later, just a few tweaks for the search button version */\n#search-box input.button1 {\n	padding: 1px 5px;\n}\n\n#search-box li {\n	text-align: right;\n	margin-top: 4px;\n}\n\n#search-box img {\n	vertical-align: middle;\n	margin-right: 3px;\n}\n\n/* Site description and logo */\n#site-description {\n	float: left;\n	width: 70%;\n}\n\n#site-description h1 {\n	margin-right: 0;\n}\n\n/* Round cornered boxes and backgrounds\n---------------------------------------- */\n.headerbar {\n	background: #ebebeb none repeat-x 0 0;\n	color: #FFFFFF;\n	margin-bottom: 4px;\n	padding: 0 5px;\n}\n\n.navbar {\n	background-color: #ebebeb;\n	padding: 0 10px;\n}\n\n.forabg {\n	background: #b1b1b1 none repeat-x 0 0;\n	margin-bottom: 4px;\n	padding: 0 5px;\n	clear: both;\n}\n\n.forumbg {\n	background: #ebebeb none repeat-x 0 0;\n	margin-bottom: 4px;\n	padding: 0 5px;\n	clear: both;\n}\n\n.panel {\n	margin-bottom: 4px;\n	padding: 0 10px;\n	background-color: #f3f3f3;\n	color: #3f3f3f;\n}\n\n.post {\n	padding: 0 10px;\n	margin-bottom: 4px;\n	background-repeat: no-repeat;\n	background-position: 100% 0;\n}\n\n.post:target .content {\n	color: #000000;\n}\n\n.post:target h3 a {\n	color: #000000;\n}\n\n.bg1	{ background-color: #f7f7f7;}\n.bg2	{ background-color: #f2f2f2; }\n.bg3	{ background-color: #ebebeb; }\n\n.rowbg {\n	margin: 5px 5px 2px 5px;\n}\n\n.ucprowbg {\n	background-color: #e2e2e2;\n}\n\n.fieldsbg {\n	/*border: 1px #DBDEE2 solid;*/\n	background-color: #eaeaea;\n}\n\nspan.corners-top, span.corners-bottom, span.corners-top span, span.corners-bottom span {\n	font-size: 1px;\n	line-height: 1px;\n	display: block;\n	height: 5px;\n	background-repeat: no-repeat;\n}\n\nspan.corners-top {\n	background-image: none;\n	background-position: 0 0;\n	margin: 0 -5px;\n}\n\nspan.corners-top span {\n	background-image: none;\n	background-position: 100% 0;\n}\n\nspan.corners-bottom {\n	background-image: none;\n	background-position: 0 100%;\n	margin: 0 -5px;\n	clear: both;\n}\n\nspan.corners-bottom span {\n	background-image: none;\n	background-position: 100% 100%;\n}\n\n.headbg span.corners-bottom {\n	margin-bottom: -1px;\n}\n\n.post span.corners-top, .post span.corners-bottom, .panel span.corners-top, .panel span.corners-bottom, .navbar span.corners-top, .navbar span.corners-bottom {\n	margin: 0 -10px;\n}\n\n.rules span.corners-top {\n	margin: 0 -10px 5px -10px;\n}\n\n.rules span.corners-bottom {\n	margin: 5px -10px 0 -10px;\n}\n\n/* Horizontal lists\n----------------------------------------*/\nul.linklist {\n	display: block;\n	margin: 0;\n}\n\nul.linklist li {\n	display: block;\n	list-style-type: none;\n	float: left;\n	width: auto;\n	margin-right: 5px;\n	font-size: 1.1em;\n	line-height: 2.2em;\n}\n\nul.linklist li.rightside, p.rightside {\n	float: right;\n	margin-right: 0;\n	margin-left: 5px;\n	text-align: right;\n}\n\nul.navlinks {\n	padding-bottom: 1px;\n	margin-bottom: 1px;\n	border-bottom: 1px solid #FFFFFF;\n	font-weight: bold;\n}\n\nul.leftside {\n	float: left;\n	margin-left: 0;\n	margin-right: 5px;\n	text-align: left;\n}\n\nul.rightside {\n	float: right;\n	margin-left: 5px;\n	margin-right: -5px;\n	text-align: right;\n}\n\n/* Table styles\n----------------------------------------*/\ntable.table1 {\n	/* See tweaks.css */\n}\n\n#ucp-main table.table1 {\n	padding: 2px;\n}\n\ntable.table1 thead th {\n	font-weight: normal;\n	text-transform: uppercase;\n	color: #FFFFFF;\n	line-height: 1.3em;\n	font-size: 1em;\n	padding: 0 0 4px 3px;\n}\n\ntable.table1 thead th span {\n	padding-left: 7px;\n}\n\ntable.table1 tbody tr {\n	border: 1px solid #cfcfcf;\n}\n\ntable.table1 tbody tr:hover, table.table1 tbody tr.hover {\n	background-color: #f6f6f6;\n	color: #000;\n}\n\ntable.table1 td {\n	color: #6a6a6a;\n	font-size: 1.1em;\n}\n\ntable.table1 tbody td {\n	padding: 5px;\n	border-top: 1px solid #FAFAFA;\n}\n\ntable.table1 tbody th {\n	padding: 5px;\n	border-bottom: 1px solid #000000;\n	text-align: left;\n	color: #333333;\n	background-color: #FFFFFF;\n}\n\n/* Specific column styles */\ntable.table1 .name		{ text-align: left; }\ntable.table1 .posts		{ text-align: center !important; width: 7%; }\ntable.table1 .joined	{ text-align: left; width: 15%; }\ntable.table1 .active	{ text-align: left; width: 15%; }\ntable.table1 .mark		{ text-align: center; width: 7%; }\ntable.table1 .info		{ text-align: left; width: 30%; }\ntable.table1 .info div	{ width: 100%; white-space: normal; overflow: hidden; }\ntable.table1 .autocol	{ line-height: 2em; white-space: nowrap; }\ntable.table1 thead .autocol { padding-left: 1em; }\n\ntable.table1 span.rank-img {\n	float: right;\n	width: auto;\n}\n\ntable.info td {\n	padding: 3px;\n}\n\ntable.info tbody th {\n	padding: 3px;\n	text-align: right;\n	vertical-align: top;\n	color: #000000;\n	font-weight: normal;\n}\n\n.forumbg table.table1 {\n	margin: 0 -2px -1px -1px;\n}\n\n/* Misc layout styles\n---------------------------------------- */\n/* column[1-2] styles are containers for two column layouts \n   Also see tweaks.css */\n.column1 {\n	float: left;\n	clear: left;\n	width: 49%;\n}\n\n.column2 {\n	float: right;\n	clear: right;\n	width: 49%;\n}\n\n/* General classes for placing floating blocks */\n.left-box {\n	float: left;\n	width: auto;\n	text-align: left;\n}\n\n.right-box {\n	float: right;\n	width: auto;\n	text-align: right;\n}\n\ndl.details {\n	/*font-family: \"Lucida Grande\", Verdana, Helvetica, Arial, sans-serif;*/\n	font-size: 1.1em;\n}\n\ndl.details dt {\n	float: left;\n	clear: left;\n	width: 30%;\n	text-align: right;\n	color: #000000;\n	display: block;\n}\n\ndl.details dd {\n	margin-left: 0;\n	padding-left: 5px;\n	margin-bottom: 5px;\n	color: #828282;\n	float: left;\n	width: 65%;\n}\n\n/* Pagination\n---------------------------------------- */\n.pagination {\n	height: 1%; /* IE tweak (holly hack) */\n	width: auto;\n	text-align: right;\n	margin-top: 5px;\n	float: right;\n}\n\n.pagination span.page-sep {\n	display: none;\n}\n\nli.pagination {\n	margin-top: 0;\n}\n\n.pagination strong, .pagination b {\n	font-weight: normal;\n}\n\n.pagination span strong {\n	padding: 0 2px;\n	margin: 0 2px;\n	font-weight: normal;\n	color: #FFFFFF;\n	background-color: #bfbfbf;\n	border: 1px solid #bfbfbf;\n	font-size: 0.9em;\n}\n\n.pagination span a, .pagination span a:link, .pagination span a:visited, .pagination span a:active {\n	font-weight: normal;\n	text-decoration: none;\n	color: #747474;\n	margin: 0 2px;\n	padding: 0 2px;\n	background-color: #eeeeee;\n	border: 1px solid #bababa;\n	font-size: 0.9em;\n	line-height: 1.5em;\n}\n\n.pagination span a:hover {\n	border-color: #d2d2d2;\n	background-color: #d2d2d2;\n	color: #FFF;\n	text-decoration: none;\n}\n\n.pagination img {\n	vertical-align: middle;\n}\n\n/* Pagination in viewforum for multipage topics */\n.row .pagination {\n	display: block;\n	float: right;\n	width: auto;\n	margin-top: 0;\n	padding: 1px 0 1px 15px;\n	font-size: 0.9em;\n	background: none 0 50% no-repeat;\n}\n\n.row .pagination span a, li.pagination span a {\n	background-color: #FFFFFF;\n}\n\n.row .pagination span a:hover, li.pagination span a:hover {\n	background-color: #d2d2d2;\n}\n\n/* Miscellaneous styles\n---------------------------------------- */\n#forum-permissions {\n	float: right;\n	width: auto;\n	padding-left: 5px;\n	margin-left: 5px;\n	margin-top: 10px;\n	text-align: right;\n}\n\n.copyright {\n	padding: 5px;\n	text-align: center;\n	color: #555555;\n}\n\n.small {\n	font-size: 0.9em !important;\n}\n\n.titlespace {\n	margin-bottom: 15px;\n}\n\n.headerspace {\n	margin-top: 20px;\n}\n\n.error {\n	color: #bcbcbc;\n	font-weight: bold;\n	font-size: 1em;\n}\n\n.reported {\n	background-color: #f7f7f7;\n}\n\nli.reported:hover {\n	background-color: #ececec;\n}\n\ndiv.rules {\n	background-color: #ececec;\n	color: #bcbcbc;\n	padding: 0 10px;\n	margin: 10px 0;\n	font-size: 1.1em;\n}\n\ndiv.rules ul, div.rules ol {\n	margin-left: 20px;\n}\n\np.rules {\n	background-color: #ececec;\n	background-image: none;\n	padding: 5px;\n}\n\np.rules img {\n	vertical-align: middle;\n	padding-top: 5px;\n}\n\np.rules a {\n	vertical-align: middle;\n	clear: both;\n}\n\n#top {\n	position: absolute;\n	top: -20px;\n}\n\n.clear {\n	display: block;\n	clear: both;\n	font-size: 1px;\n	line-height: 1px;\n	background: transparent;\n}\n/* proSilver Link Styles\n---------------------------------------- */\n\n/* Links adjustment to correctly display an order of rtl/ltr mixed content */\na {\n	direction: ltr;\n	unicode-bidi: embed;\n}\n\na:link	{ color: #898989; text-decoration: none; }\na:visited	{ color: #898989; text-decoration: none; }\na:hover	{ color: #d3d3d3; text-decoration: underline; }\na:active	{ color: #d2d2d2; text-decoration: none; }\n\n/* Coloured usernames */\n.username-coloured {\n	font-weight: bold;\n	display: inline !important;\n	padding: 0 !important;\n}\n\n/* Links on gradient backgrounds */\n#search-box a:link, .navbg a:link, .forumbg .header a:link, .forabg .header a:link, th a:link {\n	color: #FFFFFF;\n	text-decoration: none;\n}\n\n#search-box a:visited, .navbg a:visited, .forumbg .header a:visited, .forabg .header a:visited, th a:visited {\n	color: #FFFFFF;\n	text-decoration: none;\n}\n\n#search-box a:hover, .navbg a:hover, .forumbg .header a:hover, .forabg .header a:hover, th a:hover {\n	color: #ffffff;\n	text-decoration: underline;\n}\n\n#search-box a:active, .navbg a:active, .forumbg .header a:active, .forabg .header a:active, th a:active {\n	color: #ffffff;\n	text-decoration: none;\n}\n\n/* Links for forum/topic lists */\na.forumtitle {\n	font-family: \"Trebuchet MS\", Helvetica, Arial, Sans-serif;\n	font-size: 1.2em;\n	font-weight: bold;\n	color: #898989;\n	text-decoration: none;\n}\n\n/* a.forumtitle:visited { color: #898989; } */\n\na.forumtitle:hover {\n	color: #bcbcbc;\n	text-decoration: underline;\n}\n\na.forumtitle:active {\n	color: #898989;\n}\n\na.topictitle {\n	font-family: \"Trebuchet MS\", Helvetica, Arial, Sans-serif;\n	font-size: 1.2em;\n	font-weight: bold;\n	color: #898989;\n	text-decoration: none;\n}\n\n/* a.topictitle:visited { color: #d2d2d2; } */\n\na.topictitle:hover {\n	color: #bcbcbc;\n	text-decoration: underline;\n}\n\na.topictitle:active {\n	color: #898989;\n}\n\n/* Post body links */\n.postlink {\n	text-decoration: none;\n	color: #d2d2d2;\n	border-bottom: 1px solid #d2d2d2;\n	padding-bottom: 0;\n}\n\n.postlink:visited {\n	color: #bdbdbd;\n	border-bottom-style: dotted;\n	border-bottom-color: #666666;\n}\n\n.postlink:active {\n	color: #d2d2d2;\n}\n\n.postlink:hover {\n	background-color: #f6f6f6;\n	text-decoration: none;\n	color: #404040;\n}\n\n.signature a, .signature a:visited, .signature a:active, .signature a:hover {\n	border: none;\n	text-decoration: underline;\n	background-color: transparent;\n}\n\n/* Profile links */\n.postprofile a:link, .postprofile a:active, .postprofile a:visited, .postprofile dt.author a {\n	font-weight: bold;\n	color: #898989;\n	text-decoration: none;\n}\n\n.postprofile a:hover, .postprofile dt.author a:hover {\n	text-decoration: underline;\n	color: #d3d3d3;\n}\n\n\n/* Profile searchresults */	\n.search .postprofile a {\n	color: #898989;\n	text-decoration: none; \n	font-weight: normal;\n}\n\n.search .postprofile a:hover {\n	color: #d3d3d3;\n	text-decoration: underline; \n}\n\n/* Back to top of page */\n.back2top {\n	clear: both;\n	height: 11px;\n	text-align: right;\n}\n\na.top {\n	background: none no-repeat top left;\n	text-decoration: none;\n	width: {IMG_ICON_BACK_TOP_WIDTH}px;\n	height: {IMG_ICON_BACK_TOP_HEIGHT}px;\n	display: block;\n	float: right;\n	overflow: hidden;\n	letter-spacing: 1000px;\n	text-indent: 11px;\n}\n\na.top2 {\n	background: none no-repeat 0 50%;\n	text-decoration: none;\n	padding-left: 15px;\n}\n\n/* Arrow links  */\na.up		{ background: none no-repeat left center; }\na.down		{ background: none no-repeat right center; }\na.left		{ background: none no-repeat 3px 60%; }\na.right		{ background: none no-repeat 95% 60%; }\n\na.up, a.up:link, a.up:active, a.up:visited {\n	padding-left: 10px;\n	text-decoration: none;\n	border-bottom-width: 0;\n}\n\na.up:hover {\n	background-position: left top;\n	background-color: transparent;\n}\n\na.down, a.down:link, a.down:active, a.down:visited {\n	padding-right: 10px;\n}\n\na.down:hover {\n	background-position: right bottom;\n	text-decoration: none;\n}\n\na.left, a.left:active, a.left:visited {\n	padding-left: 12px;\n}\n\na.left:hover {\n	color: #d2d2d2;\n	text-decoration: none;\n	background-position: 0 60%;\n}\n\na.right, a.right:active, a.right:visited {\n	padding-right: 12px;\n}\n\na.right:hover {\n	color: #d2d2d2;\n	text-decoration: none;\n	background-position: 100% 60%;\n}\n\n/* invisible skip link, used for accessibility  */\n.skiplink {\n	position: absolute;\n	left: -999px;\n	width: 990px;\n}\n\n/* Feed icon in forumlist_body.html */\na.feed-icon-forum {\n	float: right;\n	margin: 3px;\n}\n/* proSilver Content Styles\n---------------------------------------- */\n\nul.topiclist {\n	display: block;\n	list-style-type: none;\n	margin: 0;\n}\n\nul.forums {\n	background: #f9f9f9 none repeat-x 0 0;\n}\n\nul.topiclist li {\n	display: block;\n	list-style-type: none;\n	color: #777777;\n	margin: 0;\n}\n\nul.topiclist dl {\n	position: relative;\n}\n\nul.topiclist li.row dl {\n	padding: 2px 0;\n}\n\nul.topiclist dt {\n	display: block;\n	float: left;\n	width: 50%;\n	font-size: 1.1em;\n	padding-left: 5px;\n	padding-right: 5px;\n}\n\nul.topiclist dd {\n	display: block;\n	float: left;\n	border-left: 1px solid #FFFFFF;\n	padding: 4px 0;\n}\n\nul.topiclist dfn {\n	/* Labels for post/view counts */\n	position: absolute;\n	left: -999px;\n	width: 990px;\n}\n\nul.topiclist li.row dt a.subforum {\n	background-image: none;\n	background-position: 0 50%;\n	background-repeat: no-repeat;\n	position: relative;\n	white-space: nowrap;\n	padding: 0 0 0 12px;\n}\n\n.forum-image {\n	float: left;\n	padding-top: 5px;\n	margin-right: 5px;\n}\n\nli.row {\n	border-top: 1px solid #FFFFFF;\n	border-bottom: 1px solid #8f8f8f;\n}\n\nli.row strong {\n	font-weight: normal;\n	color: #000000;\n}\n\nli.row:hover {\n	background-color: #f6f6f6;\n}\n\nli.row:hover dd {\n	border-left-color: #CCCCCC;\n}\n\nli.header dt, li.header dd {\n	line-height: 1em;\n	border-left-width: 0;\n	margin: 2px 0 4px 0;\n	color: #FFFFFF;\n	padding-top: 2px;\n	padding-bottom: 2px;\n	font-size: 1em;\n	font-family: Arial, Helvetica, sans-serif;\n	text-transform: uppercase;\n}\n\nli.header dt {\n	font-weight: bold;\n}\n\nli.header dd {\n	margin-left: 1px;\n}\n\nli.header dl.icon {\n	min-height: 0;\n}\n\nli.header dl.icon dt {\n	/* Tweak for headers alignment when folder icon used */\n	padding-left: 0;\n	padding-right: 50px;\n}\n\n/* Forum list column styles */\ndl.icon {\n	min-height: 35px;\n	background-position: 10px 50%;		/* Position of folder icon */\n	background-repeat: no-repeat;\n}\n\ndl.icon dt {\n	padding-left: 45px;					/* Space for folder icon */\n	background-repeat: no-repeat;\n	background-position: 5px 95%;		/* Position of topic icon */\n}\n\ndd.posts, dd.topics, dd.views {\n	width: 8%;\n	text-align: center;\n	line-height: 2.2em;\n	font-size: 1.2em;\n}\n\n/* List in forum description */\ndl.icon dt ol,\ndl.icon dt ul {\n	list-style-position: inside;\n	margin-left: 1em;\n}\n\ndl.icon dt li {\n	display: list-item;\n	list-style-type: inherit;\n}\n\ndd.lastpost {\n	width: 25%;\n	font-size: 1.1em;\n}\n\ndd.redirect {\n	font-size: 1.1em;\n	line-height: 2.5em;\n}\n\ndd.moderation {\n	font-size: 1.1em;\n}\n\ndd.lastpost span, ul.topiclist dd.searchby span, ul.topiclist dd.info span, ul.topiclist dd.time span, dd.redirect span, dd.moderation span {\n	display: block;\n	padding-left: 5px;\n}\n\ndd.time {\n	width: auto;\n	line-height: 200%;\n	font-size: 1.1em;\n}\n\ndd.extra {\n	width: 12%;\n	line-height: 200%;\n	text-align: center;\n	font-size: 1.1em;\n}\n\ndd.mark {\n	float: right !important;\n	width: 9%;\n	text-align: center;\n	line-height: 200%;\n	font-size: 1.2em;\n}\n\ndd.info {\n	width: 30%;\n}\n\ndd.option {\n	width: 15%;\n	line-height: 200%;\n	text-align: center;\n	font-size: 1.1em;\n}\n\ndd.searchby {\n	width: 47%;\n	font-size: 1.1em;\n	line-height: 1em;\n}\n\nul.topiclist dd.searchextra {\n	margin-left: 5px;\n	padding: 0.2em 0;\n	font-size: 1.1em;\n	color: #333333;\n	border-left: none;\n	clear: both;\n	width: 98%;\n	overflow: hidden;\n}\n\n/* Container for post/reply buttons and pagination */\n.topic-actions {\n	margin-bottom: 3px;\n	font-size: 1.1em;\n	height: 28px;\n	min-height: 28px;\n}\ndiv[class].topic-actions {\n	height: auto;\n}\n\n/* Post body styles\n----------------------------------------*/\n.postbody {\n	padding: 0;\n	line-height: 1.48em;\n	color: #333333;\n	width: 76%;\n	float: left;\n	clear: both;\n}\n\n.postbody .ignore {\n	font-size: 1.1em;\n}\n\n.postbody h3.first {\n	/* The first post on the page uses this */\n	font-size: 1.7em;\n}\n\n.postbody h3 {\n	/* Postbody requires a different h3 format - so change it here */\n	font-size: 1.5em;\n	padding: 2px 0 0 0;\n	margin: 0 0 0.3em 0 !important;\n	text-transform: none;\n	border: none;\n	font-family: \"Trebuchet MS\", Verdana, Helvetica, Arial, sans-serif;\n	line-height: 125%;\n}\n\n.postbody h3 img {\n	/* Also see tweaks.css */\n	vertical-align: bottom;\n}\n\n.postbody .content {\n	font-size: 1.3em;\n}\n\n.search .postbody {\n	width: 68%\n}\n\n/* Topic review panel\n----------------------------------------*/\n#review {\n	margin-top: 2em;\n}\n\n#topicreview {\n	padding-right: 5px;\n	overflow: auto;\n	height: 300px;\n}\n\n#topicreview .postbody {\n	width: auto;\n	float: none;\n	margin: 0;\n	height: auto;\n}\n\n#topicreview .post {\n	height: auto;\n}\n\n#topicreview h2 {\n	border-bottom-width: 0;\n}\n\n.post-ignore .postbody {\n	display: none;\n}\n\n/* Content container styles\n----------------------------------------*/\n.content {\n	min-height: 3em;\n	overflow: hidden;\n	line-height: 1.4em;\n	font-family: \"Lucida Grande\", \"Trebuchet MS\", Verdana, Helvetica, Arial, sans-serif;\n	font-size: 1em;\n	color: #333333;\n	padding-bottom: 1px;\n}\n\n.content h2, .panel h2 {\n	font-weight: normal;\n	color: #989898;\n	border-bottom: 1px solid #CCCCCC;\n	font-size: 1.6em;\n	margin-top: 0.5em;\n	margin-bottom: 0.5em;\n	padding-bottom: 0.5em;\n}\n\n.panel h3 {\n	margin: 0.5em 0;\n}\n\n.panel p {\n	font-size: 1.2em;\n	margin-bottom: 1em;\n	line-height: 1.4em;\n}\n\n.content p {\n	font-family: \"Lucida Grande\", \"Trebuchet MS\", Verdana, Helvetica, Arial, sans-serif;\n	font-size: 1.2em;\n	margin-bottom: 1em;\n	line-height: 1.4em;\n}\n\ndl.faq {\n	font-family: \"Lucida Grande\", Verdana, Helvetica, Arial, sans-serif;\n	font-size: 1.1em;\n	margin-top: 1em;\n	margin-bottom: 2em;\n	line-height: 1.4em;\n}\n\ndl.faq dt {\n	font-weight: bold;\n	color: #333333;\n}\n\n.content dl.faq {\n	font-size: 1.2em;\n	margin-bottom: 0.5em;\n}\n\n.content li {\n	list-style-type: inherit;\n}\n\n.content ul, .content ol {\n	margin-bottom: 1em;\n	margin-left: 3em;\n}\n\n.posthilit {\n	background-color: #f3f3f3;\n	color: #BCBCBC;\n	padding: 0 2px 1px 2px;\n}\n\n.announce, .unreadpost {\n	/* Highlight the announcements & unread posts box */\n	border-left-color: #BCBCBC;\n	border-right-color: #BCBCBC;\n}\n\n/* Post author */\np.author {\n	margin: 0 15em 0.6em 0;\n	padding: 0 0 5px 0;\n	font-family: Verdana, Helvetica, Arial, sans-serif;\n	font-size: 1em;\n	line-height: 1.2em;\n}\n\n/* Post signature */\n.signature {\n	margin-top: 1.5em;\n	padding-top: 0.2em;\n	font-size: 1.1em;\n	border-top: 1px solid #CCCCCC;\n	clear: left;\n	line-height: 140%;\n	overflow: hidden;\n	width: 100%;\n}\n\ndd .signature {\n	margin: 0;\n	padding: 0;\n	clear: none;\n	border: none;\n}\n\n.signature li {\n	list-style-type: inherit;\n}\n\n.signature ul, .signature ol {\n	margin-bottom: 1em;\n	margin-left: 3em;\n}\n\n/* Post noticies */\n.notice {\n	font-family: \"Lucida Grande\", Verdana, Helvetica, Arial, sans-serif;\n	width: auto;\n	margin-top: 1.5em;\n	padding-top: 0.2em;\n	font-size: 1em;\n	border-top: 1px dashed #CCCCCC;\n	clear: left;\n	line-height: 130%;\n}\n\n/* Jump to post link for now */\nul.searchresults {\n	list-style: none;\n	text-align: right;\n	clear: both;\n}\n\n/* BB Code styles\n----------------------------------------*/\n/* Quote block */\nblockquote {\n	background: #ebebeb none 6px 8px no-repeat;\n	border: 1px solid #dbdbdb;\n	font-size: 0.95em;\n	margin: 0.5em 1px 0 25px;\n	overflow: hidden;\n	padding: 5px;\n}\n\nblockquote blockquote {\n	/* Nested quotes */\n	background-color: #bababa;\n	font-size: 1em;\n	margin: 0.5em 1px 0 15px;	\n}\n\nblockquote blockquote blockquote {\n	/* Nested quotes */\n	background-color: #e4e4e4;\n}\n\nblockquote cite {\n	/* Username/source of quoter */\n	font-style: normal;\n	font-weight: bold;\n	margin-left: 20px;\n	display: block;\n	font-size: 0.9em;\n}\n\nblockquote cite cite {\n	font-size: 1em;\n}\n\nblockquote.uncited {\n	padding-top: 25px;\n}\n\n/* Code block */\ndl.codebox {\n	padding: 3px;\n	background-color: #FFFFFF;\n	border: 1px solid #d8d8d8;\n	font-size: 1em;\n}\n\ndl.codebox dt {\n	text-transform: uppercase;\n	border-bottom: 1px solid #CCCCCC;\n	margin-bottom: 3px;\n	font-size: 0.8em;\n	font-weight: bold;\n	display: block;\n}\n\nblockquote dl.codebox {\n	margin-left: 0;\n}\n\ndl.codebox code {\n	/* Also see tweaks.css */\n	overflow: auto;\n	display: block;\n	height: auto;\n	max-height: 200px;\n	white-space: normal;\n	padding-top: 5px;\n	font: 0.9em Monaco, \"Andale Mono\",\"Courier New\", Courier, mono;\n	line-height: 1.3em;\n	color: #8b8b8b;\n	margin: 2px 0;\n}\n\n.syntaxbg		{ color: #FFFFFF; }\n.syntaxcomment	{ color: #000000; }\n.syntaxdefault	{ color: #bcbcbc; }\n.syntaxhtml		{ color: #000000; }\n.syntaxkeyword	{ color: #585858; }\n.syntaxstring	{ color: #a7a7a7; }\n\n/* Attachments\n----------------------------------------*/\n.attachbox {\n	float: left;\n	width: auto; \n	margin: 5px 5px 5px 0;\n	padding: 6px;\n	background-color: #FFFFFF;\n	border: 1px dashed #d8d8d8;\n	clear: left;\n}\n\n.pm-message .attachbox {\n	background-color: #f3f3f3;\n}\n\n.attachbox dt {\n	font-family: Arial, Helvetica, sans-serif;\n	text-transform: uppercase;\n}\n\n.attachbox dd {\n	margin-top: 4px;\n	padding-top: 4px;\n	clear: left;\n	border-top: 1px solid #d8d8d8;\n}\n\n.attachbox dd dd {\n	border: none;\n}\n\n.attachbox p {\n	line-height: 110%;\n	color: #666666;\n	font-weight: normal;\n	clear: left;\n}\n\n.attachbox p.stats\n{\n	line-height: 110%;\n	color: #666666;\n	font-weight: normal;\n	clear: left;\n}\n\n.attach-image {\n	margin: 3px 0;\n	width: 100%;\n	max-height: 350px;\n	overflow: auto;\n}\n\n.attach-image img {\n	border: 1px solid #999999;\n/*	cursor: move; */\n	cursor: default;\n}\n\n/* Inline image thumbnails */\ndiv.inline-attachment dl.thumbnail, div.inline-attachment dl.file {\n	display: block;\n	margin-bottom: 4px;\n}\n\ndiv.inline-attachment p {\n	font-size: 100%;\n}\n\ndl.file {\n	font-family: Verdana, Arial, Helvetica, sans-serif;\n	display: block;\n}\n\ndl.file dt {\n	text-transform: none;\n	margin: 0;\n	padding: 0;\n	font-weight: bold;\n	font-family: Verdana, Arial, Helvetica, sans-serif;\n}\n\ndl.file dd {\n	color: #666666;\n	margin: 0;\n	padding: 0;	\n}\n\ndl.thumbnail img {\n	padding: 3px;\n	border: 1px solid #666666;\n	background-color: #FFF;\n}\n\ndl.thumbnail dd {\n	color: #666666;\n	font-style: italic;\n	font-family: Verdana, Arial, Helvetica, sans-serif;\n}\n\n.attachbox dl.thumbnail dd {\n	font-size: 100%;\n}\n\ndl.thumbnail dt a:hover {\n	background-color: #EEEEEE;\n}\n\ndl.thumbnail dt a:hover img {\n	border: 1px solid #d2d2d2;\n}\n\n/* Post poll styles\n----------------------------------------*/\nfieldset.polls {\n	font-family: \"Trebuchet MS\", Verdana, Helvetica, Arial, sans-serif;\n}\n\nfieldset.polls dl {\n	margin-top: 5px;\n	border-top: 1px solid #e2e2e2;\n	padding: 5px 0 0 0;\n	line-height: 120%;\n	color: #666666;\n}\n\nfieldset.polls dl.voted {\n	font-weight: bold;\n	color: #000000;\n}\n\nfieldset.polls dt {\n	text-align: left;\n	float: left;\n	display: block;\n	width: 30%;\n	border-right: none;\n	padding: 0;\n	margin: 0;\n	font-size: 1.1em;\n}\n\nfieldset.polls dd {\n	float: left;\n	width: 10%;\n	border-left: none;\n	padding: 0 5px;\n	margin-left: 0;\n	font-size: 1.1em;\n}\n\nfieldset.polls dd.resultbar {\n	width: 50%;\n}\n\nfieldset.polls dd input {\n	margin: 2px 0;\n}\n\nfieldset.polls dd div {\n	text-align: right;\n	font-family: Arial, Helvetica, sans-serif;\n	color: #FFFFFF;\n	font-weight: bold;\n	padding: 0 2px;\n	overflow: visible;\n	min-width: 2%;\n}\n\n.pollbar1 {\n	background-color: #aaaaaa;\n	border-bottom: 1px solid #747474;\n	border-right: 1px solid #747474;\n}\n\n.pollbar2 {\n	background-color: #bebebe;\n	border-bottom: 1px solid #8c8c8c;\n	border-right: 1px solid #8c8c8c;\n}\n\n.pollbar3 {\n	background-color: #D1D1D1;\n	border-bottom: 1px solid #aaaaaa;\n	border-right: 1px solid #aaaaaa;\n}\n\n.pollbar4 {\n	background-color: #e4e4e4;\n	border-bottom: 1px solid #bebebe;\n	border-right: 1px solid #bebebe;\n}\n\n.pollbar5 {\n	background-color: #f8f8f8;\n	border-bottom: 1px solid #D1D1D1;\n	border-right: 1px solid #D1D1D1;\n}\n\n/* Poster profile block\n----------------------------------------*/\n.postprofile {\n	/* Also see tweaks.css */\n	margin: 5px 0 10px 0;\n	min-height: 80px;\n	color: #666666;\n	border-left: 1px solid #FFFFFF;\n	width: 22%;\n	float: right;\n	display: inline;\n}\n.pm .postprofile {\n	border-left: 1px solid #DDDDDD;\n}\n\n.postprofile dd, .postprofile dt {\n	line-height: 1.2em;\n	margin-left: 8px;\n}\n\n.postprofile strong {\n	font-weight: normal;\n	color: #000000;\n}\n\n.avatar {\n	border: none;\n	margin-bottom: 3px;\n}\n\n.online {\n	background-image: none;\n	background-position: 100% 0;\n	background-repeat: no-repeat;\n}\n\n/* Poster profile used by search*/\n.search .postprofile {\n	width: 30%;\n}\n\n/* pm list in compose message if mass pm is enabled */\ndl.pmlist dt {\n	width: 60% !important;\n}\n\ndl.pmlist dt textarea {\n	width: 95%;\n}\n\ndl.pmlist dd {\n	margin-left: 61% !important;\n	margin-bottom: 2px;\n}\n/* proSilver Button Styles\n---------------------------------------- */\n\n/* Rollover buttons\n   Based on: http://wellstyled.com/css-nopreload-rollovers.html\n----------------------------------------*/\n.buttons {\n	float: left;\n	width: auto;\n	height: auto;\n}\n\n/* Rollover state */\n.buttons div {\n	float: left;\n	margin: 0 5px 0 0;\n	background-position: 0 100%;\n}\n\n/* Rolloff state */\n.buttons div a {\n	display: block;\n	width: 100%;\n	height: 100%;\n	background-position: 0 0;\n	position: relative;\n	overflow: hidden;\n}\n\n/* Hide <a> text and hide off-state image when rolling over (prevents flicker in IE) */\n/*.buttons div span		{ display: none; }*/\n/*.buttons div a:hover	{ background-image: none; }*/\n.buttons div span			{ position: absolute; width: 100%; height: 100%; cursor: pointer;}\n.buttons div a:hover span	{ background-position: 0 100%; }\n\n/* Big button images */\n.reply-icon span	{ background: transparent none 0 0 no-repeat; }\n.post-icon span		{ background: transparent none 0 0 no-repeat; }\n.locked-icon span	{ background: transparent none 0 0 no-repeat; }\n.pmreply-icon span	{ background: none 0 0 no-repeat; }\n.newpm-icon span 	{ background: none 0 0 no-repeat; }\n.forwardpm-icon span 	{ background: none 0 0 no-repeat; }\n\n/* Set big button dimensions */\n.buttons div.reply-icon		{ width: {IMG_BUTTON_TOPIC_REPLY_WIDTH}px; height: {IMG_BUTTON_TOPIC_REPLY_HEIGHT}px; }\n.buttons div.post-icon		{ width: {IMG_BUTTON_TOPIC_NEW_WIDTH}px; height: {IMG_BUTTON_TOPIC_NEW_HEIGHT}px; }\n.buttons div.locked-icon	{ width: {IMG_BUTTON_TOPIC_LOCKED_WIDTH}px; height: {IMG_BUTTON_TOPIC_LOCKED_HEIGHT}px; }\n.buttons div.pmreply-icon	{ width: {IMG_BUTTON_PM_REPLY_WIDTH}px; height: {IMG_BUTTON_PM_REPLY_HEIGHT}px; }\n.buttons div.newpm-icon		{ width: {IMG_BUTTON_PM_NEW_WIDTH}px; height: {IMG_BUTTON_PM_NEW_HEIGHT}px; }\n.buttons div.forwardpm-icon	{ width: {IMG_BUTTON_PM_FORWARD_WIDTH}px; height: {IMG_BUTTON_PM_FORWARD_HEIGHT}px; }\n\n/* Sub-header (navigation bar)\n--------------------------------------------- */\na.print, a.sendemail, a.fontsize {\n	display: block;\n	overflow: hidden;\n	height: 18px;\n	text-indent: -5000px;\n	text-align: left;\n	background-repeat: no-repeat;\n}\n\na.print {\n	background-image: none;\n	width: 22px;\n}\n\na.sendemail {\n	background-image: none;\n	width: 22px;\n}\n\na.fontsize {\n	background-image: none;\n	background-position: 0 -1px;\n	width: 29px;\n}\n\na.fontsize:hover {\n	background-position: 0 -20px;\n	text-decoration: none;\n}\n\n/* Icon images\n---------------------------------------- */\n.sitehome, .icon-faq, .icon-members, .icon-home, .icon-ucp, .icon-register, .icon-logout,\n.icon-bookmark, .icon-bump, .icon-subscribe, .icon-unsubscribe, .icon-pages, .icon-search {\n	background-position: 0 50%;\n	background-repeat: no-repeat;\n	background-image: none;\n	padding: 1px 0 0 17px;\n}\n\n/* Poster profile icons\n----------------------------------------*/\nul.profile-icons {\n	padding-top: 10px;\n	list-style: none;\n}\n\n/* Rollover state */\nul.profile-icons li {\n	float: left;\n	margin: 0 6px 3px 0;\n	background-position: 0 100%;\n}\n\n/* Rolloff state */\nul.profile-icons li a {\n	display: block;\n	width: 100%;\n	height: 100%;\n	background-position: 0 0;\n}\n\n/* Hide <a> text and hide off-state image when rolling over (prevents flicker in IE) */\nul.profile-icons li span { display:none; }\nul.profile-icons li a:hover { background: none; }\n\n/* Positioning of moderator icons */\n.postbody ul.profile-icons {\n	float: right;\n	width: auto;\n	padding: 0;\n}\n\n.postbody ul.profile-icons li {\n	margin: 0 3px;\n}\n\n/* Profile & navigation icons */\n.email-icon, .email-icon a		{ background: none top left no-repeat; }\n.aim-icon, .aim-icon a			{ background: none top left no-repeat; }\n.yahoo-icon, .yahoo-icon a		{ background: none top left no-repeat; }\n.web-icon, .web-icon a			{ background: none top left no-repeat; }\n.msnm-icon, .msnm-icon a			{ background: none top left no-repeat; }\n.icq-icon, .icq-icon a			{ background: none top left no-repeat; }\n.jabber-icon, .jabber-icon a		{ background: none top left no-repeat; }\n.pm-icon, .pm-icon a				{ background: none top left no-repeat; }\n.quote-icon, .quote-icon a		{ background: none top left no-repeat; }\n\n/* Moderator icons */\n.report-icon, .report-icon a		{ background: none top left no-repeat; }\n.warn-icon, .warn-icon a			{ background: none top left no-repeat; }\n.edit-icon, .edit-icon a			{ background: none top left no-repeat; }\n.delete-icon, .delete-icon a		{ background: none top left no-repeat; }\n.info-icon, .info-icon a			{ background: none top left no-repeat; }\n\n/* Set profile icon dimensions */\nul.profile-icons li.email-icon		{ width: {IMG_ICON_CONTACT_EMAIL_WIDTH}px; height: {IMG_ICON_CONTACT_EMAIL_HEIGHT}px; }\nul.profile-icons li.aim-icon	{ width: {IMG_ICON_CONTACT_AIM_WIDTH}px; height: {IMG_ICON_CONTACT_AIM_HEIGHT}px; }\nul.profile-icons li.yahoo-icon	{ width: {IMG_ICON_CONTACT_YAHOO_WIDTH}px; height: {IMG_ICON_CONTACT_YAHOO_HEIGHT}px; }\nul.profile-icons li.web-icon	{ width: {IMG_ICON_CONTACT_WWW_WIDTH}px; height: {IMG_ICON_CONTACT_WWW_HEIGHT}px; }\nul.profile-icons li.msnm-icon	{ width: {IMG_ICON_CONTACT_MSNM_WIDTH}px; height: {IMG_ICON_CONTACT_MSNM_HEIGHT}px; }\nul.profile-icons li.icq-icon	{ width: {IMG_ICON_CONTACT_ICQ_WIDTH}px; height: {IMG_ICON_CONTACT_ICQ_HEIGHT}px; }\nul.profile-icons li.jabber-icon	{ width: {IMG_ICON_CONTACT_JABBER_WIDTH}px; height: {IMG_ICON_CONTACT_JABBER_HEIGHT}px; }\nul.profile-icons li.pm-icon		{ width: {IMG_ICON_CONTACT_PM_WIDTH}px; height: {IMG_ICON_CONTACT_PM_HEIGHT}px; }\nul.profile-icons li.quote-icon	{ width: {IMG_ICON_POST_QUOTE_WIDTH}px; height: {IMG_ICON_POST_QUOTE_HEIGHT}px; }\nul.profile-icons li.report-icon	{ width: {IMG_ICON_POST_REPORT_WIDTH}px; height: {IMG_ICON_POST_REPORT_HEIGHT}px; }\nul.profile-icons li.edit-icon	{ width: {IMG_ICON_POST_EDIT_WIDTH}px; height: {IMG_ICON_POST_EDIT_HEIGHT}px; }\nul.profile-icons li.delete-icon	{ width: {IMG_ICON_POST_DELETE_WIDTH}px; height: {IMG_ICON_POST_DELETE_HEIGHT}px; }\nul.profile-icons li.info-icon	{ width: {IMG_ICON_POST_INFO_WIDTH}px; height: {IMG_ICON_POST_INFO_HEIGHT}px; }\nul.profile-icons li.warn-icon	{ width: {IMG_ICON_USER_WARN_WIDTH}px; height: {IMG_ICON_USER_WARN_HEIGHT}px; }\n\n/* Fix profile icon default margins */\nul.profile-icons li.edit-icon	{ margin: 0 0 0 3px; }\nul.profile-icons li.quote-icon	{ margin: 0 0 0 10px; }\nul.profile-icons li.info-icon, ul.profile-icons li.report-icon	{ margin: 0 3px 0 0; }\n/* proSilver Control Panel Styles\n---------------------------------------- */\n\n\n/* Main CP box\n----------------------------------------*/\n#cp-menu {\n	float:left;\n	width: 19%;\n	margin-top: 1em;\n	margin-bottom: 5px;\n}\n\n#cp-main {\n	float: left;\n	width: 81%;\n}\n\n#cp-main .content {\n	padding: 0;\n}\n\n#cp-main h3, #cp-main hr, #cp-menu hr {\n	border-color: #bfbfbf;\n}\n\n#cp-main .panel p {\n	font-size: 1.1em;\n}\n\n#cp-main .panel ol {\n	margin-left: 2em;\n	font-size: 1.1em;\n}\n\n#cp-main .panel li.row {\n	border-bottom: 1px solid #cbcbcb;\n	border-top: 1px solid #F9F9F9;\n}\n\nul.cplist {\n	margin-bottom: 5px;\n	border-top: 1px solid #cbcbcb;\n}\n\n#cp-main .panel li.header dd, #cp-main .panel li.header dt {\n	color: #000000;\n	margin-bottom: 2px;\n}\n\n#cp-main table.table1 {\n	margin-bottom: 1em;\n}\n\n#cp-main table.table1 thead th {\n	color: #333333;\n	font-weight: bold;\n	border-bottom: 1px solid #333333;\n	padding: 5px;\n}\n\n#cp-main table.table1 tbody th {\n	font-style: italic;\n	background-color: transparent !important;\n	border-bottom: none;\n}\n\n#cp-main .pagination {\n	float: right;\n	width: auto;\n	padding-top: 1px;\n}\n\n#cp-main .postbody p {\n	font-size: 1.1em;\n}\n\n#cp-main .pm-message {\n	border: 1px solid #e2e2e2;\n	margin: 10px 0;\n	background-color: #FFFFFF;\n	width: auto;\n	float: none;\n}\n\n.pm-message h2 {\n	padding-bottom: 5px;\n}\n\n#cp-main .postbody h3, #cp-main .box2 h3 {\n	margin-top: 0;\n}\n\n#cp-main .buttons {\n	margin-left: 0;\n}\n\n#cp-main ul.linklist {\n	margin: 0;\n}\n\n/* MCP Specific tweaks */\n.mcp-main .postbody {\n	width: 100%;\n}\n\n/* CP tabbed menu\n----------------------------------------*/\n#tabs {\n	line-height: normal;\n	margin: 20px 0 -1px 7px;\n	min-width: 570px;\n}\n\n#tabs ul {\n	margin:0;\n	padding: 0;\n	list-style: none;\n}\n\n#tabs li {\n	display: inline;\n	margin: 0;\n	padding: 0;\n	font-size: 1em;\n	font-weight: bold;\n}\n\n#tabs a {\n	float: left;\n	background: none no-repeat 0% -35px;\n	margin: 0 1px 0 0;\n	padding: 0 0 0 5px;\n	text-decoration: none;\n	position: relative;\n	cursor: pointer;\n}\n\n#tabs a span {\n	float: left;\n	display: block;\n	background: none no-repeat 100% -35px;\n	padding: 6px 10px 6px 5px;\n	color: #828282;\n	white-space: nowrap;\n}\n\n#tabs a:hover span {\n	color: #bcbcbc;\n}\n\n#tabs .activetab a {\n	background-position: 0 0;\n	border-bottom: 1px solid #ebebeb;\n}\n\n#tabs .activetab a span {\n	background-position: 100% 0;\n	padding-bottom: 7px;\n	color: #333333;\n}\n\n#tabs a:hover {\n	background-position: 0 -70px;\n}\n\n#tabs a:hover span {\n	background-position:100% -70px;\n}\n\n#tabs .activetab a:hover {\n	background-position: 0 0;\n}\n\n#tabs .activetab a:hover span {\n	color: #000000;\n	background-position: 100% 0;\n}\n\n/* Mini tabbed menu used in MCP\n----------------------------------------*/\n#minitabs {\n	line-height: normal;\n	margin: -20px 7px 0 0;\n}\n\n#minitabs ul {\n	margin:0;\n	padding: 0;\n	list-style: none;\n}\n\n#minitabs li {\n	display: block;\n	float: right;\n	padding: 0 10px 4px 10px;\n	font-size: 1em;\n	font-weight: bold;\n	background-color: #f2f2f2;\n	margin-left: 2px;\n}\n\n#minitabs a {\n}\n\n#minitabs a:hover {\n	text-decoration: none;\n}\n\n#minitabs li.activetab {\n	background-color: #F9F9F9;\n}\n\n#minitabs li.activetab a, #minitabs li.activetab a:hover {\n	color: #333333;\n}\n\n/* UCP navigation menu\n----------------------------------------*/\n/* Container for sub-navigation list */\n#navigation {\n	width: 100%;\n	padding-top: 36px;\n}\n\n#navigation ul {\n	list-style:none;\n}\n\n/* Default list state */\n#navigation li {\n	margin: 1px 0;\n	padding: 0;\n	font-weight: bold;\n	display: inline;\n}\n\n/* Link styles for the sub-section links */\n#navigation a {\n	display: block;\n	padding: 5px;\n	margin: 1px 0;\n	text-decoration: none;\n	font-weight: bold;\n	color: #333;\n	background: #cfcfcf none repeat-y 100% 0;\n}\n\n#navigation a:hover {\n	text-decoration: none;\n	background-color: #c6c6c6;\n	color: #bcbcbc;\n	background-image: none;\n}\n\n#navigation #active-subsection a {\n	display: block;\n	color: #d3d3d3;\n	background-color: #F9F9F9;\n	background-image: none;\n}\n\n#navigation #active-subsection a:hover {\n	color: #d3d3d3;\n}\n\n/* Preferences pane layout\n----------------------------------------*/\n#cp-main h2 {\n	border-bottom: none;\n	padding: 0;\n	margin-left: 10px;\n	color: #333333;\n}\n\n#cp-main .panel {\n	background-color: #F9F9F9;\n}\n\n#cp-main .pm {\n	background-color: #FFFFFF;\n}\n\n#cp-main span.corners-top, #cp-menu span.corners-top {\n	background-image: none;\n}\n\n#cp-main span.corners-top span, #cp-menu span.corners-top span {\n	background-image: none;\n}\n\n#cp-main span.corners-bottom, #cp-menu span.corners-bottom {\n	background-image: none;\n}\n\n#cp-main span.corners-bottom span, #cp-menu span.corners-bottom span {\n	background-image: none;\n}\n\n/* Topicreview */\n#cp-main .panel #topicreview span.corners-top, #cp-menu .panel #topicreview span.corners-top {\n	background-image: none;\n}\n\n#cp-main .panel #topicreview span.corners-top span, #cp-menu .panel #topicreview span.corners-top span {\n	background-image: none;\n}\n\n#cp-main .panel #topicreview span.corners-bottom, #cp-menu .panel #topicreview span.corners-bottom {\n	background-image: none;\n}\n\n#cp-main .panel #topicreview span.corners-bottom span, #cp-menu .panel #topicreview span.corners-bottom span {\n	background-image: none;\n}\n\n/* Friends list */\n.cp-mini {\n	background-color: #f9f9f9;\n	padding: 0 5px;\n	margin: 10px 15px 10px 5px;\n}\n\n.cp-mini span.corners-top, .cp-mini span.corners-bottom {\n	margin: 0 -5px;\n}\n\ndl.mini dt {\n	font-weight: bold;\n	color: #676767;\n}\n\ndl.mini dd {\n	padding-top: 4px;\n}\n\n.friend-online {\n	font-weight: bold;\n}\n\n.friend-offline {\n	font-style: italic;\n}\n\n/* PM Styles\n----------------------------------------*/\n#pm-menu {\n	line-height: 2.5em;\n}\n\n/* PM panel adjustments */\n.pm-panel-header {\n	margin: 0; \n	padding-bottom: 10px; \n	border-bottom: 1px dashed #A4B3BF;\n}\n\n.reply-all {\n	display: block; \n	padding-top: 4px; \n	clear: both;\n	float: left;\n}\n\n.pm-panel-message {\n	padding-top: 10px;\n}\n\n.pm-return-to {\n	padding-top: 23px;\n}\n\n#cp-main .pm-message-nav {\n	margin: 0; \n	padding: 2px 10px 5px 10px; \n	border-bottom: 1px dashed #A4B3BF;\n}\n\n/* PM Message history */\n.current {\n	color: #999999;\n}\n\n/* Defined rules list for PM options */\nol.def-rules {\n	padding-left: 0;\n}\n\nol.def-rules li {\n	line-height: 180%;\n	padding: 1px;\n}\n\n/* PM marking colours */\n.pmlist li.bg1 {\n	border: solid 3px transparent;\n	border-width: 0 3px;\n}\n\n.pmlist li.bg2 {\n	border: solid 3px transparent;\n	border-width: 0 3px;\n}\n\n.pmlist li.pm_message_reported_colour, .pm_message_reported_colour {\n	border-left-color: #bcbcbc;\n	border-right-color: #bcbcbc;\n}\n\n.pmlist li.pm_marked_colour, .pm_marked_colour {\n	border: solid 3px #ffffff;\n	border-width: 0 3px;\n}\n\n.pmlist li.pm_replied_colour, .pm_replied_colour {\n	border: solid 3px #c2c2c2;\n	border-width: 0 3px;	\n}\n\n.pmlist li.pm_friend_colour, .pm_friend_colour {\n	border: solid 3px #bdbdbd;\n	border-width: 0 3px;\n}\n\n.pmlist li.pm_foe_colour, .pm_foe_colour {\n	border: solid 3px #000000;\n	border-width: 0 3px;\n}\n\n.pm-legend {\n	border-left-width: 10px;\n	border-left-style: solid;\n	border-right-width: 0;\n	margin-bottom: 3px;\n	padding-left: 3px;\n}\n\n/* Avatar gallery */\n#gallery label {\n	position: relative;\n	float: left;\n	margin: 10px;\n	padding: 5px;\n	width: auto;\n	background: #FFFFFF;\n	border: 1px solid #CCC;\n	text-align: center;\n}\n\n#gallery label:hover {\n	background-color: #EEE;\n}\n/* proSilver Form Styles\n---------------------------------------- */\n\n/* General form styles\n----------------------------------------*/\nfieldset {\n	border-width: 0;\n	font-family: Verdana, Helvetica, Arial, sans-serif;\n	font-size: 1.1em;\n}\n\ninput {\n	font-weight: normal;\n	cursor: pointer;\n	vertical-align: middle;\n	padding: 0 3px;\n	font-size: 1em;\n	font-family: Verdana, Helvetica, Arial, sans-serif;\n}\n\nselect {\n	font-family: Verdana, Helvetica, Arial, sans-serif;\n	font-weight: normal;\n	cursor: pointer;\n	vertical-align: middle;\n	border: 1px solid #666666;\n	padding: 1px;\n	background-color: #FAFAFA;\n}\n\noption {\n	padding-right: 1em;\n}\n\noption.disabled-option {\n	color: graytext;\n}\n\ntextarea {\n	font-family: \"Lucida Grande\", Verdana, Helvetica, Arial, sans-serif;\n	width: 60%;\n	padding: 2px;\n	font-size: 1em;\n	line-height: 1.4em;\n}\n\nlabel {\n	cursor: default;\n	padding-right: 5px;\n	color: #676767;\n}\n\nlabel input {\n	vertical-align: middle;\n}\n\nlabel img {\n	vertical-align: middle;\n}\n\n/* Definition list layout for forms\n---------------------------------------- */\nfieldset dl {\n	padding: 4px 0;\n}\n\nfieldset dt {\n	float: left;	\n	width: 40%;\n	text-align: left;\n	display: block;\n}\n\nfieldset dd {\n	margin-left: 41%;\n	vertical-align: top;\n	margin-bottom: 3px;\n}\n\n/* Specific layout 1 */\nfieldset.fields1 dt {\n	width: 15em;\n	border-right-width: 0;\n}\n\nfieldset.fields1 dd {\n	margin-left: 15em;\n	border-left-width: 0;\n}\n\nfieldset.fields1 {\n	background-color: transparent;\n}\n\nfieldset.fields1 div {\n	margin-bottom: 3px;\n}\n\n/* Specific layout 2 */\nfieldset.fields2 dt {\n	width: 15em;\n	border-right-width: 0;\n}\n\nfieldset.fields2 dd {\n	margin-left: 16em;\n	border-left-width: 0;\n}\n\n/* Form elements */\ndt label {\n	font-weight: bold;\n	text-align: left;\n}\n\ndd label {\n	white-space: nowrap;\n	color: #333;\n}\n\ndd input, dd textarea {\n	margin-right: 3px;\n}\n\ndd select {\n	width: auto;\n}\n\ndd textarea {\n	width: 85%;\n}\n\n/* Hover effects */\nfieldset dl:hover dt label {\n	color: #000000;\n}\n\nfieldset.fields2 dl:hover dt label {\n	color: inherit;\n}\n\n#timezone {\n	width: 95%;\n}\n\n* html #timezone {\n	width: 50%;\n}\n\n/* Quick-login on index page */\nfieldset.quick-login {\n	margin-top: 5px;\n}\n\nfieldset.quick-login input {\n	width: auto;\n}\n\nfieldset.quick-login input.inputbox {\n	width: 15%;\n	vertical-align: middle;\n	margin-right: 5px;\n	background-color: #f3f3f3;\n}\n\nfieldset.quick-login label {\n	white-space: nowrap;\n	padding-right: 2px;\n}\n\n/* Display options on viewtopic/viewforum pages  */\nfieldset.display-options {\n	text-align: center;\n	margin: 3px 0 5px 0;\n}\n\nfieldset.display-options label {\n	white-space: nowrap;\n	padding-right: 2px;\n}\n\nfieldset.display-options a {\n	margin-top: 3px;\n}\n\n/* Display actions for ucp and mcp pages */\nfieldset.display-actions {\n	text-align: right;\n	line-height: 2em;\n	white-space: nowrap;\n	padding-right: 1em;\n}\n\nfieldset.display-actions label {\n	white-space: nowrap;\n	padding-right: 2px;\n}\n\nfieldset.sort-options {\n	line-height: 2em;\n}\n\n/* MCP forum selection*/\nfieldset.forum-selection {\n	margin: 5px 0 3px 0;\n	float: right;\n}\n\nfieldset.forum-selection2 {\n	margin: 13px 0 3px 0;\n	float: right;\n}\n\n/* Jumpbox */\nfieldset.jumpbox {\n	text-align: right;\n	margin-top: 15px;\n	height: 2.5em;\n}\n\nfieldset.quickmod {\n	width: 50%;\n	float: right;\n	text-align: right;\n	height: 2.5em;\n}\n\n/* Submit button fieldset */\nfieldset.submit-buttons {\n	text-align: center;\n	vertical-align: middle;\n	margin: 5px 0;\n}\n\nfieldset.submit-buttons input {\n	vertical-align: middle;\n	padding-top: 3px;\n	padding-bottom: 3px;\n}\n\n/* Posting page styles\n----------------------------------------*/\n\n/* Buttons used in the editor */\n#format-buttons {\n	margin: 15px 0 2px 0;\n}\n\n#format-buttons input, #format-buttons select {\n	vertical-align: middle;\n}\n\n/* Main message box */\n#message-box {\n	width: 80%;\n}\n\n#message-box textarea {\n	font-family: \"Trebuchet MS\", Verdana, Helvetica, Arial, sans-serif;\n	width: 100%;\n	font-size: 1.2em;\n	color: #333333;\n}\n\n/* Emoticons panel */\n#smiley-box {\n	width: 18%;\n	float: right;\n}\n\n#smiley-box img {\n	margin: 3px;\n}\n\n/* Input field styles\n---------------------------------------- */\n.inputbox {\n	background-color: #FFFFFF;\n	border: 1px solid #c0c0c0;\n	color: #333333;\n	padding: 2px;\n	cursor: text;\n}\n\n.inputbox:hover {\n	border: 1px solid #eaeaea;\n}\n\n.inputbox:focus {\n	border: 1px solid #eaeaea;\n	color: #4b4b4b;\n}\n\ninput.inputbox	{ width: 85%; }\ninput.medium	{ width: 50%; }\ninput.narrow	{ width: 25%; }\ninput.tiny		{ width: 125px; }\n\ntextarea.inputbox {\n	width: 85%;\n}\n\n.autowidth {\n	width: auto !important;\n}\n\n/* Form button styles\n---------------------------------------- */\ninput.button1, input.button2 {\n	font-size: 1em;\n}\n\na.button1, input.button1, input.button3, a.button2, input.button2 {\n	width: auto !important;\n	padding-top: 1px;\n	padding-bottom: 1px;\n	font-family: \"Lucida Grande\", Verdana, Helvetica, Arial, sans-serif;\n	color: #000;\n	background: #FAFAFA none repeat-x top left;\n}\n\na.button1, input.button1 {\n	font-weight: bold;\n	border: 1px solid #666666;\n}\n\ninput.button3 {\n	padding: 0;\n	margin: 0;\n	line-height: 5px;\n	height: 12px;\n	background-image: none;\n	font-variant: small-caps;\n}\n\n/* Alternative button */\na.button2, input.button2, input.button3 {\n	border: 1px solid #666666;\n}\n\n/* <a> button in the style of the form buttons */\na.button1, a.button1:link, a.button1:visited, a.button1:active, a.button2, a.button2:link, a.button2:visited, a.button2:active {\n	text-decoration: none;\n	color: #000000;\n	padding: 2px 8px;\n	line-height: 250%;\n	vertical-align: text-bottom;\n	background-position: 0 1px;\n}\n\n/* Hover states */\na.button1:hover, input.button1:hover, a.button2:hover, input.button2:hover, input.button3:hover {\n	border: 1px solid #BCBCBC;\n	background-position: 0 100%;\n	color: #BCBCBC;\n}\n\ninput.disabled {\n	font-weight: normal;\n	color: #666666;\n}\n\n/* Topic and forum Search */\n.search-box {\n	margin-top: 3px;\n	margin-left: 5px;\n	float: left;\n}\n\n.search-box input {\n}\n\ninput.search {\n	background-image: none;\n	background-repeat: no-repeat;\n	background-position: left 1px;\n	padding-left: 17px;\n}\n\n.full { width: 95%; }\n.medium { width: 50%;}\n.narrow { width: 25%;}\n.tiny { width: 10%;}\n/* proSilver Style Sheet Tweaks\n\nThese style definitions are mainly IE specific \ntweaks required due to its poor CSS support.\n-------------------------------------------------*/\n\n* html table, * html select, * html input { font-size: 100%; }\n* html hr { margin: 0; }\n* html span.corners-top, * html span.corners-bottom { background-image: url(\"{T_THEME_PATH}/images/corners_left.gif\"); }\n* html span.corners-top span, * html span.corners-bottom span { background-image: url(\"{T_THEME_PATH}/images/corners_right.gif\"); }\n\ntable.table1 {\n	width: 99%;		/* IE < 6 browsers */\n	/* Tantek hack */\n	voice-family: \"\\\"}\\\"\";\n	voice-family: inherit;\n	width: 100%;\n}\nhtml>body table.table1 { width: 100%; }	/* Reset 100% for opera */\n\n* html ul.topiclist li { position: relative; }\n* html .postbody h3 img { vertical-align: middle; }\n\n/* Form styles */\nhtml>body dd label input { vertical-align: text-bottom; }	/* Align checkboxes/radio buttons nicely */\n\n* html input.button1, * html input.button2 {\n	padding-bottom: 0;\n	margin-bottom: 1px;\n}\n\n/* Misc layout styles */\n* html .column1, * html .column2 { width: 45%; }\n\n/* Nice method for clearing floated blocks without having to insert any extra markup (like spacer above)\n   From http://www.positioniseverything.net/easyclearing.html \n#tabs:after, #minitabs:after, .post:after, .navbar:after, fieldset dl:after, ul.topiclist dl:after, ul.linklist:after, dl.polls:after {\n	content: \".\"; \n	display: block; \n	height: 0; \n	clear: both; \n	visibility: hidden;\n}*/\n\n.clearfix, #tabs, #minitabs, fieldset dl, ul.topiclist dl, dl.polls {\n	height: 1%;\n	overflow: hidden;\n}\n\n/* viewtopic fix */\n* html .post {\n	height: 25%;\n	overflow: hidden;\n}\n\n/* navbar fix */\n* html .clearfix, * html .navbar, ul.linklist {\n	height: 4%;\n	overflow: hidden;\n}\n\n/* Simple fix so forum and topic lists always have a min-height set, even in IE6\n	From http://www.dustindiaz.com/min-height-fast-hack */\ndl.icon {\n	min-height: 35px;\n	height: auto !important;\n	height: 35px;\n}\n\n* html li.row dl.icon dt {\n	height: 35px;\n	overflow: visible;\n}\n\n* html #search-box {\n	width: 25%;\n}\n\n/* Correctly clear floating for details on profile view */\n*:first-child+html dl.details dd {\n	margin-left: 30%;\n	float: none;\n}\n\n* html dl.details dd {\n	margin-left: 30%;\n	float: none;\n}\n\n* html .forumbg table.table1 {\n	margin: 0 -2px 0px -1px;\n}\n/*  	\n--------------------------------------------------------------\nColours and backgrounds for common.css\n-------------------------------------------------------------- */\n\nhtml, body {\n	color: #536482;\n	background-color: #FFFFFF;\n}\n\nh1 {\n	color: #FFFFFF;\n}\n\nh2 {\n	color: #28313F;\n}\n\nh3 {\n	border-bottom-color: #CCCCCC;\n	color: #115098;\n}\n\nhr {\n	border-color: #FFFFFF;\n	border-top-color: #CCCCCC;\n}\n\nhr.dashed {\n	border-top-color: #CCCCCC;\n}\n\n/* Search box\n--------------------------------------------- */\n\n#search-box {\n	color: #FFFFFF;\n}\n\n#search-box #keywords {\n	background-color: #FFF;\n}\n\n#search-box input {\n	border-color: #0075B0;\n}\n\n/* Round cornered boxes and backgrounds\n---------------------------------------- */\n.headerbar {\n	background-color: #12A3EB;\n	background-image: url(\"{T_THEME_PATH}/images/bg_header.gif\");\n	color: #FFFFFF;\n}\n\n.navbar {\n	background-color: #cadceb;\n}\n\n.forabg {\n	background-color: #0076b1;\n	background-image: url(\"{T_THEME_PATH}/images/bg_list.gif\");\n}\n\n.forumbg {\n	background-color: #12A3EB;\n	background-image: url(\"{T_THEME_PATH}/images/bg_header.gif\");\n}\n\n.panel {\n	background-color: #ECF1F3;\n	color: #28313F;\n}\n\n.post:target .content {\n	color: #000000;\n}\n\n.post:target h3 a {\n	color: #000000;\n}\n\n.bg1	{ background-color: #ECF3F7; }\n.bg2	{ background-color: #e1ebf2;  }\n.bg3	{ background-color: #cadceb; }\n\n.ucprowbg {\n	background-color: #DCDEE2;\n}\n\n.fieldsbg {\n	background-color: #E7E8EA;\n}\n\nspan.corners-top {\n	background-image: url(\"{T_THEME_PATH}/images/corners_left.png\");\n}\n\nspan.corners-top span {\n	background-image: url(\"{T_THEME_PATH}/images/corners_right.png\");\n}\n\nspan.corners-bottom {\n	background-image: url(\"{T_THEME_PATH}/images/corners_left.png\");\n}\n\nspan.corners-bottom span {\n	background-image: url(\"{T_THEME_PATH}/images/corners_right.png\");\n}\n\n/* Horizontal lists\n----------------------------------------*/\n\nul.navlinks {\n	border-bottom-color: #FFFFFF;\n}\n\n/* Table styles\n----------------------------------------*/\ntable.table1 thead th {\n	color: #FFFFFF;\n}\n\ntable.table1 tbody tr {\n	border-color: #BFC1CF;\n}\n\ntable.table1 tbody tr:hover, table.table1 tbody tr.hover {\n	background-color: #CFE1F6;\n	color: #000;\n}\n\ntable.table1 td {\n	color: #536482;\n}\n\ntable.table1 tbody td {\n	border-top-color: #FAFAFA;\n}\n\ntable.table1 tbody th {\n	border-bottom-color: #000000;\n	color: #333333;\n	background-color: #FFFFFF;\n}\n\ntable.info tbody th {\n	color: #000000;\n}\n\n/* Misc layout styles\n---------------------------------------- */\ndl.details dt {\n	color: #000000;\n}\n\ndl.details dd {\n	color: #536482;\n}\n\n.sep {\n	color: #1198D9;\n}\n\n/* Pagination\n---------------------------------------- */\n\n.pagination span strong {\n	color: #FFFFFF;\n	background-color: #4692BF;\n	border-color: #4692BF;\n}\n\n.pagination span a, .pagination span a:link, .pagination span a:visited, .pagination span a:active {\n	color: #5C758C;\n	background-color: #ECEDEE;\n	border-color: #B4BAC0;\n}\n\n.pagination span a:hover {\n	border-color: #368AD2;\n	background-color: #368AD2;\n	color: #FFF;\n}\n\n/* Pagination in viewforum for multipage topics */\n.row .pagination {\n	background-image: url(\"{T_THEME_PATH}/images/icon_pages.gif\");\n}\n\n.row .pagination span a, li.pagination span a {\n	background-color: #FFFFFF;\n}\n\n.row .pagination span a:hover, li.pagination span a:hover {\n	background-color: #368AD2;\n}\n\n/* Miscellaneous styles\n---------------------------------------- */\n\n.copyright {\n	color: #555555;\n}\n\n.error {\n	color: #BC2A4D;\n}\n\n.reported {\n	background-color: #F7ECEF;\n}\n\nli.reported:hover {\n	background-color: #ECD5D8 !important;\n}\n.sticky, .announce {\n	/* you can add a background for stickies and announcements*/\n}\n\ndiv.rules {\n	background-color: #ECD5D8;\n	color: #BC2A4D;\n}\n\np.rules {\n	background-color: #ECD5D8;\n	background-image: none;\n}\n\n/*  	\n--------------------------------------------------------------\nColours and backgrounds for links.css\n-------------------------------------------------------------- */\n\na:link	{ color: #105289; }\na:visited	{ color: #105289; }\na:hover	{ color: #D31141; }\na:active	{ color: #368AD2; }\n\n/* Links on gradient backgrounds */\n#search-box a:link, .navbg a:link, .forumbg .header a:link, .forabg .header a:link, th a:link {\n	color: #FFFFFF;\n}\n\n#search-box a:visited, .navbg a:visited, .forumbg .header a:visited, .forabg .header a:visited, th a:visited {\n	color: #FFFFFF;\n}\n\n#search-box a:hover, .navbg a:hover, .forumbg .header a:hover, .forabg .header a:hover, th a:hover {\n	color: #A8D8FF;\n}\n\n#search-box a:active, .navbg a:active, .forumbg .header a:active, .forabg .header a:active, th a:active {\n	color: #C8E6FF;\n}\n\n/* Links for forum/topic lists */\na.forumtitle {\n	color: #105289;\n}\n\n/* a.forumtitle:visited { color: #105289; } */\n\na.forumtitle:hover {\n	color: #BC2A4D;\n}\n\na.forumtitle:active {\n	color: #105289;\n}\n\na.topictitle {\n	color: #105289;\n}\n\n/* a.topictitle:visited { color: #368AD2; } */\n\na.topictitle:hover {\n	color: #BC2A4D;\n}\n\na.topictitle:active {\n	color: #105289;\n}\n\n/* Post body links */\n.postlink {\n	color: #368AD2;\n	border-bottom-color: #368AD2;\n}\n\n.postlink:visited {\n	color: #5D8FBD;\n	border-bottom-color: #666666;\n}\n\n.postlink:active {\n	color: #368AD2;\n}\n\n.postlink:hover {\n	background-color: #D0E4F6;\n	color: #0D4473;\n}\n\n.signature a, .signature a:visited, .signature a:active, .signature a:hover {\n	background-color: transparent;\n}\n\n/* Profile links */\n.postprofile a:link, .postprofile a:active, .postprofile a:visited, .postprofile dt.author a {\n	color: #105289;\n}\n\n.postprofile a:hover, .postprofile dt.author a:hover {\n	color: #D31141;\n}\n\n/* Profile searchresults */	\n.search .postprofile a {\n	color: #105289;\n}\n\n.search .postprofile a:hover {\n	color: #D31141;\n}\n\n/* Back to top of page */\na.top {\n	background-image: url(\"{IMG_ICON_BACK_TOP_SRC}\");\n}\n\na.top2 {\n	background-image: url(\"{IMG_ICON_BACK_TOP_SRC}\");\n}\n\n/* Arrow links  */\na.up		{ background-image: url(\"{T_THEME_PATH}/images/arrow_up.gif\") }\na.down		{ background-image: url(\"{T_THEME_PATH}/images/arrow_down.gif\") }\na.left		{ background-image: url(\"{T_THEME_PATH}/images/arrow_left.gif\") }\na.right		{ background-image: url(\"{T_THEME_PATH}/images/arrow_right.gif\") }\n\na.up:hover {\n	background-color: transparent;\n}\n\na.left:hover {\n	color: #368AD2;\n}\n\na.right:hover {\n	color: #368AD2;\n}\n\n\n/*  	\n--------------------------------------------------------------\nColours and backgrounds for content.css\n-------------------------------------------------------------- */\n\nul.forums {\n	background-color: #eef5f9;\n	background-image: url(\"{T_THEME_PATH}/images/gradient.gif\");\n}\n\nul.topiclist li {\n	color: #4C5D77;\n}\n\nul.topiclist dd {\n	border-left-color: #FFFFFF;\n}\n\n.rtl ul.topiclist dd {\n	border-right-color: #fff;\n	border-left-color: transparent;\n}\n\nul.topiclist li.row dt a.subforum.read {\n	background-image: url(\"{IMG_SUBFORUM_READ_SRC}\");\n}\n\nul.topiclist li.row dt a.subforum.unread {\n	background-image: url(\"{IMG_SUBFORUM_UNREAD_SRC}\");\n}\n\nli.row {\n	border-top-color:  #FFFFFF;\n	border-bottom-color: #00608F;\n}\n\nli.row strong {\n	color: #000000;\n}\n\nli.row:hover {\n	background-color: #F6F4D0;\n}\n\nli.row:hover dd {\n	border-left-color: #CCCCCC;\n}\n\n.rtl li.row:hover dd {\n	border-right-color: #CCCCCC;\n	border-left-color: transparent;\n}\n\nli.header dt, li.header dd {\n	color: #FFFFFF;\n}\n\n/* Forum list column styles */\nul.topiclist dd.searchextra {\n	color: #333333;\n}\n\n/* Post body styles\n----------------------------------------*/\n.postbody {\n	color: #333333;\n}\n\n/* Content container styles\n----------------------------------------*/\n.content {\n	color: #333333;\n}\n\n.content h2, .panel h2 {\n	color: #115098;\n	border-bottom-color:  #CCCCCC;\n}\n\ndl.faq dt {\n	color: #333333;\n}\n\n.posthilit {\n	background-color: #F3BFCC;\n	color: #BC2A4D;\n}\n\n/* Post signature */\n.signature {\n	border-top-color: #CCCCCC;\n}\n\n/* Post noticies */\n.notice {\n	border-top-color:  #CCCCCC;\n}\n\n/* BB Code styles\n----------------------------------------*/\n/* Quote block */\nblockquote {\n	background-color: #EBEADD;\n	background-image: url(\"{T_THEME_PATH}/images/quote.gif\");\n	border-color:#DBDBCE;\n}\n\n.rtl blockquote {\n	background-image: url(\"{T_THEME_PATH}/images/quote_rtl.gif\");\n}\n\nblockquote blockquote {\n	/* Nested quotes */\n	background-color:#EFEED9;\n}\n\nblockquote blockquote blockquote {\n	/* Nested quotes */\n	background-color: #EBEADD;\n}\n\n/* Code block */\ndl.codebox {\n	background-color: #FFFFFF;\n	border-color: #C9D2D8;\n}\n\ndl.codebox dt {\n	border-bottom-color:  #CCCCCC;\n}\n\ndl.codebox code {\n	color: #2E8B57;\n}\n\n.syntaxbg		{ color: #FFFFFF; }\n.syntaxcomment	{ color: #FF8000; }\n.syntaxdefault	{ color: #0000BB; }\n.syntaxhtml		{ color: #000000; }\n.syntaxkeyword	{ color: #007700; }\n.syntaxstring	{ color: #DD0000; }\n\n/* Attachments\n----------------------------------------*/\n.attachbox {\n	background-color: #FFFFFF;\n	border-color:  #C9D2D8;\n}\n\n.pm-message .attachbox {\n	background-color: #F2F3F3;\n}\n\n.attachbox dd {\n	border-top-color: #C9D2D8;\n}\n\n.attachbox p {\n	color: #666666;\n}\n\n.attachbox p.stats {\n	color: #666666;\n}\n\n.attach-image img {\n	border-color: #999999;\n}\n\n/* Inline image thumbnails */\n\ndl.file dd {\n	color: #666666;\n}\n\ndl.thumbnail img {\n	border-color: #666666;\n	background-color: #FFFFFF;\n}\n\ndl.thumbnail dd {\n	color: #666666;\n}\n\ndl.thumbnail dt a:hover {\n	background-color: #EEEEEE;\n}\n\ndl.thumbnail dt a:hover img {\n	border-color: #368AD2;\n}\n\n/* Post poll styles\n----------------------------------------*/\n\nfieldset.polls dl {\n	border-top-color: #DCDEE2;\n	color: #666666;\n}\n\nfieldset.polls dl.voted {\n	color: #000000;\n}\n\nfieldset.polls dd div {\n	color: #FFFFFF;\n}\n\n.rtl .pollbar1, .rtl .pollbar2, .rtl .pollbar3, .rtl .pollbar4, .rtl .pollbar5 {\n	border-right-color: transparent;\n}\n\n.pollbar1 {\n	background-color: #AA2346;\n	border-bottom-color: #74162C;\n	border-right-color: #74162C;\n}\n\n.rtl .pollbar1 {\n	border-left-color: #74162C;\n}\n\n.pollbar2 {\n	background-color: #BE1E4A;\n	border-bottom-color: #8C1C38;\n	border-right-color: #8C1C38;\n}\n\n.rtl .pollbar2 {\n	border-left-color: #8C1C38;\n}\n\n.pollbar3 {\n	background-color: #D11A4E;\n	border-bottom-color: #AA2346;\n	border-right-color: #AA2346;\n}\n\n.rtl .pollbar3 {\n	border-left-color: #AA2346;\n}\n\n.pollbar4 {\n	background-color: #E41653;\n	border-bottom-color: #BE1E4A;\n	border-right-color: #BE1E4A;\n}\n\n.rtl .pollbar4 {\n	border-left-color: #BE1E4A;\n}\n\n.pollbar5 {\n	background-color: #F81157;\n	border-bottom-color: #D11A4E;\n	border-right-color: #D11A4E;\n}\n\n.rtl .pollbar5 {\n	border-left-color: #D11A4E;\n}\n\n/* Poster profile block\n----------------------------------------*/\n.postprofile {\n	color: #666666;\n	border-left-color: #FFFFFF;\n}\n\n.rtl .postprofile {\n	border-right-color: #FFFFFF;\n	border-left-color: transparent;\n}\n\n.pm .postprofile {\n	border-left-color: #DDDDDD;\n}\n\n.rtl .pm .postprofile {\n	border-right-color: #DDDDDD;\n	border-left-color: transparent;\n}\n\n.postprofile strong {\n	color: #000000;\n}\n\n.online {\n	background-image: url(\"{T_IMAGESET_LANG_PATH}/icon_user_online.gif\");\n}\n\n/*  	\n--------------------------------------------------------------\nColours and backgrounds for buttons.css\n-------------------------------------------------------------- */\n\n/* Big button images */\n.reply-icon span	{ background-image: url(\"{IMG_BUTTON_TOPIC_REPLY_SRC}\"); }\n.post-icon span		{ background-image: url(\"{IMG_BUTTON_TOPIC_NEW_SRC}\"); }\n.locked-icon span	{ background-image: url(\"{IMG_BUTTON_TOPIC_LOCKED_SRC}\"); }\n.pmreply-icon span	{ background-image: url(\"{IMG_BUTTON_PM_REPLY_SRC}\") ;}\n.newpm-icon span 	{ background-image: url(\"{IMG_BUTTON_PM_NEW_SRC}\") ;}\n.forwardpm-icon span	{ background-image: url(\"{IMG_BUTTON_PM_FORWARD_SRC}\") ;}\n\na.print {\n	background-image: url(\"{T_THEME_PATH}/images/icon_print.gif\");\n}\n\na.sendemail {\n	background-image: url(\"{T_THEME_PATH}/images/icon_sendemail.gif\");\n}\n\na.fontsize {\n	background-image: url(\"{T_THEME_PATH}/images/icon_fontsize.gif\");\n}\n\n/* Icon images\n---------------------------------------- */\n.sitehome						{ background-image: url(\"{T_THEME_PATH}/images/icon_home.gif\"); }\n.icon-faq						{ background-image: url(\"{T_THEME_PATH}/images/icon_faq.gif\"); }\n.icon-members					{ background-image: url(\"{T_THEME_PATH}/images/icon_members.gif\"); }\n.icon-home						{ background-image: url(\"{T_THEME_PATH}/images/icon_home.gif\"); }\n.icon-ucp						{ background-image: url(\"{T_THEME_PATH}/images/icon_ucp.gif\"); }\n.icon-register					{ background-image: url(\"{T_THEME_PATH}/images/icon_register.gif\"); }\n.icon-logout					{ background-image: url(\"{T_THEME_PATH}/images/icon_logout.gif\"); }\n.icon-bookmark					{ background-image: url(\"{T_THEME_PATH}/images/icon_bookmark.gif\"); }\n.icon-bump						{ background-image: url(\"{T_THEME_PATH}/images/icon_bump.gif\"); }\n.icon-subscribe					{ background-image: url(\"{T_THEME_PATH}/images/icon_subscribe.gif\"); }\n.icon-unsubscribe				{ background-image: url(\"{T_THEME_PATH}/images/icon_unsubscribe.gif\"); }\n.icon-pages						{ background-image: url(\"{T_THEME_PATH}/images/icon_pages.gif\"); }\n.icon-search					{ background-image: url(\"{T_THEME_PATH}/images/icon_search.gif\"); }\n\n/* Profile & navigation icons */\n.email-icon, .email-icon a		{ background-image: url(\"{IMG_ICON_CONTACT_EMAIL_SRC}\"); }\n.aim-icon, .aim-icon a			{ background-image: url(\"{IMG_ICON_CONTACT_AIM_SRC}\"); }\n.yahoo-icon, .yahoo-icon a		{ background-image: url(\"{IMG_ICON_CONTACT_YAHOO_SRC}\"); }\n.web-icon, .web-icon a			{ background-image: url(\"{IMG_ICON_CONTACT_WWW_SRC}\"); }\n.msnm-icon, .msnm-icon a			{ background-image: url(\"{IMG_ICON_CONTACT_MSNM_SRC}\"); }\n.icq-icon, .icq-icon a			{ background-image: url(\"{IMG_ICON_CONTACT_ICQ_SRC}\"); }\n.jabber-icon, .jabber-icon a		{ background-image: url(\"{IMG_ICON_CONTACT_JABBER_SRC}\"); }\n.pm-icon, .pm-icon a				{ background-image: url(\"{IMG_ICON_CONTACT_PM_SRC}\"); }\n.quote-icon, .quote-icon a		{ background-image: url(\"{IMG_ICON_POST_QUOTE_SRC}\"); }\n\n/* Moderator icons */\n.report-icon, .report-icon a		{ background-image: url(\"{IMG_ICON_POST_REPORT_SRC}\"); }\n.edit-icon, .edit-icon a			{ background-image: url(\"{IMG_ICON_POST_EDIT_SRC}\"); }\n.delete-icon, .delete-icon a		{ background-image: url(\"{IMG_ICON_POST_DELETE_SRC}\"); }\n.info-icon, .info-icon a			{ background-image: url(\"{IMG_ICON_POST_INFO_SRC}\"); }\n.warn-icon, .warn-icon a			{ background-image: url(\"{IMG_ICON_USER_WARN_SRC}\"); } /* Need updated warn icon */\n\n/*  	\n--------------------------------------------------------------\nColours and backgrounds for cp.css\n-------------------------------------------------------------- */\n\n/* Main CP box\n----------------------------------------*/\n\n#cp-main h3, #cp-main hr, #cp-menu hr {\n	border-color: #A4B3BF;\n}\n\n#cp-main .panel li.row {\n	border-bottom-color: #B5C1CB;\n	border-top-color: #F9F9F9;\n}\n\nul.cplist {\n	border-top-color: #B5C1CB;\n}\n\n#cp-main .panel li.header dd, #cp-main .panel li.header dt {\n	color: #000000;\n}\n\n#cp-main table.table1 thead th {\n	color: #333333;\n	border-bottom-color: #333333;\n}\n\n#cp-main .pm-message {\n	border-color: #DBDEE2;\n	background-color: #FFFFFF;\n}\n\n/* CP tabbed menu\n----------------------------------------*/\n#tabs a {\n	background-image: url(\"{T_THEME_PATH}/images/bg_tabs1.gif\");\n}\n\n#tabs a span {\n	background-image: url(\"{T_THEME_PATH}/images/bg_tabs2.gif\");\n	color: #536482;\n}\n\n#tabs a:hover span {\n	color: #BC2A4D;\n}\n\n#tabs .activetab a {\n	border-bottom-color: #CADCEB;\n}\n\n#tabs .activetab a span {\n	color: #333333;\n}\n\n#tabs .activetab a:hover span {\n	color: #000000;\n}\n\n/* Mini tabbed menu used in MCP\n----------------------------------------*/\n#minitabs li {\n	background-color: #E1EBF2;\n}\n\n#minitabs li.activetab {\n	background-color: #F9F9F9;\n}\n\n#minitabs li.activetab a, #minitabs li.activetab a:hover {\n	color: #333333;\n}\n\n/* UCP navigation menu\n----------------------------------------*/\n\n/* Link styles for the sub-section links */\n#navigation a {\n	color: #333;\n	background-color: #B2C2CF;\n	background-image: url(\"{T_THEME_PATH}/images/bg_menu.gif\");\n}\n\n.rtl #navigation a {\n	background-image: url(\"{T_THEME_PATH}/images/bg_menu_rtl.gif\");\n	background-position: 0 100%;\n}\n\n#navigation a:hover {\n	background-image: none;\n	background-color: #aabac6;\n	color: #BC2A4D;\n}\n\n#navigation #active-subsection a {\n	color: #D31141;\n	background-color: #F9F9F9;\n	background-image: none;\n}\n\n#navigation #active-subsection a:hover {\n	color: #D31141;\n}\n\n/* Preferences pane layout\n----------------------------------------*/\n#cp-main h2 {\n	color: #333333;\n}\n\n#cp-main .panel {\n	background-color: #F9F9F9;\n}\n\n#cp-main .pm {\n	background-color: #FFFFFF;\n}\n\n#cp-main span.corners-top, #cp-menu span.corners-top {\n	background-image: url(\"{T_THEME_PATH}/images/corners_left2.gif\");\n}\n\n#cp-main span.corners-top span, #cp-menu span.corners-top span {\n	background-image: url(\"{T_THEME_PATH}/images/corners_right2.gif\");\n}\n\n#cp-main span.corners-bottom, #cp-menu span.corners-bottom {\n	background-image: url(\"{T_THEME_PATH}/images/corners_left2.gif\");\n}\n\n#cp-main span.corners-bottom span, #cp-menu span.corners-bottom span {\n	background-image: url(\"{T_THEME_PATH}/images/corners_right2.gif\");\n}\n\n/* Topicreview */\n#cp-main .panel #topicreview span.corners-top, #cp-menu .panel #topicreview span.corners-top {\n	background-image: url(\"{T_THEME_PATH}/images/corners_left.gif\");\n}\n\n#cp-main .panel #topicreview span.corners-top span, #cp-menu .panel #topicreview span.corners-top span {\n	background-image: url(\"{T_THEME_PATH}/images/corners_right.gif\");\n}\n\n#cp-main .panel #topicreview span.corners-bottom, #cp-menu .panel #topicreview span.corners-bottom {\n	background-image: url(\"{T_THEME_PATH}/images/corners_left.gif\");\n}\n\n#cp-main .panel #topicreview span.corners-bottom span, #cp-menu .panel #topicreview span.corners-bottom span {\n	background-image: url(\"{T_THEME_PATH}/images/corners_right.gif\");\n}\n\n/* Friends list */\n.cp-mini {\n	background-color: #eef5f9;\n}\n\ndl.mini dt {\n	color: #425067;\n}\n\n/* PM Styles\n----------------------------------------*/\n/* PM Message history */\n.current {\n	color: #000000 !important;\n}\n\n/* PM panel adjustments */\n.pm-panel-header,\n#cp-main .pm-message-nav {\n	border-bottom-color: #A4B3BF;\n}\n\n/* PM marking colours */\n.pmlist li.pm_message_reported_colour, .pm_message_reported_colour {\n	border-left-color: #BC2A4D;\n	border-right-color: #BC2A4D;\n}\n\n.pmlist li.pm_marked_colour, .pm_marked_colour {\n	border-color: #FF6600;\n}\n\n.pmlist li.pm_replied_colour, .pm_replied_colour {\n	border-color: #A9B8C2;\n}\n\n.pmlist li.pm_friend_colour, .pm_friend_colour {\n	border-color: #5D8FBD;\n}\n\n.pmlist li.pm_foe_colour, .pm_foe_colour {\n	border-color: #000000;\n}\n\n/* Avatar gallery */\n#gallery label {\n	background-color: #FFFFFF;\n	border-color: #CCC;\n}\n\n#gallery label:hover {\n	background-color: #EEE;\n}\n\n/*  	\n--------------------------------------------------------------\nColours and backgrounds for forms.css\n-------------------------------------------------------------- */\n\n/* General form styles\n----------------------------------------*/\nselect {\n	border-color: #666666;\n	background-color: #FAFAFA;\n	color: #000;\n}\n\nlabel {\n	color: #425067;\n}\n\noption.disabled-option {\n	color: graytext;\n}\n\n/* Definition list layout for forms\n---------------------------------------- */\ndd label {\n	color: #333;\n}\n\n/* Hover effects */\nfieldset dl:hover dt label {\n	color: #000000;\n}\n\nfieldset.fields2 dl:hover dt label {\n	color: inherit;\n}\n\n/* Quick-login on index page */\nfieldset.quick-login input.inputbox {\n	background-color: #F2F3F3;\n}\n\n/* Posting page styles\n----------------------------------------*/\n\n#message-box textarea {\n	color: #333333;\n}\n\n/* Input field styles\n---------------------------------------- */\n.inputbox {\n	background-color: #FFFFFF; \n	border-color: #B4BAC0;\n	color: #333333;\n}\n\n.inputbox:hover {\n	border-color: #11A3EA;\n}\n\n.inputbox:focus {\n	border-color: #11A3EA;\n	color: #0F4987;\n}\n\n/* Form button styles\n---------------------------------------- */\n\na.button1, input.button1, input.button3, a.button2, input.button2 {\n	color: #000;\n	background-color: #FAFAFA;\n	background-image: url(\"{T_THEME_PATH}/images/bg_button.gif\");\n}\n\na.button1, input.button1 {\n	border-color: #666666;\n}\n\ninput.button3 {\n	background-image: none;\n}\n\n/* Alternative button */\na.button2, input.button2, input.button3 {\n	border-color: #666666;\n}\n\n/* <a> button in the style of the form buttons */\na.button1, a.button1:link, a.button1:visited, a.button1:active, a.button2, a.button2:link, a.button2:visited, a.button2:active {\n	color: #000000;\n}\n\n/* Hover states */\na.button1:hover, input.button1:hover, a.button2:hover, input.button2:hover, input.button3:hover {\n	border-color: #BC2A4D;\n	color: #BC2A4D;\n}\n\ninput.search {\n	background-image: url(\"{T_THEME_PATH}/images/icon_textbox_search.gif\");\n}\n\ninput.disabled {\n	color: #666666;\n}\n'),(2,'Maxthon','&copy; Culprit, 2009','maxthon',1,1291973196,'/*  phpBB 3.0 Style Sheet\n    --------------------------------------------------------------\n	Style name:		proSilver\n	Based on style:	proSilver (this is the default phpBB 3 style)\n	Original author:	subBlue ( http://www.subBlue.com/ )\n	Modified by:		\n	\n	Copyright 2006 phpBB Group ( http://www.phpbb.com/ )\n    --------------------------------------------------------------\n*/\n\n/* General proSilver Markup Styles\n---------------------------------------- */\n\n* {\n	/* Reset browsers default margin, padding and font sizes */\n	margin: 0;\n	padding: 0;\n}\n\nhtml {\n	font-size: 100%;\n	/* Always show a scrollbar for short pages - stops the jump when the scrollbar appears. non-IE browsers */\n	height: 100%;\n	margin-bottom: 1px;\n}\n\nbody {\n	/* Text-Sizing with ems: http://www.clagnut.com/blog/348/ */\n	font-family: Verdana, Helvetica, Arial, sans-serif;\n	color: #666666;\n	background-color: #FFFFFF;\n	/*font-size: 62.5%;			 This sets the default font size to be equivalent to 10px */\n	font-size: 10px;\n	margin: 0;\n	padding: 0px 0;\n}\n\nh1 {\n	/* Forum name */\n	font-family: \"Trebuchet MS\", Arial, Helvetica, sans-serif;\n	margin-right: 200px;\n	color: #FFFFFF;\n	margin-top: 15px;\n	font-weight: bold;\n	font-size: 2.5em;\n}\n\nh2 {\n	/* Forum header titles */\n	font-family: \"Trebuchet MS\", Arial, Helvetica, sans-serif;\n	font-weight: normal;\n	color: #3f3f3f;\n	font-size: 2em;\n	margin: 0.8em 0 0.2em 0;\n}\n\nh2.solo {\n	margin-bottom: 1em;\n}\n\nh3 {\n	/* Sub-headers (also used as post headers, but defined later) */\n	font-family: Arial, Helvetica, sans-serif;\n	font-weight: bold;\n	text-transform: uppercase;\n	border-bottom: 1px solid #CCCCCC;\n	margin-bottom: 3px;\n	padding-bottom: 2px;\n	font-size: 1.05em;\n	color: #989898;\n	margin-top: 20px;\n}\n\nh4 {\n	/* Forum and topic list titles */\n	font-family: \"Trebuchet MS\", Verdana, Helvetica, Arial, Sans-serif;\n	font-size: 1.3em;\n}\n\np {\n	line-height: 1.3em;\n	font-size: 1.1em;\n	margin-bottom: 1.5em;\n}\n\nimg {\n	border-width: 0;\n}\n\nhr {\n	/* Also see tweaks.css */\n	border: 0 none #FFFFFF;\n	border-top: 1px solid #CCCCCC;\n	height: 1px;\n	margin: 5px 0;\n	display: block;\n	clear: both;\n}\n\nhr.dashed {\n	border-top: 1px dashed #CCCCCC;\n	margin: 10px 0;\n}\n\nhr.divider {\n	display: none;\n}\n\np.right {\n	text-align: right;\n}\n\n/* Main blocks\n---------------------------------------- */\n#wrap {\n	padding: 0 40px;\n	min-width: 650px;\n}\n\n#simple-wrap {\n	padding: 6px 10px;\n}\n\n#page-body {\n	margin: 4px 0;\n	clear: both;\n}\n\n#page-footer {\n	clear: both;\n}\n\n#page-footer h3 {\n	margin-top: 20px;\n}\n\n#logo {\n	float: left;\n	width: auto;\n	padding: 10px 13px 0 10px;\n}\n\na#logo:hover {\n	text-decoration: none;\n}\n\n/* Search box\n--------------------------------------------- */\n#search-box {\n	color: #FFFFFF;\n	position: relative;\n	margin-top: 30px;\n	margin-right: 5px;\n	display: block;\n	float: right;\n	text-align: right;\n	white-space: nowrap; /* For Opera */\n}\n\n#search-box #keywords {\n	width: 95px;\n	background-color: #FFF;\n}\n\n#search-box input {\n	border: 1px solid #b0b0b0;\n}\n\n/* .button1 style defined later, just a few tweaks for the search button version */\n#search-box input.button1 {\n	padding: 1px 5px;\n}\n\n#search-box li {\n	text-align: right;\n	margin-top: 4px;\n}\n\n#search-box img {\n	vertical-align: middle;\n	margin-right: 3px;\n}\n\n/* Site description and logo */\n#site-description {\n	float: left;\n	width: 70%;\n}\n\n#site-description h1 {\n	margin-right: 0;\n}\n\n/* Round cornered boxes and backgrounds\n---------------------------------------- */\n.headerbar {\n	background: #ebebeb none repeat-x 0 0;\n	margin-bottom: 8px;\n	padding: 0px;\n	border-style:none solid solid;\n	border-width:1px;\n	overflow:hidden;\n}\n\n.headerbar .inner {\n	border-style:none solid solid;\n	border-width:1px;\n	display:block;\n	overflow:hidden;\n	padding: 0px 10px;\n	margin: 0px;\n	\n}\n\n\n.navbar {\n	border-style: solid;\n	border-width: 1px;\n	background-color: #ebebeb;\n	padding: 0 10px;\n}\n\n.forabg {\n	background: #b1b1b1 none repeat-x 0 0;\n	border:1px solid #DAD7CB;\n	padding: 0px;\n	clear: both;\n	margin-bottom: 8px;\n}\n\n.forumbg {\n	background: #ebebeb none repeat-x 0 0;\n	border:1px solid #DAD7CB;\n	padding: 0px;\n	clear: both;\n	margin-bottom: 8px;\n}\n\n.panel {\n	margin-bottom: 8px;\n	padding: 0 10px;\n	background-color: #f3f3f3;\n	color: #3f3f3f;\n	border:1px solid #DAD7CB;\n}\n\n.post {\n	padding: 0 10px;\n	margin-bottom: 8px;\n	background-repeat: no-repeat;\n	background-position: 100% 0;\n	border-width: 1px;\n	border-style: solid;\n	\n}\n\n.post:target .content {\n	color: #000000;\n}\n\n.post:target h3 a {\n	color: #000000;\n}\n\n.bg1	{ background-color: #f7f7f7;}\n.bg2	{ background-color: #f2f2f2; }\n.bg3	{ background-color: #ebebeb; }\n\n.rowbg {\n	margin: 5px 5px 2px 5px;\n}\n\n.ucprowbg {\n	background-color: #e2e2e2;\n}\n\n.fieldsbg {\n	/*border: 1px #DBDEE2 solid;*/\n	background-color: #eaeaea;\n}\n\nspan.corners-top, span.corners-bottom, span.corners-top span, span.corners-bottom span {\n	font-size: 1px;\n	line-height: 1px;\n	display: block;\n	height: 5px;\n	background-repeat: no-repeat;\n}\n\nspan.corners-top {\n	background-image: none;\n	background-position: 0 0;\n	margin: 0 -5px;\n	height: 0px;\n}\n\nspan.corners-top span {\n	background-image: none;\n	background-position: 100% 0;\n}\n\nspan.corners-bottom {\n	border-width: 0px;\n	background-image: url(\"{T_THEME_PATH}/images/bg_shadow.png\");\n	background-repeat:repeat-x;\n	background-position: 0 100%;\n	margin: 0 -0px;\n	clear: both;\n	height: 0px;\n}\n\nspan.corners-bottom span {\n	background-image: none;\n	background-position: 100% 100%;\n	height: 0px;\n}\n\n.headbg span.corners-bottom {\n	margin-bottom: -1px;\n}\n\n.post span.corners-top, .post span.corners-bottom, .panel span.corners-top, .panel span.corners-bottom, .navbar span.corners-top, .navbar span.corners-bottom {\n	margin: 0 -10px;\n}\n\n.rules span.corners-top {\n	margin: 0 -10px 5px -10px;\n}\n\n.rules span.corners-bottom {\n	margin: 5px -10px 0 -10px;\n}\n\n/* Horizontal lists\n----------------------------------------*/\nul.linklist {\n	display: block;\n	margin: 0;\n}\n\nul.linklist li {\n	display: block;\n	list-style-type: none;\n	float: left;\n	width: auto;\n	margin-right: 5px;\n	font-size: 1.1em;\n	line-height: 2.2em;\n}\n\nul.linklist li.rightside, p.rightside {\n	float: right;\n	margin-right: 0;\n	margin-left: 5px;\n	text-align: right;\n}\n\nul.navlinks {\n	padding-bottom: 1px;\n	margin-bottom: 1px;\n	border-bottom: 1px solid #FFFFFF;\n	font-weight: bold;\n}\n\nul.leftside {\n	float: left;\n	margin-left: 0;\n	margin-right: 5px;\n	text-align: left;\n}\n\nul.rightside {\n	float: right;\n	margin-left: 5px;\n	margin-right: -5px;\n	text-align: right;\n}\n\n/* Table styles\n----------------------------------------*/\ntable.table1 {\n	/* See tweaks.css */\n}\n\n#ucp-main table.table1 {\n	padding: 2px;\n}\n\ntable.table1 thead th {\n	font-weight: normal;\n	text-transform: uppercase;\n	color: #FFFFFF;\n	line-height: 1.3em;\n	font-size: 1em;\n	padding: 0 0 4px 3px;\n}\n\ntable.table1 thead th span {\n	padding-left: 7px;\n}\n\ntable.table1 tbody tr {\n	border: 1px solid #cfcfcf;\n}\n\ntable.table1 tbody tr:hover, table.table1 tbody tr.hover {\n	background-color: #f6f6f6;\n	color: #000;\n}\n\ntable.table1 td {\n	color: #6a6a6a;\n	font-size: 1.1em;\n}\n\ntable.table1 tbody td {\n	padding: 5px;\n	border-top: 1px solid #FAFAFA;\n}\n\ntable.table1 tbody th {\n	padding: 5px;\n	border-bottom: 1px solid #000000;\n	text-align: left;\n	color: #333333;\n	background-color: #FFFFFF;\n}\n\n/* Specific column styles */\ntable.table1 .name		{ text-align: left; }\ntable.table1 .posts		{ text-align: center !important; width: 7%; }\ntable.table1 .joined	{ text-align: left; width: 15%; }\ntable.table1 .active	{ text-align: left; width: 15%; }\ntable.table1 .mark		{ text-align: center; width: 7%; }\ntable.table1 .info		{ text-align: left; width: 30%; }\ntable.table1 .info div	{ width: 100%; white-space: normal; overflow: hidden; }\ntable.table1 .autocol	{ line-height: 2em; white-space: nowrap; }\ntable.table1 thead .autocol { padding-left: 1em; }\n\ntable.table1 span.rank-img {\n	float: right;\n	width: auto;\n}\n\ntable.info td {\n	padding: 3px;\n}\n\ntable.info tbody th {\n	padding: 3px;\n	text-align: right;\n	vertical-align: top;\n	color: #000000;\n	font-weight: normal;\n}\n\n.forumbg table.table1 {\n	margin: 0 -2px -1px -1px;\n}\n\n/* Misc layout styles\n---------------------------------------- */\n/* column[1-2] styles are containers for two column layouts \n   Also see tweaks.css */\n.column1 {\n	float: left;\n	clear: left;\n	width: 49%;\n}\n\n.column2 {\n	float: right;\n	clear: right;\n	width: 49%;\n}\n\n/* General classes for placing floating blocks */\n.left-box {\n	float: left;\n	width: auto;\n	text-align: left;\n}\n\n.right-box {\n	float: right;\n	width: auto;\n	text-align: right;\n}\n\ndl.details {\n	/*font-family: \"Lucida Grande\", Verdana, Helvetica, Arial, sans-serif;*/\n	font-size: 1.1em;\n}\n\ndl.details dt {\n	float: left;\n	clear: left;\n	width: 30%;\n	text-align: right;\n	color: #000000;\n	display: block;\n}\n\ndl.details dd {\n	margin-left: 0;\n	padding-left: 5px;\n	margin-bottom: 5px;\n	color: #828282;\n	float: left;\n	width: 65%;\n}\n\n/* Pagination\n---------------------------------------- */\n.pagination {\n	height: 1%; /* IE tweak (holly hack) */\n	width: auto;\n	text-align: right;\n	margin: 0px;\n	padding: 3px;\n	padding-right:0px;\n	float: right;\n	border: 1px solid #CFCBBC;\n}\n\n.pagination span.page-sep {\n	display: none;\n}\n\nli.pagination {\n	margin-top: 0;\n}\n\n.pagination strong, .pagination b {\n	font-weight: normal;\n}\n\n.pagination span strong {\n	padding: 3px 4px;\n	margin: 0px;\n	font-weight: normal;\n	color: #FFFFFF;\n	/*background-color: #bfbfbf;*/\n	border-width: 0px;\n	border-left: 1px solid #CFCBBC;\n	font-size: 0.9em;\n}\n\n.pagination span a, .pagination span a:link, .pagination span a:visited, .pagination span a:active {\n	font-weight: normal;\n	text-decoration: none;\n	color: #747474;\n	margin: 0px;\n	padding: 3px 4px;\n	/*background-color: #eeeeee;*/\n	border-width: 0px;\n	border-left: 1px solid #CFCBBC;\n	font-size: 0.9em;\n	line-height: 1.5em;\n}\n\n.pagination span a:hover {\n	border-color: #d2d2d2;\n	/*background-color: #d2d2d2;*/\n	color: #FFF;\n	text-decoration: none;\n}\n\n.pagination img {\n	vertical-align: middle;\n}\n\n/* Pagination in viewforum for multipage topics */\n.row .pagination {\n	display: block;\n	float: right;\n	width: auto;\n	margin-top: -8px;\n	padding: 1px 0 1px 15px;\n	font-size: 0.9em;\n	background: none 0 50% no-repeat;\n	border: 0px solid #CFCBBC;\n}\n\n.row .pagination span a, li.pagination span a {\n	background-color: #FFFFFF;\n	border: 1px solid #E0E0E0;\n}\n\n.row .pagination span a:hover, li.pagination span a:hover {\n	background: #EFF9D0 none repeat scroll 0% 0%;\n	border: 1px solid #E0E0E0;\n	text-decoration: underline;\n}\n\n.linklist {\n}\n.linklist .pagination {\n	margin: -1px;\n	padding: 0px;\n	border-width: 0px;\n	background-image: none;\n}\n\n.linklist .pagination span a, .linklist .pagination span strong{\n	border: 1px solid #CFCBBC;\n	margin-left: -1px;\n}\n/* Miscellaneous styles\n---------------------------------------- */\n#forum-permissions {\n	float: right;\n	width: auto;\n	padding-left: 5px;\n	margin-left: 5px;\n	margin-top: 10px;\n	text-align: right;\n}\n\n.copyright {\n	padding: 5px;\n	text-align: center;\n	color: #555555;\n}\n\n.small {\n	font-size: 0.9em !important;\n}\n\n.titlespace {\n	margin-bottom: 15px;\n}\n\n.headerspace {\n	margin-top: 20px;\n}\n\n.error {\n	color: #bcbcbc;\n	font-weight: bold;\n	font-size: 1em;\n}\n\n.reported {\n	background-color: #f7f7f7;\n}\n\nli.reported:hover {\n	background-color: #ececec;\n}\n\ndiv.rules {\n	background-color: #ececec;\n	color: #bcbcbc;\n	padding: 0 10px;\n	margin: 10px 0;\n	font-size: 1.1em;\n}\n\ndiv.rules ul, div.rules ol {\n	margin-left: 20px;\n}\n\np.rules {\n	background-color: #ececec;\n	background-image: none;\n	padding: 5px;\n}\n\np.rules img {\n	vertical-align: middle;\n}\n\np.rules a {\n	vertical-align: middle;\n	clear: both;\n}\n\n#top {\n	position: absolute;\n	top: -20px;\n}\n\n.clear {\n	display: block;\n	clear: both;\n	font-size: 1px;\n	line-height: 1px;\n	background: transparent;\n}\n/* proSilver Link Styles\n---------------------------------------- */\n\na:link	{ color: #4F7500; text-decoration: none; }\na:visited	{ color: #4F7500; text-decoration: none; }\na:hover	{ color: #4F7500; text-decoration: underline; }\na:active	{ color: #4F7500; text-decoration: none; }\n\n/* Coloured usernames */\n.username-coloured {\n	font-weight: bold;\n	display: inline !important;\n	padding: 0 !important;\n}\n\n/* Links on gradient backgrounds */\n#search-box a:link, .navbg a:link, .forumbg .header a:link, .forabg .header a:link, th a:link {\n	color: #000;\n	text-decoration: none;\n}\n\n#search-box a:visited, .navbg a:visited, .forumbg .header a:visited, .forabg .header a:visited, th a:visited {\n	color: #000;\n	text-decoration: none;\n}\n\n#search-box a:hover, .navbg a:hover, .forumbg .header a:hover, .forabg .header a:hover, th a:hover {\n	color: #000;\n	text-decoration: underline;\n}\n\n#search-box a:active, .navbg a:active, .forumbg .header a:active, .forabg .header a:active, th a:active {\n	color: #000;\n	text-decoration: none;\n}\n\n/* Links for forum/topic lists */\na.forumtitle {\n	font-family: \"Trebuchet MS\", Helvetica, Arial, Sans-serif;\n	font-size: 1.2em;\n	font-weight: bold;\n	color: #898989;\n	text-decoration: none;\n}\n\n/* a.forumtitle:visited { color: #898989; } */\n\na.forumtitle:hover {\n	color: #bcbcbc;\n	text-decoration: underline;\n}\n\na.forumtitle:active {\n	color: #898989;\n}\n\na.topictitle {\n	font-family: \"Trebuchet MS\", Helvetica, Arial, Sans-serif;\n	font-size: 1.2em;\n	font-weight: bold;\n	color: #898989;\n	text-decoration: none;\n}\n\n/* a.topictitle:visited { color: #d2d2d2; } */\n\na.topictitle:hover {\n	color: #bcbcbc;\n	text-decoration: underline;\n}\n\na.topictitle:active {\n	color: #898989;\n}\n\n/* Post body links */\n.postlink {\n	text-decoration: none;\n	color: #d2d2d2;\n	border-bottom: 1px solid #d2d2d2;\n	padding-bottom: 0;\n}\n\n.postlink:visited {\n	color: #bdbdbd;\n	border-bottom-style: dotted;\n	border-bottom-color: #666666;\n}\n\n.postlink:active {\n	color: #d2d2d2;\n}\n\n.postlink:hover {\n	background-color: #f6f6f6;\n	text-decoration: none;\n	color: #404040;\n}\n\n.signature a, .signature a:visited, .signature a:active, .signature a:hover {\n	border: none;\n	text-decoration: underline;\n	background-color: transparent;\n}\n\n/* Profile links */\n.postprofile a:link, .postprofile a:active, .postprofile a:visited, .postprofile dt.author a {\n	font-weight: bold;\n	color: #4F7500;\n	text-decoration: none;\n}\n\n.postprofile a:hover, .postprofile dt.author a:hover {\n	text-decoration: underline;\n	color: #4F7500;\n}\n\n\n/* Profile searchresults */	\n.search .postprofile a {\n	color: #4F7500;\n	text-decoration: none; \n	font-weight: normal;\n}\n\n.search .postprofile a:hover {\n	color: #4F7500;\n	text-decoration: underline; \n}\n\n/* Back to top of page */\n.back2top {\n	clear: both;\n	height: 17px;\n	text-align: right;\n	margin-bottom:5px;\n}\n\na.top {\n	background: none no-repeat top left;\n	text-decoration: none;\n	width: 17px;\n	height: 17px;\n	display: block;\n	float: right;\n	overflow: hidden;\n	letter-spacing: 1000px;\n	text-indent: 17px;\n	margin-bottom:0px;\n}\n\na.top2 {\n	background: none no-repeat 0 50%;\n	text-decoration: none;\n	padding-left: 15px;\n}\n\n/* Arrow links  */\na.up		{ background: none no-repeat left center; }\na.down		{ background: none no-repeat right center; }\na.left		{ background: none no-repeat 3px 60%; }\na.right		{ background: none no-repeat 95% 60%; }\n\na.up, a.up:link, a.up:active, a.up:visited {\n	padding-left: 10px;\n	text-decoration: none;\n	border-bottom-width: 0;\n}\n\na.up:hover {\n	background-position: left top;\n	background-color: transparent;\n}\n\na.down, a.down:link, a.down:active, a.down:visited {\n	padding-right: 10px;\n}\n\na.down:hover {\n	background-position: right bottom;\n	text-decoration: none;\n}\n\na.left, a.left:active, a.left:visited {\n	padding-left: 12px;\n}\n\na.left:hover {\n	color: #d2d2d2;\n	text-decoration: none;\n	background-position: 0 60%;\n}\n\na.right, a.right:active, a.right:visited {\n	padding-right: 12px;\n}\n\na.right:hover {\n	color: #d2d2d2;\n	text-decoration: none;\n	background-position: 100% 60%;\n}\n\n/* invisible skip link, used for accessibility  */\n.skiplink {\n	position: absolute;\n	left: -999px;\n	width: 990px;\n}\n/* proSilver Content Styles\n---------------------------------------- */\n\nul.topiclist {\n	display: block;\n	list-style-type: none;\n	margin: 0;\n}\n\nul.forums {\n	background: #f9f9f9 none repeat-x 0 0;\n	border-top: 1px dotted #FFFFFF;\n	border-bottom-width: 0px;\n}\n\nul.topiclist li {\n	display: block;\n	list-style-type: none;\n	color: #777777;\n	margin: 0;\n}\n\nul.topiclist dl {\n	position: relative;\n}\n\nul.topiclist li.row dl {\n	padding: 2px 0;\n}\n\nul.topiclist dt {\n	display: block;\n	float: left;\n	width: 50%;\n	font-size: 1.1em;\n	padding-left: 5px;\n	padding-right: 5px;\n}\n\nul.topiclist dd {\n	display: block;\n	float: left;\n	border-left: 1px solid #FFFFFF;\n	padding: 4px 0;\n}\n\nul.topiclist dfn {\n	/* Labels for post/view counts */\n	position: absolute;\n	left: -999px;\n	width: 990px;\n}\n\nul.topiclist li.row dt a.subforum {\n	background-image: none;\n	background-position: 0 50%;\n	background-repeat: no-repeat;\n	position: relative;\n	white-space: nowrap;\n	padding: 0 0 0 12px;\n}\n\n.forum-image {\n	float: left;\n	padding-top: 5px;\n	margin-right: 5px;\n}\n\nli.row {\n	border-top: 0px none #FFFFFF;\n	border-bottom: 1px dotted #CFCBBC;\n}\n\nli.row strong {\n	font-weight: normal;\n	color: #000000;\n}\n\nli.row:hover {\n	background-color: #EFF9D0;\n}\n\nli.row:hover dd {\n	border-left-color: #EEE;\n}\n\nli.header dt, li.header dd {\n	line-height: 1.2em;\n	font-size: 1.1em;\n	border-left-width: 0;\n	margin: 2px 0 4px 0;\n	color: #FFFFFF;\n	padding-top: 2px;\n	padding-bottom: 2px;\n	font-family: Arial, Helvetica, sans-serif;\n	text-transform: uppercase;\n}\n\nli.header dt {\n	font-weight: bold;\n	margin-left: 5px;\n}\n\nli.header dd {\n	margin-left: 1px;\n}\n\nli.header dl.icon {\n	min-height: 0;\n}\n\nli.header dl.icon dt {\n	/* Tweak for headers alignment when folder icon used */\n	padding-left: 0;\n	padding-right: 50px;\n}\n\n/* Forum list column styles */\ndl.icon {\n	min-height: 35px;\n	background-position: 10px 50%;		/* Position of folder icon */\n	background-repeat: no-repeat;\n}\n\ndl.icon dt {\n	padding-left: 45px;					/* Space for folder icon */\n	background-repeat: no-repeat;\n	background-position: 5px 95%;		/* Position of topic icon */\n}\n\ndd.posts, dd.topics, dd.views {\n	width: 8%;\n	text-align: center;\n	line-height: 2.2em;\n	font-size: 1.2em;\n}\n\ndd.lastpost {\n	width: 25%;\n	font-size: 1.1em;\n}\n\ndd.redirect {\n	font-size: 1.1em;\n	line-height: 2.5em;\n}\n\ndd.moderation {\n	font-size: 1.1em;\n}\n\ndd.lastpost span, ul.topiclist dd.searchby span, ul.topiclist dd.info span, ul.topiclist dd.time span, dd.redirect span, dd.moderation span {\n	display: block;\n	padding-left: 5px;\n}\n\ndd.time {\n	width: auto;\n	line-height: 200%;\n	font-size: 1.1em;\n}\n\ndd.extra {\n	width: 12%;\n	line-height: 200%;\n	text-align: center;\n	font-size: 1.1em;\n}\n\ndd.mark {\n	float: right !important;\n	width: 9%;\n	text-align: center;\n	line-height: 200%;\n	font-size: 1.2em;\n}\n\ndd.info {\n	width: 30%;\n}\n\ndd.option {\n	width: 15%;\n	line-height: 200%;\n	text-align: center;\n	font-size: 1.1em;\n}\n\ndd.searchby {\n	width: 47%;\n	font-size: 1.1em;\n	line-height: 1em;\n}\n\nul.topiclist dd.searchextra {\n	margin-left: 5px;\n	padding: 0.2em 0;\n	font-size: 1.1em;\n	color: #333333;\n	border-left: none;\n	clear: both;\n	width: 98%;\n	overflow: hidden;\n}\n\n/* Container for post/reply buttons and pagination */\n.topic-actions {\n	margin-bottom: 3px;\n	font-size: 1.1em;\n	height: 28px;\n	min-height: 28px;\n}\ndiv[class].topic-actions {\n	height: auto;\n}\n\n/* Post body styles\n----------------------------------------*/\n.postbody {\n	padding: 0;\n	line-height: 1.48em;\n	color: #333333;\n	width: 76%;\n	float: left;\n	clear: both;\n}\n\n.postbody .ignore {\n	font-size: 1.1em;\n}\n\n.postbody h3.first {\n	/* The first post on the page uses this */\n	font-size: 1.7em;\n}\n\n.postbody h3 {\n	/* Postbody requires a different h3 format - so change it here */\n	font-size: 1.5em;\n	padding: 2px 0 0 0;\n	margin: 0 0 0.3em 0 !important;\n	text-transform: none;\n	border: none;\n	font-family: \"Trebuchet MS\", Verdana, Helvetica, Arial, sans-serif;\n	line-height: 125%;\n}\n\n.postbody h3 img {\n	/* Also see tweaks.css */\n	vertical-align: bottom;\n}\n\n.postbody .content {\n	font-size: 1.3em;\n}\n\n.search .postbody {\n	width: 68%\n}\n\n/* Topic review panel\n----------------------------------------*/\n#review {\n	margin-top: 2em;\n}\n\n#topicreview {\n	padding-right: 5px;\n	overflow: auto;\n	height: 300px;\n}\n\n#topicreview .postbody {\n	width: auto;\n	float: none;\n	margin: 0;\n	height: auto;\n}\n\n#topicreview .post {\n	height: auto;\n}\n\n#topicreview h2 {\n	border-bottom-width: 0;\n}\n\n.post-ignore .postbody {\n	display: none;\n}\n\n/* Content container styles\n----------------------------------------*/\n.content {\n	min-height: 3em;\n	overflow: hidden;\n	line-height: 1.4em;\n	font-family: \"Lucida Grande\", \"Trebuchet MS\", Verdana, Helvetica, Arial, sans-serif;\n	font-size: 1em;\n	color: #333333;\n	text-align: justify;\n}\n\n.content h2, .panel h2 {\n	font-weight: normal;\n	color: #989898;\n	border-bottom: 1px solid #CCCCCC;\n	font-size: 1.6em;\n	margin-top: 0.5em;\n	margin-bottom: 0.5em;\n	padding-bottom: 0.5em;\n}\n\n.panel h3 {\n	margin: 0.5em 0;\n}\n\n.panel p {\n	font-size: 1.2em;\n	margin-bottom: 1em;\n	line-height: 1.4em;\n}\n\n.content p {\n	font-family: \"Lucida Grande\", \"Trebuchet MS\", Verdana, Helvetica, Arial, sans-serif;\n	font-size: 1.2em;\n	margin-bottom: 1em;\n	line-height: 1.4em;\n}\n\ndl.faq {\n	font-family: \"Lucida Grande\", Verdana, Helvetica, Arial, sans-serif;\n	font-size: 1.1em;\n	margin-top: 1em;\n	margin-bottom: 2em;\n	line-height: 1.4em;\n}\n\ndl.faq dt {\n	font-weight: bold;\n	color: #333333;\n}\n\n.content dl.faq {\n	font-size: 1.2em;\n	margin-bottom: 0.5em;\n}\n\n.content li {\n	list-style-type: inherit;\n}\n\n.content ul, .content ol {\n	margin-bottom: 1em;\n	margin-left: 3em;\n}\n\n.posthilit {\n	background-color: #f3f3f3;\n	color: #BCBCBC;\n	padding: 0 2px 1px 2px;\n}\n\n.announce, .unreadpost {\n	/* Highlight the announcements & unread posts box */\n	border-left-color: #BCBCBC;\n	border-right-color: #BCBCBC;\n}\n\n/* Post author */\np.author {\n	margin: 0 15em 0.6em 0;\n	padding: 0 0 5px 0;\n	font-family: Verdana, Helvetica, Arial, sans-serif;\n	font-size: 1em;\n	line-height: 1.2em;\n}\n\n/* Post signature */\n.signature {\n	margin-top: 1.5em;\n	padding-top: 0.2em;\n	font-size: 1.1em;\n	border-top: 1px solid #CCCCCC;\n	clear: left;\n	line-height: 140%;\n	overflow: hidden;\n	width: 100%;\n}\n\ndd .signature {\n	margin: 0;\n	padding: 0;\n	clear: none;\n	border: none;\n}\n\n.signature li {\n   list-style-type: inherit;\n}\n\n.signature ul, .signature ol {\n   margin-bottom: 1em;\n   margin-left: 3em;\n}\n\n/* Post noticies */\n.notice {\n	font-family: \"Lucida Grande\", Verdana, Helvetica, Arial, sans-serif;\n	width: auto;\n	margin-top: 1.5em;\n	padding-top: 0.2em;\n	font-size: 1em;\n	border-top: 1px dashed #CCCCCC;\n	clear: left;\n	line-height: 130%;\n}\n\n/* Jump to post link for now */\nul.searchresults {\n	list-style: none;\n	text-align: right;\n	clear: both;\n}\n\n/* BB Code styles\n----------------------------------------*/\n/* Quote block */\nblockquote {\n	background: #ebebeb none 6px 8px no-repeat;\n	border: 1px solid #dbdbdb;\n	font-size: 0.95em;\n	margin: 0.5em 1px 0 25px;\n	overflow: hidden;\n	padding: 5px;\n}\n\nblockquote blockquote {\n	/* Nested quotes */\n	background-color: #bababa;\n	font-size: 1em;\n	margin: 0.5em 1px 0 15px;	\n}\n\nblockquote blockquote blockquote {\n	/* Nested quotes */\n	background-color: #e4e4e4;\n}\n\nblockquote cite {\n	/* Username/source of quoter */\n	font-style: normal;\n	font-weight: bold;\n	margin-left: 20px;\n	display: block;\n	font-size: 0.9em;\n}\n\nblockquote cite cite {\n	font-size: 1em;\n}\n\nblockquote.uncited {\n	padding-top: 25px;\n}\n\n/* Code block */\ndl.codebox {\n	padding: 3px;\n	background-color: #FFFFFF;\n	border: 1px solid #d8d8d8;\n	font-size: 1em;\n}\n\ndl.codebox dt {\n	text-transform: uppercase;\n	border-bottom: 1px solid #CCCCCC;\n	margin-bottom: 3px;\n	font-size: 0.8em;\n	font-weight: bold;\n	display: block;\n}\n\nblockquote dl.codebox {\n	margin-left: 0;\n}\n\ndl.codebox code {\n	/* Also see tweaks.css */\n	overflow: auto;\n	display: block;\n	height: auto;\n	max-height: 200px;\n	white-space: normal;\n	padding-top: 5px;\n	font: 0.9em Monaco, \"Andale Mono\",\"Courier New\", Courier, mono;\n	line-height: 1.3em;\n	color: #8b8b8b;\n	margin: 2px 0;\n}\n\n.syntaxbg		{ color: #FFFFFF; }\n.syntaxcomment	{ color: #000000; }\n.syntaxdefault	{ color: #bcbcbc; }\n.syntaxhtml		{ color: #000000; }\n.syntaxkeyword	{ color: #585858; }\n.syntaxstring	{ color: #a7a7a7; }\n\n/* Attachments\n----------------------------------------*/\n.attachbox {\n	float: left;\n	width: auto; \n	margin: 5px 5px 5px 0;\n	padding: 6px;\n	background-color: #FFFFFF;\n	border: 1px dashed #d8d8d8;\n	clear: left;\n}\n\n.pm-message .attachbox {\n	background-color: #f3f3f3;\n}\n\n.attachbox dt {\n	font-family: Arial, Helvetica, sans-serif;\n	text-transform: uppercase;\n}\n\n.attachbox dd {\n	margin-top: 4px;\n	padding-top: 4px;\n	clear: left;\n	border-top: 1px solid #d8d8d8;\n}\n\n.attachbox dd dd {\n	border: none;\n}\n\n.attachbox p {\n	line-height: 110%;\n	color: #666666;\n	font-weight: normal;\n	clear: left;\n}\n\n.attachbox p.stats\n{\n	line-height: 110%;\n	color: #666666;\n	font-weight: normal;\n	clear: left;\n}\n\n.attach-image {\n	margin: 3px 0;\n	width: 100%;\n	max-height: 350px;\n	overflow: auto;\n}\n\n.attach-image img {\n	border: 1px solid #999999;\n/*	cursor: move; */\n	cursor: default;\n}\n\n/* Inline image thumbnails */\ndiv.inline-attachment dl.thumbnail, div.inline-attachment dl.file {\n	display: block;\n	margin-bottom: 4px;\n}\n\ndiv.inline-attachment p {\n	font-size: 100%;\n}\n\ndl.file {\n	font-family: Verdana, Arial, Helvetica, sans-serif;\n	display: block;\n}\n\ndl.file dt {\n	text-transform: none;\n	margin: 0;\n	padding: 0;\n	font-weight: bold;\n	font-family: Verdana, Arial, Helvetica, sans-serif;\n}\n\ndl.file dd {\n	color: #666666;\n	margin: 0;\n	padding: 0;	\n}\n\ndl.thumbnail img {\n	padding: 3px;\n	border: 1px solid #666666;\n	background-color: #FFF;\n}\n\ndl.thumbnail dd {\n	color: #666666;\n	font-style: italic;\n	font-family: Verdana, Arial, Helvetica, sans-serif;\n}\n\n.attachbox dl.thumbnail dd {\n	font-size: 100%;\n}\n\ndl.thumbnail dt a:hover {\n	background-color: #EEEEEE;\n}\n\ndl.thumbnail dt a:hover img {\n	border: 1px solid #d2d2d2;\n}\n\n/* Post poll styles\n----------------------------------------*/\nfieldset.polls {\n	font-family: \"Trebuchet MS\", Verdana, Helvetica, Arial, sans-serif;\n}\n\nfieldset.polls dl {\n	margin-top: 5px;\n	border-top: 1px solid #e2e2e2;\n	padding: 5px 0 0 0;\n	line-height: 120%;\n	color: #666666;\n}\n\nfieldset.polls dl.voted {\n	font-weight: bold;\n	color: #000000;\n}\n\nfieldset.polls dt {\n	text-align: left;\n	float: left;\n	display: block;\n	width: 30%;\n	border-right: none;\n	padding: 0;\n	margin: 0;\n	font-size: 1.1em;\n}\n\nfieldset.polls dd {\n	float: left;\n	width: 10%;\n	border-left: none;\n	padding: 0 5px;\n	margin-left: 0;\n	font-size: 1.1em;\n}\n\nfieldset.polls dd.resultbar {\n	width: 50%;\n}\n\nfieldset.polls dd input {\n	margin: 2px 0;\n}\n\nfieldset.polls dd div {\n	text-align: right;\n	font-family: Arial, Helvetica, sans-serif;\n	color: #FFFFFF;\n	font-weight: bold;\n	padding: 0 2px;\n	overflow: visible;\n	min-width: 2%;\n}\n\n.pollbar1 {\n	background-color: #aaaaaa;\n	border-bottom: 1px solid #747474;\n	border-right: 1px solid #747474;\n}\n\n.pollbar2 {\n	background-color: #bebebe;\n	border-bottom: 1px solid #8c8c8c;\n	border-right: 1px solid #8c8c8c;\n}\n\n.pollbar3 {\n	background-color: #D1D1D1;\n	border-bottom: 1px solid #aaaaaa;\n	border-right: 1px solid #aaaaaa;\n}\n\n.pollbar4 {\n	background-color: #e4e4e4;\n	border-bottom: 1px solid #bebebe;\n	border-right: 1px solid #bebebe;\n}\n\n.pollbar5 {\n	background-color: #f8f8f8;\n	border-bottom: 1px solid #D1D1D1;\n	border-right: 1px solid #D1D1D1;\n}\n\n/* Poster profile block\n----------------------------------------*/\n.postprofile {\n	/* Also see tweaks.css */\n	margin: 5px 0 10px 0;\n	min-height: 80px;\n	color: #666666;\n	border-left: 1px solid #FFFFFF;\n	width: 22%;\n	float: right;\n	display: inline;\n}\n.pm .postprofile {\n	border-left: 1px solid #DDDDDD;\n}\n\n.postprofile dd, .postprofile dt {\n	line-height: 1.2em;\n	margin-left: 8px;\n}\n\n.postprofile strong {\n	font-weight: normal;\n	color: #000000;\n}\n\n.avatar {\n	border: none;\n	margin-bottom: 3px;\n}\n\n.online {\n	background-image: none;\n	background-position: 100% 0;\n	background-repeat: no-repeat;\n}\n\n/* Poster profile used by search*/\n.search .postprofile {\n	width: 30%;\n}\n\n/* pm list in compose message if mass pm is enabled */\ndl.pmlist dt {\n	width: 60% !important;\n}\n\ndl.pmlist dt textarea {\n	width: 95%;\n}\n\ndl.pmlist dd {\n	margin-left: 61% !important;\n	margin-bottom: 2px;\n}\n\n.spoilertop, .spoiler {\n	color: #666666;\n	padding: 5px;\n	background-color: #FFF;\n	border: 1px solid #EAE2D5;\n	border-left: 4px solid #EAE2D5;\n}\n\n.spoilertop {\n	color: #7A6A50;\n	font-weight: bold;\n	border-bottom: 1px dotted #EAE2D5;\n	background: #F4F3F0 url( \"{T_THEME_PATH}/images/bg_strip.gif\") repeat-x;\n	cursor: pointer;\n}\n\n.spoiler {\n	border-top: none;\n}\n/* proSilver Button Styles\n---------------------------------------- */\n\n/* Rollover buttons\n   Based on: http://wellstyled.com/css-nopreload-rollovers.html\n----------------------------------------*/\n.buttons {\n	float: left;\n	width: auto;\n	height: auto;\n}\n\n/* Rollover state */\n.buttons div {\n	float: left;\n	margin: 0 5px 0 0;\n	background-position: 0 100%;\n}\n\n/* Rolloff state */\n.buttons div a {\n	display: block;\n	width: 100%;\n	height: 100%;\n	background-position: 0 0;\n	position: relative;\n	overflow: hidden;\n}\n\n/* Hide <a> text and hide off-state image when rolling over (prevents flicker in IE) */\n/*.buttons div span		{ display: none; }*/\n/*.buttons div a:hover	{ background-image: none; }*/\n\n\n.buttons div span			{ position: absolute; width: 100%; height: 100%; cursor: pointer;}\n.buttons div a:hover span	{ background-position: 0 100%; }\n\n/* Big button images */\n.reply-icon span	{ background: transparent none 0 0 no-repeat; }\n\n.post-icon span		{ background: transparent none 0 0 no-repeat; }\n.locked-icon span	{ background: transparent none 0 0 no-repeat; }\n.pmreply-icon span	{ background: none 0 0 no-repeat; }\n.newpm-icon span 	{ background: none 0 0 no-repeat; }\n.forwardpm-icon span 	{ background: none 0 0 no-repeat; }\n\n/* Set big button dimensions */\n.buttons div.reply-icon		{ width: {IMG_BUTTON_TOPIC_REPLY_WIDTH}px; height: {IMG_BUTTON_TOPIC_REPLY_HEIGHT}px; }\n\n.buttons div.post-icon		{ width: {IMG_BUTTON_TOPIC_NEW_WIDTH}px; height: {IMG_BUTTON_TOPIC_NEW_HEIGHT}px; }\n.buttons div.locked-icon	{ width: {IMG_BUTTON_TOPIC_LOCKED_WIDTH}px; height: {IMG_BUTTON_TOPIC_LOCKED_HEIGHT}px; }\n.buttons div.pmreply-icon	{ width: {IMG_BUTTON_PM_REPLY_WIDTH}px; height: {IMG_BUTTON_PM_REPLY_HEIGHT}px; }\n.buttons div.newpm-icon		{ width: {IMG_BUTTON_PM_NEW_WIDTH}px; height: {IMG_BUTTON_PM_NEW_HEIGHT}px; }\n.buttons div.forwardpm-icon	{ width: {IMG_BUTTON_PM_FORWARD_WIDTH}px; height: {IMG_BUTTON_PM_FORWARD_HEIGHT}px; }\n\n/* Sub-header (navigation bar)\n--------------------------------------------- */\na.print, a.sendemail, a.fontsize {\n	display: block;\n	overflow: hidden;\n	height: 18px;\n	text-indent: -5000px;\n	text-align: left;\n	background-repeat: no-repeat;\n}\n\na.print {\n	background-image: none;\n	width: 22px;\n}\n\na.sendemail {\n	background-image: none;\n	width: 22px;\n}\n\na.fontsize {\n	background-image: none;\n	background-position: 0 -1px;\n	width: 29px;\n}\n\na.fontsize:hover {\n	background-position: 0 -20px;\n	text-decoration: none;\n}\n\n/* Icon images\n---------------------------------------- */\n.sitehome, .icon-faq, .icon-members, .icon-home, .icon-ucp, .icon-register, .icon-logout,\n.icon-bookmark, .icon-bump, .icon-subscribe, .icon-unsubscribe, .icon-pages, .icon-search {\n	background-position: 0 50%;\n	background-repeat: no-repeat;\n	background-image: none;\n	padding: 1px 0 0 17px;\n}\n\n/* Poster profile icons\n----------------------------------------*/\nul.profile-icons {\n	margin-top: 3px;\n	padding-top: 10px;\n	list-style: none;\n}\n\n/* Rollover state */\nul.profile-icons li {\n	float: left;\n	margin: 0 6px 3px 0;\n	background-position: 0 100%;\n}\n\n/* Rolloff state */\nul.profile-icons li a {\n	display: block;\n	width: 100%;\n	height: 100%;\n	background-position: 0 0;\n}\n\n/* Hide <a> text and hide off-state image when rolling over (prevents flicker in IE) */\nul.profile-icons li span { display:none; }\nul.profile-icons li a:hover { background: none; }\n\n/* Positioning of moderator icons */\n.postbody ul.profile-icons {\n	float: right;\n	width: auto;\n	padding: 0;\n}\n\n.postbody ul.profile-icons li {\n	margin: 0 3px;\n}\n\n/* Profile & navigation icons */\n.email-icon, .email-icon a		{ background: none top left no-repeat; }\n.aim-icon, .aim-icon a			{ background: none top left no-repeat; }\n.yahoo-icon, .yahoo-icon a		{ background: none top left no-repeat; }\n.web-icon, .web-icon a			{ background: none top left no-repeat; }\n.msnm-icon, .msnm-icon a			{ background: none top left no-repeat; }\n.icq-icon, .icq-icon a			{ background: none top left no-repeat; }\n.jabber-icon, .jabber-icon a		{ background: none top left no-repeat; }\n.pm-icon, .pm-icon a				{ background: none top left no-repeat; }\n.quote-icon, .quote-icon a		{ background: none top left no-repeat; }\n\n/* Moderator icons */\n.report-icon, .report-icon a		{ background: none top left no-repeat; }\n.warn-icon, .warn-icon a			{ background: none top left no-repeat; }\n.edit-icon, .edit-icon a			{ background: none top left no-repeat; }\n.delete-icon, .delete-icon a		{ background: none top left no-repeat; }\n.info-icon, .info-icon a			{ background: none top left no-repeat; }\n\n/* Set profile icon dimensions */\nul.profile-icons li.email-icon		{ width: {IMG_ICON_CONTACT_EMAIL_WIDTH}px; height: {IMG_ICON_CONTACT_EMAIL_HEIGHT}px; }\nul.profile-icons li.aim-icon	{ width: {IMG_ICON_CONTACT_AIM_WIDTH}px; height: {IMG_ICON_CONTACT_AIM_HEIGHT}px; }\nul.profile-icons li.yahoo-icon	{ width: {IMG_ICON_CONTACT_YAHOO_WIDTH}px; height: {IMG_ICON_CONTACT_YAHOO_HEIGHT}px; }\nul.profile-icons li.web-icon	{ width: {IMG_ICON_CONTACT_WWW_WIDTH}px; height: {IMG_ICON_CONTACT_WWW_HEIGHT}px; }\nul.profile-icons li.msnm-icon	{ width: {IMG_ICON_CONTACT_MSNM_WIDTH}px; height: {IMG_ICON_CONTACT_MSNM_HEIGHT}px; }\nul.profile-icons li.icq-icon	{ width: {IMG_ICON_CONTACT_ICQ_WIDTH}px; height: {IMG_ICON_CONTACT_ICQ_HEIGHT}px; }\nul.profile-icons li.jabber-icon	{ width: {IMG_ICON_CONTACT_JABBER_WIDTH}px; height: {IMG_ICON_CONTACT_JABBER_HEIGHT}px; }\nul.profile-icons li.pm-icon		{ width: {IMG_ICON_CONTACT_PM_WIDTH}px; height: {IMG_ICON_CONTACT_PM_HEIGHT}px; }\nul.profile-icons li.quote-icon	{ width: {IMG_ICON_POST_QUOTE_WIDTH}px; height: {IMG_ICON_POST_QUOTE_HEIGHT}px; }\nul.profile-icons li.report-icon	{ width: {IMG_ICON_POST_REPORT_WIDTH}px; height: {IMG_ICON_POST_REPORT_HEIGHT}px; }\nul.profile-icons li.edit-icon	{ width: {IMG_ICON_POST_EDIT_WIDTH}px; height: {IMG_ICON_POST_EDIT_HEIGHT}px; }\nul.profile-icons li.delete-icon	{ width: {IMG_ICON_POST_DELETE_WIDTH}px; height: {IMG_ICON_POST_DELETE_HEIGHT}px; }\nul.profile-icons li.info-icon	{ width: {IMG_ICON_POST_INFO_WIDTH}px; height: {IMG_ICON_POST_INFO_HEIGHT}px; }\nul.profile-icons li.warn-icon	{ width: {IMG_ICON_USER_WARN_WIDTH}px; height: {IMG_ICON_USER_WARN_HEIGHT}px; }\n\n/* Fix profile icon default margins */\nul.profile-icons li.edit-icon	{ margin: 0 0 0 3px; }\nul.profile-icons li.quote-icon	{ margin: 0 0 0 3px; }\nul.profile-icons li.info-icon, ul.profile-icons li.report-icon	{ margin: 0 3px 0 0; }\n/* proSilver Control Panel Styles\n---------------------------------------- */\n\n\n/* Main CP box\n----------------------------------------*/\n#cp-menu {\n	float:left;\n	width: 19%;\n	margin-top: 1em;\n	margin-bottom: 5px;\n}\n\n#cp-main {\n	float: left;\n	width: 81%;\n}\n\n#cp-main .content {\n	padding: 0;\n}\n\n#cp-main h3, #cp-main hr, #cp-menu hr {\n	border-color: #bfbfbf;\n}\n\n#cp-main .panel p {\n	font-size: 1.1em;\n}\n\n#cp-main .panel ol {\n	margin-left: 2em;\n	font-size: 1.1em;\n}\n\n#cp-main .panel li.row {\n	border-bottom: 1px solid #cbcbcb;\n	border-top: 1px solid #F9F9F9;\n}\n\nul.cplist {\n	margin-bottom: 5px;\n	border-top: 1px solid #cbcbcb;\n}\n\n#cp-main .panel li.header dd, #cp-main .panel li.header dt {\n	color: #000000;\n	margin-bottom: 2px;\n}\n\n#cp-main table.table1 {\n	margin-bottom: 1em;\n}\n\n#cp-main table.table1 thead th {\n	color: #333333;\n	font-weight: bold;\n	border-bottom: 1px solid #333333;\n	padding: 5px;\n}\n\n#cp-main table.table1 tbody th {\n	font-style: italic;\n	background-color: transparent !important;\n	border-bottom: none;\n}\n\n#cp-main .pagination {\n	float: right;\n	width: auto;\n	padding-top: 1px;\n}\n\n#cp-main .postbody p {\n	font-size: 1.1em;\n}\n\n#cp-main .pm-message {\n	border: 1px solid #e2e2e2;\n	margin: 10px 0;\n	background-color: #FFFFFF;\n	width: auto;\n	float: none;\n}\n\n.pm-message h2 {\n	padding-bottom: 5px;\n}\n\n#cp-main .postbody h3, #cp-main .box2 h3 {\n	margin-top: 0;\n}\n\n#cp-main .buttons {\n	margin-left: 0;\n}\n\n#cp-main ul.linklist {\n	margin: 0;\n}\n\n/* MCP Specific tweaks */\n.mcp-main .postbody {\n	width: 100%;\n}\n\n/* CP tabbed menu\n----------------------------------------*/\n#tabs {\n	line-height: normal;\n	margin: 20px 0 -1px 7px;\n	min-width: 570px;\n}\n\n#tabs ul {\n	margin:0;\n	padding: 0;\n	list-style: none;\n}\n\n#tabs li {\n	display: inline;\n	margin: 0;\n	padding: 0;\n	font-size: 1em;\n	font-weight: bold;\n}\n\n#tabs a {\n	float: left;\n	background: none no-repeat 0% -35px;\n	margin: 0 1px 0 0;\n	padding: 0 0 0 5px;\n	text-decoration: none;\n	position: relative;\n	cursor: pointer;\n}\n\n#tabs a span {\n	float: left;\n	display: block;\n	background: none no-repeat 100% -35px;\n	padding: 6px 10px 6px 5px;\n	color: #828282;\n	white-space: nowrap;\n}\n\n#tabs a:hover span {\n	color: #bcbcbc;\n}\n\n#tabs .activetab a {\n	background-position: 0 0;\n	border-bottom: 1px solid #ebebeb;\n}\n\n#tabs .activetab a span {\n	background-position: 100% 0;\n	padding-bottom: 7px;\n	color: #333333;\n}\n\n#tabs a:hover {\n	background-position: 0 -70px;\n}\n\n#tabs a:hover span {\n	background-position:100% -70px;\n}\n\n#tabs .activetab a:hover {\n	background-position: 0 0;\n}\n\n#tabs .activetab a:hover span {\n	color: #000000;\n	background-position: 100% 0;\n}\n\n/* Mini tabbed menu used in MCP\n----------------------------------------*/\n#minitabs {\n	line-height: normal;\n	margin: -20px 7px 0 0;\n}\n\n#minitabs ul {\n	margin:0;\n	padding: 0;\n	list-style: none;\n}\n\n#minitabs li {\n	display: block;\n	float: right;\n	padding: 0 10px 4px 10px;\n	font-size: 1em;\n	font-weight: bold;\n	background-color: #f2f2f2;\n	margin-left: 2px;\n}\n\n#minitabs a {\n}\n\n#minitabs a:hover {\n	text-decoration: none;\n}\n\n#minitabs li.activetab {\n	background-color: #F9F9F9;\n}\n\n#minitabs li.activetab a, #minitabs li.activetab a:hover {\n	color: #333333;\n}\n\n/* UCP navigation menu\n----------------------------------------*/\n/* Container for sub-navigation list */\n#navigation {\n	width: 100%;\n	padding-top: 36px;\n}\n\n#navigation ul {\n	list-style:none;\n}\n\n/* Default list state */\n#navigation li {\n	margin: 1px 0;\n	padding: 0;\n	font-weight: bold;\n	display: inline;\n}\n\n/* Link styles for the sub-section links */\n#navigation a {\n	display: block;\n	padding: 5px;\n	margin: 1px 0;\n	text-decoration: none;\n	font-weight: bold;\n	color: #333;\n	background: #cfcfcf none repeat-y 100% 0;\n}\n\n#navigation a:hover {\n	text-decoration: none;\n	background-color: #c6c6c6;\n	color: #bcbcbc;\n	background-image: none;\n}\n\n#navigation #active-subsection a {\n	display: block;\n	color: #4F7500;\n	background-color: #F9F9F9;\n	background-image: none;\n}\n\n#navigation #active-subsection a:hover {\n	color: #4F7500;\n}\n\n/* Preferences pane layout\n----------------------------------------*/\n#cp-main h2 {\n	border-bottom: none;\n	padding: 0;\n	margin-left: 10px;\n	color: #333333;\n}\n\n#cp-main .panel {\n	background-color: #F9F9F9;\n}\n\n#cp-main .pm {\n	background-color: #FFFFFF;\n}\n\n#cp-main span.corners-top, #cp-menu span.corners-top {\n	background-image: none;\n}\n\n#cp-main span.corners-top span, #cp-menu span.corners-top span {\n	background-image: none;\n}\n\n#cp-main span.corners-bottom, #cp-menu span.corners-bottom {\n	background-image: none;\n}\n\n#cp-main span.corners-bottom span, #cp-menu span.corners-bottom span {\n	background-image: none;\n}\n\n/* Topicreview */\n#cp-main .panel #topicreview span.corners-top, #cp-menu .panel #topicreview span.corners-top {\n	background-image: none;\n}\n\n#cp-main .panel #topicreview span.corners-top span, #cp-menu .panel #topicreview span.corners-top span {\n	background-image: none;\n}\n\n#cp-main .panel #topicreview span.corners-bottom, #cp-menu .panel #topicreview span.corners-bottom {\n	background-image: none;\n}\n\n#cp-main .panel #topicreview span.corners-bottom span, #cp-menu .panel #topicreview span.corners-bottom span {\n	background-image: none;\n}\n\n/* Friends list */\n.cp-mini {\n	background-color: #f9f9f9;\n	padding: 0 5px;\n	margin: 10px 15px 10px 5px;\n}\n\n.cp-mini span.corners-top, .cp-mini span.corners-bottom {\n	margin: 0 -5px;\n}\n\ndl.mini dt {\n	font-weight: bold;\n	color: #676767;\n}\n\ndl.mini dd {\n	padding-top: 4px;\n}\n\n.friend-online {\n	font-weight: bold;\n}\n\n.friend-offline {\n	font-style: italic;\n}\n\n/* PM Styles\n----------------------------------------*/\n#pm-menu {\n	line-height: 2.5em;\n}\n\n/* PM Message history */\n.current {\n	color: #999999;\n}\n\n/* Defined rules list for PM options */\nol.def-rules {\n	padding-left: 0;\n}\n\nol.def-rules li {\n	line-height: 180%;\n	padding: 1px;\n}\n\n/* PM marking colours */\n.pmlist li.bg1 {\n	border: solid 3px transparent;\n	border-width: 0 3px;\n}\n\n.pmlist li.bg2 {\n	border: solid 3px transparent;\n	border-width: 0 3px;\n}\n\n.pmlist li.pm_message_reported_colour, .pm_message_reported_colour {\n	border-left-color: #bcbcbc;\n	border-right-color: #bcbcbc;\n}\n\n.pmlist li.pm_marked_colour, .pm_marked_colour {\n	border: solid 3px #ffffff;\n	border-width: 0 3px;\n}\n\n.pmlist li.pm_replied_colour, .pm_replied_colour {\n	border: solid 3px #c2c2c2;\n	border-width: 0 3px;	\n}\n\n.pmlist li.pm_friend_colour, .pm_friend_colour {\n	border: solid 3px #bdbdbd;\n	border-width: 0 3px;\n}\n\n.pmlist li.pm_foe_colour, .pm_foe_colour {\n	border: solid 3px #000000;\n	border-width: 0 3px;\n}\n\n.pm-legend {\n	border-left-width: 10px;\n	border-left-style: solid;\n	border-right-width: 0;\n	margin-bottom: 3px;\n	padding-left: 3px;\n}\n\n/* Avatar gallery */\n#gallery label {\n	position: relative;\n	float: left;\n	margin: 10px;\n	padding: 5px;\n	width: auto;\n	background: #FFFFFF;\n	border: 1px solid #CCC;\n	text-align: center;\n}\n\n#gallery label:hover {\n	background-color: #EEE;\n}\n/* proSilver Form Styles\n---------------------------------------- */\n\n/* General form styles\n----------------------------------------*/\nfieldset {\n	border-width: 0;\n	font-family: Verdana, Helvetica, Arial, sans-serif;\n	font-size: 1.1em;\n}\n\ninput {\n	font-weight: normal;\n	cursor: pointer;\n	vertical-align: middle;\n	padding: 0 3px;\n	font-size: 1em;\n	font-family: Verdana, Helvetica, Arial, sans-serif;\n}\n\nselect {\n	font-family: Verdana, Helvetica, Arial, sans-serif;\n	font-weight: normal;\n	cursor: pointer;\n	vertical-align: middle;\n	border: 1px solid #666666;\n	padding: 1px;\n	background-color: #FAFAFA;\n}\n\noption {\n	padding-right: 1em;\n}\n\noption.disabled-option {\n	color: graytext;\n}\n\ntextarea {\n	font-family: \"Lucida Grande\", Verdana, Helvetica, Arial, sans-serif;\n	width: 60%;\n	padding: 2px;\n	font-size: 1em;\n	line-height: 1.4em;\n}\n\nlabel {\n	cursor: default;\n	padding-right: 5px;\n	color: #676767;\n}\n\nlabel input {\n	vertical-align: middle;\n}\n\nlabel img {\n	vertical-align: middle;\n}\n\n/* Definition list layout for forms\n---------------------------------------- */\nfieldset dl {\n	padding: 4px 0;\n}\n\nfieldset dt {\n	float: left;	\n	width: 40%;\n	text-align: left;\n	display: block;\n}\n\nfieldset dd {\n	margin-left: 41%;\n	vertical-align: top;\n	margin-bottom: 3px;\n}\n\n/* Specific layout 1 */\nfieldset.fields1 dt {\n	width: 15em;\n	border-right-width: 0;\n}\n\nfieldset.fields1 dd {\n	margin-left: 15em;\n	border-left-width: 0;\n}\n\nfieldset.fields1 {\n	background-color: transparent;\n}\n\nfieldset.fields1 div {\n	margin-bottom: 3px;\n}\n\n/* Specific layout 2 */\nfieldset.fields2 dt {\n	width: 15em;\n	border-right-width: 0;\n}\n\nfieldset.fields2 dd {\n	margin-left: 16em;\n	border-left-width: 0;\n}\n\n/* Form elements */\ndt label {\n	font-weight: bold;\n	text-align: left;\n}\n\ndd label {\n	white-space: nowrap;\n	color: #333;\n}\n\ndd input, dd textarea {\n	margin-right: 3px;\n}\n\ndd select {\n	width: auto;\n}\n\ndd textarea {\n	width: 85%;\n}\n\n/* Hover effects */\nfieldset dl:hover dt label {\n	color: #000000;\n}\n\nfieldset.fields2 dl:hover dt label {\n	color: inherit;\n}\n\n#timezone {\n	width: 95%;\n}\n\n* html #timezone {\n	width: 50%;\n}\n\n/* Quick-login on index page */\nfieldset.quick-login {\n	margin-top: 5px;\n}\n\nfieldset.quick-login input {\n	width: auto;\n}\n\nfieldset.quick-login input.inputbox {\n	width: 15%;\n	vertical-align: middle;\n	margin-right: 5px;\n	background-color: #f3f3f3;\n}\n\nfieldset.quick-login label {\n	white-space: nowrap;\n	padding-right: 2px;\n}\n\n/* Display options on viewtopic/viewforum pages  */\nfieldset.display-options {\n	text-align: center;\n	margin: 3px 0 5px 0;\n}\n\nfieldset.display-options label {\n	white-space: nowrap;\n	padding-right: 2px;\n}\n\nfieldset.display-options a {\n	margin-top: 3px;\n}\n\n/* Display actions for ucp and mcp pages */\nfieldset.display-actions {\n	text-align: right;\n	line-height: 2em;\n	white-space: nowrap;\n	padding-right: 1em;\n}\n\nfieldset.display-actions label {\n	white-space: nowrap;\n	padding-right: 2px;\n}\n\nfieldset.sort-options {\n	line-height: 2em;\n}\n\n/* MCP forum selection*/\nfieldset.forum-selection {\n	margin: 5px 0 3px 0;\n	float: right;\n}\n\nfieldset.forum-selection2 {\n	margin: 13px 0 3px 0;\n	float: right;\n}\n\n/* Jumpbox */\nfieldset.jumpbox {\n	text-align: right;\n	margin-top: 15px;\n	height: 2.5em;\n}\n\nfieldset.quickmod {\n	width: 50%;\n	float: right;\n	text-align: right;\n	height: 2.5em;\n}\n\n/* Submit button fieldset */\nfieldset.submit-buttons {\n	text-align: center;\n	vertical-align: middle;\n	margin: 5px 0;\n}\n\nfieldset.submit-buttons input {\n	vertical-align: middle;\n	padding-top: 3px;\n	padding-bottom: 3px;\n}\n\n/* Posting page styles\n----------------------------------------*/\n\n/* Buttons used in the editor */\n#format-buttons {\n	margin: 15px 0 2px 0;\n}\n\n#format-buttons input, #format-buttons select {\n	vertical-align: middle;\n}\n\n/* Main message box */\n#message-box {\n	width: 80%;\n}\n\n#message-box textarea {\n	font-family: \"Trebuchet MS\", Verdana, Helvetica, Arial, sans-serif;\n	width: 100%;\n	font-size: 1.2em;\n	color: #333333;\n}\n\n/* Emoticons panel */\n#smiley-box {\n	width: 18%;\n	float: right;\n}\n\n#smiley-box img {\n	margin: 3px;\n}\n\n/* Input field styles\n---------------------------------------- */\n.inputbox {\n	background-color: #FFFFFF;\n	border: 1px solid #c0c0c0;\n	color: #333333;\n	padding: 2px;\n	cursor: text;\n}\n\n.inputbox:hover {\n	border: 1px solid #eaeaea;\n}\n\n.inputbox:focus {\n	border: 1px solid #eaeaea;\n	color: #4b4b4b;\n}\n\ninput.inputbox	{ width: 85%; }\ninput.medium	{ width: 50%; }\ninput.narrow	{ width: 25%; }\ninput.tiny		{ width: 125px; }\n\ntextarea.inputbox {\n	width: 85%;\n}\n\n.autowidth {\n	width: auto !important;\n}\n\n/* Form button styles\n---------------------------------------- */\ninput.button1, input.button2 {\n	font-size: 1em;\n}\n\na.button1, input.button1, input.button3, a.button2, input.button2 {\n	width: auto !important;\n	padding-top: 1px;\n	padding-bottom: 1px;\n	font-family: \"Lucida Grande\", Verdana, Helvetica, Arial, sans-serif;\n	color: #000;\n	background: #FAFAFA none repeat-x top;\n}\n\na.button1, input.button1 {\n	font-weight: bold;\n	border: 1px solid #666666;\n}\n\ninput.button3 {\n	padding: 0;\n	margin: 0;\n	line-height: 5px;\n	height: 12px;\n	background-image: none;\n	font-variant: small-caps;\n}\n\n/* Alternative button */\na.button2, input.button2, input.button3 {\n	border: 1px solid #666666;\n}\n\n/* <a> button in the style of the form buttons */\na.button1, a.button1:link, a.button1:visited, a.button1:active, a.button2, a.button2:link, a.button2:visited, a.button2:active {\n	text-decoration: none;\n	color: #000000;\n	padding: 2px 8px;\n	line-height: 250%;\n	vertical-align: text-bottom;\n	background-position: 0 1px;\n}\n\n/* Hover states */\na.button1:hover, input.button1:hover, a.button2:hover, input.button2:hover, input.button3:hover {\n	border: 1px solid #BCBCBC;\n	background-position: 0 100%;\n	color: #BCBCBC;\n}\n\ninput.disabled {\n	font-weight: normal;\n	color: #666666;\n}\n\n/* Topic and forum Search */\n.search-box {\n	margin-top: 3px;\n	margin-left: 5px;\n	float: left;\n}\n\n.search-box input {\n}\n\ninput.search {\n}\n\n.full { width: 95%; }\n.medium { width: 50%;}\n.narrow { width: 25%;}\n.tiny { width: 10%;}\n/* proSilver Style Sheet Tweaks\n\nThese style definitions are mainly IE specific \ntweaks required due to its poor CSS support.\n-------------------------------------------------*/\n\n* html table, * html select, * html input { font-size: 100%; }\n* html hr { margin: 0; }\n\ntable.table1 {\n	width: 99%;		/* IE < 6 browsers */\n	/* Tantek hack */\n	voice-family: \"\\\"}\\\"\";\n	voice-family: inherit;\n	width: 100%;\n}\nhtml>body table.table1 { width: 100%; }	/* Reset 100% for opera */\n\n* html ul.topiclist li { position: relative; }\n* html .postbody h3 img { vertical-align: middle; }\n\n/* Form styles */\nhtml>body dd label input { vertical-align: text-bottom; }	/* Align checkboxes/radio buttons nicely */\n\n* html input.button1, * html input.button2 {\n	padding-bottom: 0;\n	margin-bottom: 1px;\n}\n\n/* Misc layout styles */\n* html .column1, * html .column2 { width: 45%; }\n\n/* Nice method for clearing floated blocks without having to insert any extra markup (like spacer above)\n   From http://www.positioniseverything.net/easyclearing.html \n#tabs:after, #minitabs:after, .post:after, .navbar:after, fieldset dl:after, ul.topiclist dl:after, ul.linklist:after, dl.polls:after {\n	content: \".\"; \n	display: block; \n	height: 0; \n	clear: both; \n	visibility: hidden;\n}*/\n\n.clearfix, #tabs, #minitabs, fieldset dl, ul.topiclist dl, dl.polls {\n	height: 1%;\n	overflow: hidden;\n}\n\n/* viewtopic fix */\n* html .post {\n	height: 25%;\n	overflow: hidden;\n}\n\n/* navbar fix */\n* html .clearfix, * html .navbar, ul.linklist {\n	height: 4%;\n	overflow: hidden;\n}\n\n/* Simple fix so forum and topic lists always have a min-height set, even in IE6\n	From http://www.dustindiaz.com/min-height-fast-hack */\ndl.icon {\n	min-height: 35px;\n	height: auto !important;\n	height: 35px;\n}\n\n* html #search-box {\n	width: 25%;\n}\n\n/* Correctly clear floating for details on profile view */\n*:first-child+html dl.details dd {\n	margin-left: 30%;\n	float: none;\n}\n\n* html dl.details dd {\n	margin-left: 30%;\n	float: none;\n}\n\n* html .forumbg table.table1 {\n	margin: 0 -2px 0px -1px;\n}\n/*  	\n--------------------------------------------------------------\nColours and backgrounds for common.css\n-------------------------------------------------------------- */\n\nhtml, body {\n	color: #666666;\n	background-color: #FFFFFF;\n}\n\nh1 {\n	color: #1F1F1F;\n}\n\nh2 {\n	color: #1F1F1F;\n}\n\nh3 {\n	border-bottom-color: #CCCCCC;\n	color: #1F1F1F;\n}\n\nhr {\n	border-color: #FFFFFF;\n	border-top-color: #CCCCCC;\n}\n\nhr.dashed {\n	border-top-color: #CCCCCC;\n}\n\n/* Search box\n--------------------------------------------- */\n\n#search-box {\n	color: #FFFFFF;\n}\n\n#search-box #keywords {\n	background-color: #FFF;\n}\n\n#search-box input {\n	border-color: #BAB7AB;\n}\n\n/* Round cornered boxes and backgrounds\n---------------------------------------- */\n.headerbar {\n	border-color: #CEC7BD #CEC7BD;\n	background-color: #EBEBEB;\n	background-image: url(\"{T_THEME_PATH}/images/bg_header.gif\");\n	color: #666666;\n}\n\n.headerbar .inner {\n	border-color: transparent white white;\n}\n\n\n.navbar {\n	border-color: #CEC7BD;\n	background-color: #EBEBEB;\n	background-image: url(\"{T_THEME_PATH}/images/bg_header.gif\");\n	background-position: 0px 80%;\n	color: #666666;\n}\n\n.forabg, .post {\n	border-color: #DAD7CB;\n	background-color: #EEEEEA;\n}\n\n.forumbg {\n	border-color: #DAD7CB;\n	background-color: #EEEEEA;\n	background-image: url(\"{T_THEME_PATH}/images/bg_ header.gif\");\n}\n\n.panel {\n	background-color: #EEEEEA;\n	color: #28313F;\n	border-color: #DAD7CB;\n}\n\n.post:target .content {\n	color: #000000;\n}\n\n.post:target h3 a {\n	color: #000000;\n}\n\n.bg1	{ background-color: #FEFEFA; }\n.bg2	{ background-color: #FAFAF8;  }\n.bg3	{ background-color: #EEEEEA; }\n\n.ucprowbg {\n	background-color: #DCDEE2;\n}\n\n.fieldsbg {\n	background-color: #E7E8EA;\n}\n\n\n/* Horizontal lists\n----------------------------------------*/\n\nul.navlinks {\n	border-bottom-color: #CEC7BD;\n}\n\n/* Table styles\n----------------------------------------*/\ntable.table1 thead th {\n	color: #1F1F1F;\n	font-size: 1.2em;\n}\n\ntable.table1 tbody tr {\n	border-color: #BFC1CF;\n}\n\ntable.table1 tbody tr:hover, table.table1 tbody tr.hover {\n	background-color: #EAF4FF;\n	color: #000;\n}\n\ntable.table1 td {\n	color: #666666;\n}\n\ntable.table1 tbody td {\n	border-top-color: #FAFAFA;\n}\n\ntable.table1 tbody th {\n	border-bottom-color: #000000;\n	color: #333333;\n	background-color: #FFFFFF;\n}\n\ntable.info tbody th {\n	color: #000000;\n}\n\n/* Misc layout styles\n---------------------------------------- */\ndl.details dt {\n	color: #000000;\n}\n\ndl.details dd {\n	color: #666666;\n}\n\n.sep {\n	color: #1198D9;\n}\n\n/* Pagination\n---------------------------------------- */\n\n.pagination, .pagination span a {\n	background-image: url(\"{T_THEME_PATH}/images/bg_button.gif\");\n	border-color: #CFCBBC;\n	\n}\n\n.pagination span strong {\n	background-image: url(\"{T_THEME_PATH}/images/bg_button.gif\");\n	color: #666666;\n	border-color: #CFCBBC;\n	background-position: 0pt 100%;\n	\n}\n\n.pagination span a, .pagination span a:link, .pagination span a:visited, .pagination span a:active {\n	color: #4F7500;\n	border-color: #CFCBBC;\n}\n\n.pagination span a:hover {\n	border-color: #CFCBBC;\n	color: 	#4F7500;\n	background-position: 0pt 100%;\n;\n}\n\n/* Pagination in viewforum for multipage topics */\n.row .pagination {\n	background-image: url(\"{T_THEME_PATH}/images/icon_pages.gif\");\n}\n\n.row .pagination span a, li.pagination span a {\n	background-color: #FFFFFF;\n	margin: 1px;\n	background-image: none;\n}\n\n.row .pagination span a:hover, li.pagination span a:hover {\n	background: #DFE9C0 none repeat scroll 0% 0%;\n	border: 1px solid #D0D0D0;\n}\n\n/* Miscellaneous styles\n---------------------------------------- */\n\n.copyright {\n	color: #555555;\n}\n\n.error {\n	color: #BC2A4D;\n}\n\n.reported {\n	background-color: #F7ECEF;\n}\n\nli.reported:hover {\n	background-color: #ECD5D8 !important;\n}\n.sticky, .announce {\n	/* you can add a background for stickies and announcements*/\n}\n\ndiv.rules {\n	/*background-color: #ECD5D8;\n	color: #BC2A4D;*/\nborder:1px solid #FFCB97 !important;\ncolor: #990000;\nbackground: #FFFAEC url( \"{T_THEME_PATH}/images/announce.gif\") no-repeat 3px 6px;\n}\n\np.rules {\n/*	background-color: #ECD5D8;\n	background-image: none;*/\nbackground-color: #FFFAEC;\ncolor: #990000;\n}\n\n/*  	\n--------------------------------------------------------------\nColours and backgrounds for links.css\n-------------------------------------------------------------- */\n\na:link	{ color: #4F7500; }\na:visited	{ color: #4F7500; }\na:hover	{ color: #4F7500; }\na:active	{ color: #4F7500; }\n\n/* Links on gradient backgrounds */\n#search-box a:link, .navbg a:link, .forumbg .header a:link, .forabg .header a:link, th a:link {\n	color: #000;\n}\n\n#search-box a:visited, .navbg a:visited, .forumbg .header a:visited, .forabg .header a:visited, th a:visited {\n	color: #000;\n}\n\n#search-box a:hover, .navbg a:hover, .forumbg .header a:hover, .forabg .header a:hover, th a:hover {\n	color: #000;\n}\n\n#search-box a:active, .navbg a:active, .forumbg .header a:active, .forabg .header a:active, th a:active {\n	color: #000;\n}\n\n/* Links for forum/topic lists */\na.forumtitle {\n	color: #4F7500;\n}\n\n/* a.forumtitle:visited { color: #105289; } */\n\na.forumtitle:hover {\n	color: #4F7500;\n}\n\na.forumtitle:active {\n	color: #4F7500;\n}\n\na.topictitle {\n	color: #4F7500;\n}\n\n/* a.topictitle:visited { color: #368AD2; } */\n\na.topictitle:hover {\n	color: #4F7500;\n}\n\na.topictitle:active {\n	color: #4F7500;\n}\n\n/* Post body links */\n.postlink {\n	color: #368AD2;\n	border-bottom-color: #368AD2;\n}\n\n.postlink:visited {\n	color: #5D8FBD;\n	border-bottom-color: #666666;\n}\n\n.postlink:active {\n	color: #368AD2;\n}\n\n.postlink:hover {\n	background-color: #D0E4F6;\n	color: #0D4473;\n}\n\n.signature a, .signature a:visited, .signature a:active, .signature a:hover {\n	background-color: transparent;\n}\n\n/* Profile links */\n.postprofile a:link, .postprofile a:active, .postprofile a:visited, .postprofile dt.author a {\n	color: #105289;\n}\n\n.postprofile a:hover, .postprofile dt.author a:hover {\n	color: #D31141;\n}\n\n/* Profile searchresults */	\n.search .postprofile a {\n	color: #105289;\n}\n\n.search .postprofile a:hover {\n	color: #D31141;\n}\n\n/* Back to top of page */\na.top {\n	background-image: url(\"{IMG_ICON_BACK_TOP_SRC}\");\n}\n\na.top2 {\n	background-image: url(\"{IMG_ICON_BACK_TOP_SRC}\");\n}\n\n/* Arrow links  */\na.up		{ background-image: url(\"{T_THEME_PATH}/images/arrow_up.gif\") }\na.down		{ background-image: url(\"{T_THEME_PATH}/images/arrow_down.gif\") }\na.left		{ background-image: url(\"{T_THEME_PATH}/images/arrow_left.gif\") }\na.right		{ background-image: url(\"{T_THEME_PATH}/images/arrow_right.gif\") }\n\na.up:hover {\n	background-color: transparent;\n}\n\na.left:hover {\n	color: #368AD2;\n}\n\na.right:hover {\n	color: #368AD2;\n}\n\n\n/*  	\n--------------------------------------------------------------\nColours and backgrounds for content.css\n-------------------------------------------------------------- */\n\nul.forums {\n	background-color: #FEFEFA;\n	border-color: #DAD7CB;\n}\n\n\nul.topiclist li {\n	color: #666;\n}\n\nul.topiclist dd {\n	border-left-color: #FFFFFF;\n}\n\n.rtl ul.topiclist dd {\n	border-right-color: #fff;\n	border-left-color: transparent;\n}\n\nul.topiclist li.row dt a.subforum.read {\n	background-image: url(\"{IMG_SUBFORUM_READ_SRC}\");\n}\n\nul.topiclist li.row dt a.subforum.unread {\n	background-image: url(\"{IMG_SUBFORUM_UNREAD_SRC}\");\n}\n\nli.row {\n	border-top-color:  #FFFFFF;\n	border-bottom-color: #CFCBBC;\n}\n\nli.row strong {\n	color: #000000;\n}\n\nli.row:hover {\n	/*background-color: #F6F4D0;*/\n	background-color: #EFF9D0;\n}\n\nli.row:hover dd {\n	border-left-color: #CCCCCC;\n}\n\n.rtl li.row:hover dd {\n	border-right-color: #CCCCCC;\n	border-left-color: transparent;\n}\n\nli.header {\n	background-image: url( \"{T_THEME_PATH}/images/bg_header.gif\");\n	background-position: 0 95%;\n	\n}\nli.header dt, li.header dd {\n	color: #666;\n}\n\n/* Forum list column styles */\nul.topiclist dd.searchextra {\n	color: #333333;\n}\n\n/* Post body styles\n----------------------------------------*/\n.postbody {\n	color: #333333;\n}\n\n/* Content container styles\n----------------------------------------*/\n.content {\n	color: #333333;\n}\n\n.content h2, .panel h2 {\n	color: #1F1F1F;\n	border-bottom-color: #CEC7BD;\n}\n\ndl.faq dt {\n	color: #333333;\n}\n\n.posthilit {\n	background-color: #F3BFCC;\n	color: #BC2A4D;\n}\n\n/* Post signature */\n.signature {\n	border-top-color: #CCCCCC;\n}\n\n/* Post noticies */\n.notice {\n	border-top-color:  #CCCCCC;\n}\n\n/* BB Code styles\n----------------------------------------*/\n/* Quote block */\nblockquote {\n	background-color: #EBEADD;\n	background-image: url(\"{T_THEME_PATH}/images/quote.gif\");\n	border-color:#DBDBCE;\n}\n\nblockquote blockquote {\n	/* Nested quotes */\n	background-color:#EFEED9;\n}\n\nblockquote blockquote blockquote {\n	/* Nested quotes */\n	background-color: #EBEADD;\n}\n\n/* Code block */\ndl.codebox {\n	background-color: #FFFFFF;\n	border-color: #C9D2D8;\n}\n\ndl.codebox dt {\n	border-bottom-color:  #CCCCCC;\n}\n\ndl.codebox code {\n	color: #2E8B57;\n}\n\n.syntaxbg		{ color: #FFFFFF; }\n.syntaxcomment	{ color: #FF8000; }\n.syntaxdefault	{ color: #0000BB; }\n.syntaxhtml		{ color: #000000; }\n.syntaxkeyword	{ color: #007700; }\n.syntaxstring	{ color: #DD0000; }\n\n/* Attachments\n----------------------------------------*/\n.attachbox {\n	background-color: #FFFFFF;\n	border-color:  #C9D2D8;\n}\n\n.pm-message .attachbox {\n	background-color: #F2F3F3;\n}\n\n.attachbox dd {\n	border-top-color: #C9D2D8;\n}\n\n.attachbox p {\n	color: #666666;\n}\n\n.attachbox p.stats {\n	color: #666666;\n}\n\n.attach-image img {\n	border-color: #999999;\n}\n\n/* Inline image thumbnails */\n\ndl.file dd {\n	color: #666666;\n}\n\ndl.thumbnail img {\n	border-color: #666666;\n	background-color: #FFFFFF;\n}\n\ndl.thumbnail dd {\n	color: #666666;\n}\n\ndl.thumbnail dt a:hover {\n	background-color: #EEEEEE;\n}\n\ndl.thumbnail dt a:hover img {\n	border-color: #368AD2;\n}\n\n/* Post poll styles\n----------------------------------------*/\n\nfieldset.polls dl {\n	border-top-color: #DCDEE2;\n	color: #666666;\n}\n\nfieldset.polls dl.voted {\n	color: #000000;\n}\n\nfieldset.polls dd div {\n	color: #FFFFFF;\n}\n\n.rtl .pollbar1, .rtl .pollbar2, .rtl .pollbar3, .rtl .pollbar4, .rtl .pollbar5 {\n	border-right-color: transparent;\n}\n\n.pollbar1 {\n	background-color: #AA2346;\n	border-bottom-color: #74162C;\n	border-right-color: #74162C;\n}\n\n.rtl .pollbar1 {\n	border-left-color: #74162C;\n}\n\n.pollbar2 {\n	background-color: #BE1E4A;\n	border-bottom-color: #8C1C38;\n	border-right-color: #8C1C38;\n}\n\n.rtl .pollbar2 {\n	border-left-color: #8C1C38;\n}\n\n.pollbar3 {\n	background-color: #D11A4E;\n	border-bottom-color: #AA2346;\n	border-right-color: #AA2346;\n}\n\n.rtl .pollbar3 {\n	border-left-color: #AA2346;\n}\n\n.pollbar4 {\n	background-color: #E41653;\n	border-bottom-color: #BE1E4A;\n	border-right-color: #BE1E4A;\n}\n\n.rtl .pollbar4 {\n	border-left-color: #BE1E4A;\n}\n\n.pollbar5 {\n	background-color: #F81157;\n	border-bottom-color: #D11A4E;\n	border-right-color: #D11A4E;\n}\n\n.rtl .pollbar5 {\n	border-left-color: #D11A4E;\n}\n\n/* Poster profile block\n----------------------------------------*/\n.postprofile {\n	color: #666666;\n	border-left-color: #DAD7CB;\n}\n\n.rtl .postprofile {\n	border-right-color: #DAD7CB;\n	border-left-color: transparent;\n}\n\n.pm .postprofile {\n	border-left-color: #DAD7CB;\n}\n\n.rtl .pm .postprofile {\n	border-right-color: #DAD7CB;\n	border-left-color: transparent;\n}\n\n.postprofile strong {\n	color: #000000;\n}\n\n.online {\n	background-image: url(\"{T_IMAGESET_LANG_PATH}/icon_user_online.gif\");\n}\n\n/*  	\n--------------------------------------------------------------\nColours and backgrounds for buttons.css\n-------------------------------------------------------------- */\n\n/* Big button images */\n.reply-icon span	{ background-image: url(\"{IMG_BUTTON_TOPIC_REPLY_SRC}\"); }\n\n.post-icon span		{ background-image: url(\"{IMG_BUTTON_TOPIC_NEW_SRC}\"); }\n.locked-icon span	{ background-image: url(\"{IMG_BUTTON_TOPIC_LOCKED_SRC}\"); }\n.pmreply-icon span	{ background-image: url(\"{IMG_BUTTON_PM_REPLY_SRC}\") ;}\n.newpm-icon span 	{ background-image: url(\"{IMG_BUTTON_PM_NEW_SRC}\") ;}\n.forwardpm-icon span	{ background-image: url(\"{IMG_BUTTON_PM_FORWARD_SRC}\") ;}\n\na.print {\n	background-image: url(\"{T_THEME_PATH}/images/icon_print.gif\");\n}\n\na.sendemail {\n	background-image: url(\"{T_THEME_PATH}/images/icon_sendemail.gif\");\n}\n\na.fontsize {\n	background-image: url(\"{T_THEME_PATH}/images/icon_fontsize.gif\");\n}\n\n/* Icon images\n---------------------------------------- */\n.sitehome						{ background-image: url(\"{T_THEME_PATH}/images/icon_home.gif\"); }\n.icon-faq						{ background-image: url(\"{T_THEME_PATH}/images/icon_faq.gif\"); }\n.icon-members					{ background-image: url(\"{T_THEME_PATH}/images/icon_members.gif\"); }\n.icon-home						{ background-image: url(\"{T_THEME_PATH}/images/icon_home.gif\"); }\n.icon-ucp						{ background-image: url(\"{T_THEME_PATH}/images/icon_ucp.gif\"); }\n.icon-register					{ background-image: url(\"{T_THEME_PATH}/images/icon_register.gif\"); }\n.icon-logout					{ background-image: url(\"{T_THEME_PATH}/images/icon_logout.gif\"); }\n.icon-bookmark					{ background-image: url(\"{T_THEME_PATH}/images/icon_bookmark.gif\"); }\n.icon-bump						{ background-image: url(\"{T_THEME_PATH}/images/icon_bump.gif\"); }\n.icon-subscribe					{ background-image: url(\"{T_THEME_PATH}/images/icon_subscribe.gif\"); }\n.icon-unsubscribe				{ background-image: url(\"{T_THEME_PATH}/images/icon_unsubscribe.gif\"); }\n.icon-pages						{ background-image: url(\"{T_THEME_PATH}/images/icon_pages.gif\"); }\n.icon-search					{ background-image: url(\"{T_THEME_PATH}/images/icon_search.gif\"); }\n\n/* Profile & navigation icons */\n.email-icon, .email-icon a		{ background-image: url(\"{IMG_ICON_CONTACT_EMAIL_SRC}\"); }\n.aim-icon, .aim-icon a			{ background-image: url(\"{IMG_ICON_CONTACT_AIM_SRC}\"); }\n.yahoo-icon, .yahoo-icon a		{ background-image: url(\"{IMG_ICON_CONTACT_YAHOO_SRC}\"); }\n.web-icon, .web-icon a			{ background-image: url(\"{IMG_ICON_CONTACT_WWW_SRC}\"); }\n.msnm-icon, .msnm-icon a			{ background-image: url(\"{IMG_ICON_CONTACT_MSNM_SRC}\"); }\n.icq-icon, .icq-icon a			{ background-image: url(\"{IMG_ICON_CONTACT_ICQ_SRC}\"); }\n.jabber-icon, .jabber-icon a		{ background-image: url(\"{IMG_ICON_CONTACT_JABBER_SRC}\"); }\n.pm-icon, .pm-icon a				{ background-image: url(\"{IMG_ICON_CONTACT_PM_SRC}\"); }\n.quote-icon, .quote-icon a		{ background-image: url(\"{IMG_ICON_POST_QUOTE_SRC}\"); }\n\n/* Moderator icons */\n.report-icon, .report-icon a		{ background-image: url(\"{IMG_ICON_POST_REPORT_SRC}\"); }\n.edit-icon, .edit-icon a			{ background-image: url(\"{IMG_ICON_POST_EDIT_SRC}\"); }\n.delete-icon, .delete-icon a		{ background-image: url(\"{IMG_ICON_POST_DELETE_SRC}\"); }\n.info-icon, .info-icon a			{ background-image: url(\"{IMG_ICON_POST_INFO_SRC}\"); }\n.warn-icon, .warn-icon a			{ background-image: url(\"{IMG_ICON_USER_WARN_SRC}\"); } /* Need updated warn icon */\n\n/*  	\n--------------------------------------------------------------\nColours and backgrounds for cp.css\n-------------------------------------------------------------- */\n\n/* Main CP box\n----------------------------------------*/\n\n#cp-main h3, #cp-main hr, #cp-menu hr {\n	border-color: #DAD7CB;\n}\n\n#cp-main .panel li.row {\n	border-bottom-color: #B5C1CB;\n	border-top-color: #F9F9F9;\n}\n\nul.cplist {\n	border-top-color: #B5C1CB;\n}\n\n#cp-main .panel li.header dd, #cp-main .panel li.header dt {\n	color: #000000;\n}\n\n#cp-main table.table1 thead th {\n	color: #333333;\n	border-bottom-color: #333333;\n}\n\n#cp-main .pm-message {\n	border-color: #DBDEE2;\n	background-color: #FFFFFF;\n}\n\n/* CP tabbed menu\n----------------------------------------*/\n#tabs a {\n	background-image: url(\"{T_THEME_PATH}/images/bg_tabs1.gif\");\n}\n\n#tabs a span {\n	background-image: url(\"{T_THEME_PATH}/images/bg_tabs2.gif\");\n	color: #1F1F1F;\n}\n\n#tabs a:hover span {\n	color: #4F7500;\n}\n\n#tabs .activetab a {\n	border-bottom-color: #EEEEEA;\n}\n\n#tabs .activetab a span {\n	color: #4F7500;\n}\n\n#tabs .activetab a:hover span {\n	color: #4F7500;\n}\n\n/* Mini tabbed menu used in MCP\n----------------------------------------*/\n#minitabs li {\n	background-color: #c3c3b1;\n}\n\n#minitabs li.activetab {\n	background-color: #F9F9F9;\n}\n\n#minitabs li.activetab a, #minitabs li.activetab a:hover {\n	color: #333333;\n}\n\n/* UCP navigation menu\n----------------------------------------*/\n\n/* Link styles for the sub-section links */\n#navigation a {\n	color: #1F1F1F;\n	background-color: #c3c3b1;\n	background-image: url(\"{T_THEME_PATH}/images/bg_menu.gif\");\n}\n\n#navigation a:hover {\n	background-color: #F9F9F9;\n	color: #4F7500;\n}\n\n#navigation #active-subsection a {\n	color: #4F7500;\n	background-color: #F9F9F9;\n	background-image: none;\n}\n\n#navigation #active-subsection a:hover {\n	color: #4F7500;\n}\n\n/* Preferences pane layout\n----------------------------------------*/\n#cp-main h2 {\n	color: #333333;\n}\n\n#cp-main .panel {\n	background-color: #F9F9F9;\n}\n\n#cp-main .pm {\n	background-color: #FFFFFF;\n}\n\n#cp-main span.corners-top, #cp-menu span.corners-top {\n	background-image: url(\"{T_THEME_PATH}/images/corners_left2.gif\");\n}\n\n#cp-main span.corners-top span, #cp-menu span.corners-top span {\n	background-image: url(\"{T_THEME_PATH}/images/corners_right2.gif\");\n}\n\n#cp-main span.corners-bottom, #cp-menu span.corners-bottom {\n	background-image: url(\"{T_THEME_PATH}/images/bg_shadow.png\");\n}\n\n#cp-main span.corners-bottom span, #cp-menu span.corners-bottom span {\n	background-image: url(\"{T_THEME_PATH}/images/bg_shadow.png\");\n}\n\n/* Topicreview */\n#cp-main .panel #topicreview span.corners-top, #cp-menu .panel #topicreview span.corners-top {\n	background-image: url(\"{T_THEME_PATH}/images/corners_left.gif\");\n}\n\n#cp-main .panel #topicreview span.corners-top span, #cp-menu .panel #topicreview span.corners-top span {\n	background-image: url(\"{T_THEME_PATH}/images/corners_right.gif\");\n}\n\n#cp-main .panel #topicreview span.corners-bottom, #cp-menu .panel #topicreview span.corners-bottom {\n	background-image: url(\"{T_THEME_PATH}/images/bg_shadow.png\");\n}\n\n#cp-main .panel #topicreview span.corners-bottom span, #cp-menu .panel #topicreview span.corners-bottom span {\n	background-image: url(\"{T_THEME_PATH}/images/bg_shadow.png\");\n}\n\n/* Friends list */\n.cp-mini {\n	background-color: #eef5f9;\n}\n\ndl.mini dt {\n	color: #425067;\n}\n\n/* PM Styles\n----------------------------------------*/\n/* PM Message history */\n.current {\n	color: #999999 !important;\n}\n\n/* PM marking colours */\n.pmlist li.pm_message_reported_colour, .pm_message_reported_colour {\n	border-left-color: #BC2A4D;\n	border-right-color: #BC2A4D;\n}\n\n.pmlist li.pm_marked_colour, .pm_marked_colour {\n	border-color: #FF6600;\n}\n\n.pmlist li.pm_replied_colour, .pm_replied_colour {\n	border-color: #A9B8C2;\n}\n\n.pmlist li.pm_friend_colour, .pm_friend_colour {\n	border-color: #5D8FBD;\n}\n\n.pmlist li.pm_foe_colour, .pm_foe_colour {\n	border-color: #000000;\n}\n\n/* Avatar gallery */\n#gallery label {\n	background-color: #FFFFFF;\n	border-color: #CCC;\n}\n\n#gallery label:hover {\n	background-color: #EEE;\n}\n\n/*  	\n--------------------------------------------------------------\nColours and backgrounds for forms.css\n-------------------------------------------------------------- */\n\n/* General form styles\n----------------------------------------*/\nselect {\n	border-color: #666666;\n	background-color: #FAFAFA;\n	color: #000;\n}\n\nlabel {\n	color: #425067;\n}\n\noption.disabled-option {\n	color: graytext;\n}\n\n/* Definition list layout for forms\n---------------------------------------- */\ndd label {\n	color: #333;\n}\n\n/* Hover effects */\nfieldset dl:hover dt label {\n	color: #000000;\n}\n\nfieldset.fields2 dl:hover dt label {\n	color: inherit;\n}\n\n/* Quick-login on index page */\nfieldset.quick-login input.inputbox {\n	background-color: #F2F3F3;\n}\n\n/* Posting page styles\n----------------------------------------*/\n\n#message-box textarea {\n	color: #333333;\n}\n\n/* Input field styles\n---------------------------------------- */\n.inputbox {\n	background-color: #FFFFFF; \n	background-image: url( \"{T_THEME_PATH}/images/bg_input_text.png\");\n	background-repeat: repeat-x;\n	border-color: #DAD7CB;\n	color: #333333;\n}\n\n.inputbox:hover {\n	border-color: #99CC00;\n	background-image: url( \"{T_THEME_PATH}/images/bg_input_text_hover.png\");\n}\n\n.inputbox:focus {\n	border-color: #99CC00;\n	background-image: url( \"{T_THEME_PATH}/images/bg_input_text_hover.png\");\n	color: #4F7500;\n}\n\n/* Form button styles\n---------------------------------------- */\n\na.button1, input.button1, input.button3, a.button2, input.button2 {\n	color: #000;\n	background-color: #FAFAFA;\n	background-image: url(\"{T_THEME_PATH}/images/bg_button.gif\");\n}\n\na.button1, input.button1 {\n	border-color: #C8C4BB;\n}\n\ninput.button3 {\n	background-image: none;\n}\n\n/* Alternative button */\na.button2, input.button2, input.button3 {\n	border-color: #C8C4BB;\n}\n\n/* <a> button in the style of the form buttons */\na.button1, a.button1:link, a.button1:visited, a.button1:active, a.button2, a.button2:link, a.button2:visited, a.button2:active {\n	color: #000000;\n}\n\n/* Hover states */\na.button1:hover, input.button1:hover, a.button2:hover, input.button2:hover, input.button3:hover {\n	border-color: #99CC00;\n	color: #395500;\n}\n\ninput.search {\n	/*background-image: url(\"{T_THEME_PATH}/images/icon_textbox_search.gif\");*/\n}\n\ninput.disabled {\n	color: #C8C4BB;\n}\n');

--
-- Table structure for table `phpbb_topics`
--

CREATE TABLE `phpbb_topics` (
  `topic_id` mediumint(8) unsigned NOT NULL auto_increment,
  `forum_id` mediumint(8) unsigned NOT NULL default '0',
  `icon_id` mediumint(8) unsigned NOT NULL default '0',
  `topic_attachment` tinyint(1) unsigned NOT NULL default '0',
  `topic_approved` tinyint(1) unsigned NOT NULL default '1',
  `topic_reported` tinyint(1) unsigned NOT NULL default '0',
  `topic_title` varchar(255) character set utf8 collate utf8_unicode_ci NOT NULL default '',
  `topic_poster` mediumint(8) unsigned NOT NULL default '0',
  `topic_time` int(11) unsigned NOT NULL default '0',
  `topic_time_limit` int(11) unsigned NOT NULL default '0',
  `topic_views` mediumint(8) unsigned NOT NULL default '0',
  `topic_replies` mediumint(8) unsigned NOT NULL default '0',
  `topic_replies_real` mediumint(8) unsigned NOT NULL default '0',
  `topic_status` tinyint(3) NOT NULL default '0',
  `topic_type` tinyint(3) NOT NULL default '0',
  `topic_first_post_id` mediumint(8) unsigned NOT NULL default '0',
  `topic_first_poster_name` varchar(255) collate utf8_bin NOT NULL default '',
  `topic_first_poster_colour` varchar(6) collate utf8_bin NOT NULL default '',
  `topic_last_post_id` mediumint(8) unsigned NOT NULL default '0',
  `topic_last_poster_id` mediumint(8) unsigned NOT NULL default '0',
  `topic_last_poster_name` varchar(255) collate utf8_bin NOT NULL default '',
  `topic_last_poster_colour` varchar(6) collate utf8_bin NOT NULL default '',
  `topic_last_post_subject` varchar(255) collate utf8_bin NOT NULL default '',
  `topic_last_post_time` int(11) unsigned NOT NULL default '0',
  `topic_last_view_time` int(11) unsigned NOT NULL default '0',
  `topic_moved_id` mediumint(8) unsigned NOT NULL default '0',
  `topic_bumped` tinyint(1) unsigned NOT NULL default '0',
  `topic_bumper` mediumint(8) unsigned NOT NULL default '0',
  `poll_title` varchar(255) collate utf8_bin NOT NULL default '',
  `poll_start` int(11) unsigned NOT NULL default '0',
  `poll_length` int(11) unsigned NOT NULL default '0',
  `poll_max_options` tinyint(4) NOT NULL default '1',
  `poll_last_vote` int(11) unsigned NOT NULL default '0',
  `poll_vote_change` tinyint(1) unsigned NOT NULL default '0',
  PRIMARY KEY  (`topic_id`),
  KEY `forum_id` (`forum_id`),
  KEY `forum_id_type` (`forum_id`,`topic_type`),
  KEY `last_post_time` (`topic_last_post_time`),
  KEY `topic_approved` (`topic_approved`),
  KEY `forum_appr_last` (`forum_id`,`topic_approved`,`topic_last_post_id`),
  KEY `fid_time_moved` (`forum_id`,`topic_last_post_time`,`topic_moved_id`)
) ENGINE=MyISAM AUTO_INCREMENT=3638 DEFAULT CHARSET=utf8 COLLATE=utf8_bin;

--
-- Dumping data for table `phpbb_topics`
--

INSERT INTO `phpbb_topics` VALUES (17,8,0,0,1,0,'Bienvenue à tous !',56,1287569462,0,7265,0,0,0,2,49,'Patrick','',49,56,'Patrick','','Bienvenue à tous !',1287569462,1623199873,0,0,0,'',0,0,1,0,0),(59,15,0,0,1,0,'Un site utile au quotidien',56,1295024277,0,7121,0,0,0,0,126,'Patrick','',126,56,'Patrick','','Un site utile au quotidien',1295024277,1623267999,0,0,0,'',0,0,1,0,0),(3635,27,0,1,1,0,'La galette de l’asssociation  Dynamique Seniors',82,1546629101,0,2667,0,0,0,0,5738,'annickd','',5738,82,'annickd','','La galette de l’asssociation  Dynamique Seniors',1546629101,1623406408,0,0,0,'',0,0,1,0,0),(3252,29,0,1,1,0,'sortie dans les flandres',82,1464893017,0,11331,3,3,0,0,5036,'annickd','',5040,1463,'hanquez','','Re: sortie dans les flandres',1464934015,1623369021,0,0,0,'',0,0,1,0,0),(3253,29,0,1,1,0,'SORTIE EN FLANDRES',1430,1464893482,0,4594,0,0,0,0,5037,'patoune','',5037,1430,'patoune','','SORTIE EN FLANDRES',1464893482,1623410418,0,0,0,'',0,0,1,0,0),(3054,18,0,0,1,0,'adieu vos tablettes',1,1456916258,0,4339,1,1,0,0,4526,'Pierre','',4546,56,'Patrick','','Re: adieu vos tablettes',1457350473,1623420556,0,0,0,'',0,0,1,0,0),(3168,11,0,0,1,0,'Quels centres d\'intérêts sont les vôtres ?',56,1461399420,0,54,3,3,0,0,4806,'Patrick','',4850,56,'Patrick','','Re: Quels centres d\'intérêts sont les vôtres ?',1461644723,1518032483,0,0,0,'',0,0,1,0,0),(3170,29,0,0,1,0,'spectacle patois des seniors',1,1461400196,0,7202,3,3,0,0,4809,'Pierre','',4813,1430,'patoune','','Re: spectacle patois des seniors',1461417797,1623185145,0,0,0,'',0,0,1,0,0),(3172,18,0,0,1,0,'UN SOURIRE',133,1461420627,0,3788,0,0,0,0,4814,'morival marylaine','',4814,133,'morival marylaine','','UN SOURIRE',1461420627,1623155754,0,0,0,'',0,0,1,0,0),(3622,27,0,0,1,0,'notre voyage à Morzine',82,1518126372,0,3192,0,0,0,0,5725,'annickd','',5725,82,'annickd','','notre voyage à Morzine',1518126372,1623186537,0,0,0,'',0,0,1,0,0),(3623,27,0,0,1,0,'Notre voyage à Morzine suite',82,1519501630,0,3236,0,0,0,0,5726,'annickd','',5726,82,'annickd','','Notre voyage à Morzine suite',1519501630,1623203788,0,0,0,'',0,0,1,0,0),(3599,19,0,1,1,0,'le vin d\'hypocras',82,1507656895,0,6057,0,0,0,0,5700,'annickd','',5700,82,'annickd','','le vin d\'hypocras',1507656895,1623355407,0,0,0,'',0,0,1,0,0),(3600,27,0,0,1,0,'Le vin d\'HYPOCRAS',82,1507658307,0,4105,1,1,0,0,5701,'annickd','',5703,1463,'hanquez','','Re: Le vin d\'HYPOCRAS',1507719558,1623344577,0,0,0,'',0,0,1,0,0),(3601,29,0,1,1,0,'Sortie AZINCOURT',82,1507661900,0,6824,0,0,0,0,5702,'annickd','',5702,82,'annickd','','Sortie AZINCOURT',1507661900,1623411717,0,0,0,'',0,0,1,0,0),(3603,9,0,0,1,0,'programme',1576,1507875100,0,3587,1,1,0,0,5705,'Playoult franck','AA0000',5706,1576,'Playoult franck','AA0000','Re: programme',1507897652,1623430294,0,0,0,'',0,0,1,0,0),(3043,18,0,0,1,0,'ON DIRAIT DES VRAIS',133,1455973555,0,2982,0,0,0,0,4513,'morival marylaine','',4513,133,'morival marylaine','','ON DIRAIT DES VRAIS',1455973555,1623359896,0,0,0,'',0,0,1,0,0),(3614,27,0,0,1,0,'Escapade en Alsace',82,1512836607,0,3798,0,0,0,0,5717,'annickd','',5717,82,'annickd','','Escapade en Alsace',1512836607,1623425589,0,0,0,'',0,0,1,0,0),(3615,9,0,0,1,0,'Galettes des Rois',1576,1513073168,0,5299,0,0,0,0,5718,'Playoult franck','AA0000',5718,1576,'Playoult franck','AA0000','Galettes des Rois',1513073168,1623329977,0,0,0,'',0,0,1,0,0),(3046,18,0,0,1,0,'La pêche aux crevettes à cheval',1,1456073694,0,3632,1,1,0,0,4516,'Pierre','',4517,82,'annickd','','Re: La pêche aux crevettes à cheval',1456075262,1623344415,0,0,0,'',0,0,1,0,0),(96,9,0,0,1,0,'Rubrique Actualités (Réservée)',56,1297246795,0,7801,0,0,0,2,248,'Patrick','',248,56,'Patrick','','Rubrique Actualités (Réservée)',1297246795,1623410910,0,0,0,'',0,0,1,0,0),(97,8,0,0,1,0,'Rubrique Bienvenue (Réservée)',56,1297247142,0,22178,0,0,0,2,249,'Patrick','',249,56,'Patrick','','Rubrique Bienvenue (Réservée)',1297247142,1623406544,0,0,0,'',0,0,1,0,0),(3176,29,0,1,1,0,'Spectacle de Bertrand COCQ et rendu de l\'atelier patoisant',82,1461497596,0,13941,6,6,0,0,4827,'annickd','',4891,1463,'hanquez','','Re: Spectacle de Bertrand COCQ et rendu de l\'atelier patoisa',1461854971,1623337387,0,0,0,'',0,0,1,0,0),(3181,19,0,1,1,0,'Mug cake au nutella',1430,1461602703,0,6052,2,2,0,0,4843,'patoune','',4889,1463,'hanquez','','Re: Mug cake au nutella',1461854569,1623241488,0,0,0,'',0,0,1,0,0),(3546,27,0,1,1,0,'petite soirée conviviale',82,1499865035,0,3153,0,0,0,0,5633,'annickd','',5633,82,'annickd','','petite soirée conviviale',1499865035,1623316057,0,0,0,'',0,0,1,0,0),(3183,27,0,0,1,0,'Que c\'est beau la vie de Jacques Salomé',82,1461616388,0,3607,0,0,0,0,4847,'annickd','',4847,82,'annickd','','Que c\'est beau la vie de Jacques Salomé',1461616388,1623341714,0,0,0,'',0,0,1,0,0),(3608,9,0,0,1,0,'Info',1576,1509111088,0,4579,0,0,0,0,5711,'Playoult franck','AA0000',5711,1576,'Playoult franck','AA0000','Info',1509111088,1623352481,0,0,0,'',0,0,1,0,0),(3187,14,0,0,1,0,'message santé',133,1461695610,0,5180,0,0,0,0,4855,'morival marylaine','',4855,133,'morival marylaine','','message santé',1461695610,1623273318,0,0,0,'',0,0,1,0,0),(3524,29,0,0,1,0,'samedi 6 Mai retour',82,1494095446,0,9152,3,3,0,0,5585,'annickd','',5588,1483,'ERNEST','','Re: samedi 6 Mai retour',1494175665,1623417136,0,0,0,'',0,0,1,0,0),(3525,29,0,0,1,0,'photos du séjour au Manoir de Kérallic',1,1494176771,0,9552,4,4,0,0,5589,'Pierre','',5593,1,'Pierre','','Re: photos du séjour au Manoir de Kérallic',1494232246,1623276364,0,0,0,'',0,0,1,0,0),(3625,14,0,0,1,0,'Toujours bon à savoir !',133,1520524144,0,3420,0,0,0,0,5728,'morival marylaine','',5728,133,'morival marylaine','','Toujours bon à savoir !',1520524144,1623175527,0,0,0,'',0,0,1,0,0),(3626,14,0,0,1,0,'C’est Louis XVI qui l’a fait',133,1520524399,0,3328,0,0,0,0,5729,'morival marylaine','',5729,133,'morival marylaine','','C’est Louis XVI qui l’a fait',1520524399,1623199484,0,0,0,'',0,0,1,0,0),(3627,14,0,0,1,0,'vive le sport',133,1520524874,0,3477,0,0,0,0,5730,'morival marylaine','',5730,133,'morival marylaine','','vive le sport',1520524874,1623264433,0,0,0,'',0,0,1,0,0),(3628,14,0,0,1,0,'Le violoniste del diablo......',133,1520526428,0,3172,0,0,0,0,5731,'morival marylaine','',5731,133,'morival marylaine','','Le violoniste del diablo......',1520526428,1623201481,0,0,0,'',0,0,1,0,0),(3629,14,0,0,1,0,'Voilà qui fait réfléchir...',133,1520527875,0,3454,0,0,0,0,5732,'morival marylaine','',5732,133,'morival marylaine','','Voilà qui fait réfléchir...',1520527875,1623202783,0,0,0,'',0,0,1,0,0),(3049,18,0,0,1,0,'Marseille, autrement',1,1456240749,0,2999,0,0,0,0,4520,'Pierre','',4520,1,'Pierre','','Marseille, autrement',1456240749,1623374691,0,0,0,'',0,0,1,0,0),(2279,19,0,0,1,0,'petite salade d\'hiver',143,1383666275,0,5587,1,1,0,0,3588,'retraite','',3589,82,'annickd','','Re: petite salade d\'hiver',1383669170,1623195808,0,0,0,'',0,0,1,0,0),(368,15,0,0,1,0,'Au secours (problème au niveau de mon antivirus)',56,1321652178,0,6331,0,0,0,0,798,'Patrick','',798,56,'Patrick','','Re: Au secours (problème au niveau de mon antivirus)',1323173585,1623312600,0,0,0,'',0,0,1,0,0),(585,20,0,1,1,0,'Pour initier cette rubrique nouvelle',56,1327043282,0,53,0,0,0,0,1127,'Patrick','',1127,56,'Patrick','','Pour initier cette rubrique nouvelle',1327043282,1515096543,0,0,0,'',0,0,1,0,0),(3050,18,0,0,1,0,'Les Mecs à Poêles !!... (Chez Patrick Sébastien',225,1456439813,0,3147,0,0,0,0,4521,'leo5962','',4521,225,'leo5962','','Les Mecs à Poêles !!... (Chez Patrick Sébastien',1456439813,1623417204,0,0,0,'',0,0,1,0,0),(3051,18,0,0,1,0,'3mn 46 de pur délice ............. Superbe.... !',225,1456440822,0,3926,1,1,0,0,4522,'leo5962','',4523,1,'Pierre','','Re: 3mn 46 de pur délice ............. Superbe.... !',1456468911,1623437495,0,0,0,'',0,0,1,0,0),(538,15,0,0,1,0,'INFARCTUS au FEMININ',133,1326879580,0,9498,1,1,0,0,1026,'morival marylaine','',1033,129,'janine','','Re: INFARCTUS au FEMININ',1326964075,1623260643,0,0,0,'',0,0,1,0,0),(543,17,0,0,1,0,'Inauguration: Un truc contre les guêpes...',56,1326912248,0,6604,0,0,0,0,1031,'Patrick','',1031,56,'Patrick','','Inauguration: Un truc contre les guêpes...',1326912248,1623314514,0,0,0,'',0,0,1,0,0),(3564,14,0,0,1,0,'on peut  en rire',133,1504541413,0,3449,0,0,0,0,5657,'morival marylaine','',5657,133,'morival marylaine','','on peut  en rire',1504541413,1623232988,0,0,0,'',0,0,1,0,0),(3565,27,0,1,1,0,'sortie Azincourt',82,1504639087,0,3921,1,1,0,0,5658,'annickd','',5692,82,'annickd','','Re: sortie Azincourt',1506951277,1623437279,0,0,0,'',0,0,1,0,0),(3596,29,0,1,1,0,'les percutions à Campagne les Hesdin',1430,1507560440,0,4075,0,0,0,0,5697,'patoune','',5697,1430,'patoune','','les percutions à Campagne les Hesdin',1507560440,1623368254,0,0,0,'',0,0,1,0,0),(3570,27,0,0,1,0,'vacances en Crête',82,1505565096,0,0,0,0,0,0,0,'annickd','',0,0,'','','',0,1505565096,0,0,0,'',0,0,1,0,0),(3571,27,0,0,1,0,'vacances en Crête',82,1505565105,0,0,0,0,0,0,0,'annickd','',0,0,'','','',0,1505565105,0,0,0,'',0,0,1,0,0),(3572,27,0,0,1,0,'voyage en Crête',82,1505566747,0,0,0,0,0,0,0,'annickd','',0,0,'','','',0,1505566747,0,0,0,'',0,0,1,0,0),(3573,27,0,0,1,0,'voyage en Crête',82,1505567805,0,0,0,0,0,0,0,'annickd','',0,0,'','','',0,1505567805,0,0,0,'',0,0,1,0,0),(3574,27,0,0,1,0,'vacances crête',82,1505646702,0,0,0,0,0,0,0,'annickd','',0,0,'','','',0,1505646702,0,0,0,'',0,0,1,0,0),(3575,29,0,0,1,0,'notre voyage en Crête',82,1505651546,0,0,0,0,0,0,0,'annickd','',0,0,'','','',0,1505651546,0,0,0,'',0,0,1,0,0),(3059,17,0,0,1,0,'ASTUCES ET PRATIQUES',133,1456988082,0,8154,0,0,0,0,4532,'morival marylaine','',4532,133,'morival marylaine','','ASTUCES ET PRATIQUES',1456988082,1623378923,0,0,0,'',0,0,1,0,0),(839,20,0,0,1,0,'Test d\'espace de publication',252,1331114090,0,46,0,0,0,0,1515,'Senior Photo','00AA00',1515,252,'Senior Photo','00AA00','Test d\'espace de publication',1331114090,1548077735,0,0,0,'',0,0,1,0,0),(858,20,0,1,1,0,'Tailles d\'images en publication forum',252,1331728030,0,55,3,3,0,0,1541,'Senior Photo','00AA00',1574,125,'vignolle','','Re: Tailles d\'images en publication forum',1332403126,1515096244,0,0,0,'',0,0,1,0,0),(3621,27,0,1,1,0,'voyage en Bulgarie',82,1517167549,0,4019,0,0,0,0,5724,'annickd','',5724,82,'annickd','','voyage en Bulgarie',1517167549,1623343942,0,0,0,'',0,0,1,0,0),(3219,18,0,0,1,0,'Paris',1,1462879434,0,4232,1,1,0,0,4966,'Pierre','',4970,82,'annickd','','Re: Paris',1462911049,1623282763,0,0,0,'',0,0,1,0,0),(3205,29,0,0,1,0,'1er Mai',1,1461917284,0,5987,2,2,0,0,4908,'Pierre','',4930,1415,'vignolle mt','','Re: 1er Mai',1462044407,1623336122,0,0,0,'',0,0,1,0,0),(3206,18,0,0,1,0,'Un régal pour les yeux et les oreilles',1,1461920605,0,3946,0,0,0,0,4909,'Pierre','',4909,1,'Pierre','','Un régal pour les yeux et les oreilles',1461920605,1623388160,0,0,0,'',0,0,1,0,0),(3207,27,0,1,1,0,'Fête du 1er mai',82,1461943446,0,7194,0,0,0,0,4936,'annickd','',4936,82,'annickd','','Re: Fête du 1er mai',1462090995,1623199092,0,0,0,'',0,0,1,0,0),(3247,19,0,1,1,0,'Soupe de carottes au lait de coco',82,1464674910,0,9695,2,2,0,0,5025,'annickd','',5028,82,'annickd','','Re: Soupe de carottes au lait de coco',1464695122,1623429805,0,0,0,'',0,0,1,0,0),(3248,27,0,1,1,0,'bruay inondé',82,1464695541,0,5028,1,1,0,0,5029,'annickd','',5031,1415,'vignolle mt','','Re: bruay inondé',1464720055,1623280152,0,0,0,'',0,0,1,0,0),(3249,18,0,1,1,0,'et la nature prend le dessus',82,1464721545,0,5575,0,0,0,0,5032,'annickd','',5032,82,'annickd','','et la nature prend le dessus',1464721545,1623025987,0,0,0,'',0,0,1,0,0),(3522,29,0,1,1,0,'jeudi 4 Mai à Kerallic',82,1493925415,0,7200,1,1,0,0,5582,'annickd','',5583,121,'evemarie','','Re: jeudi 4 Mai à Kerallic',1493929636,1623425889,0,0,0,'',0,0,1,0,0),(3065,18,0,0,1,0,'Ave Maria',1,1457271763,0,3020,0,0,0,0,4544,'Pierre','',4544,1,'Pierre','','Ave Maria',1457271763,1623412001,0,0,0,'',0,0,1,0,0),(3325,32,0,1,1,0,'BRUAY-LA-BUISSIERE',1430,1471187842,0,6849,2,2,0,0,5214,'patoune','',5217,1458,'Flo62','','Re: BRUAY-LA-BUISSIERE',1471257920,1623352477,0,0,0,'',0,0,1,0,0),(3261,15,0,0,1,0,'Stop aux appels téléphoniques indésirables.',82,1465732873,0,10618,1,1,0,0,5067,'annickd','',5105,225,'leo5962','','Re: Stop aux appels téléphoniques indésirables.',1466605966,1623208971,0,0,0,'',0,0,1,0,0),(3061,27,0,1,1,0,'Le 18 ème printemps des poètes',82,1457195986,0,4709,5,5,0,0,4537,'annickd','',4574,82,'annickd','','Re: Le 18 ème printemps des poètes',1457819593,1623166637,0,0,0,'',0,0,1,0,0),(902,20,0,1,1,0,'essai perspective',253,1333120207,0,20,1,1,0,0,1606,'jaymo','',1618,252,'Senior Photo','00AA00','Re: essai perspective',1333345313,1489149405,0,0,0,'',0,0,1,0,0),(905,20,0,1,1,0,'changer un ciel',253,1333127412,0,18,1,1,0,0,1609,'jaymo','',1617,252,'Senior Photo','00AA00','Re: changer un ciel',1333345227,1463729872,0,0,0,'',0,0,1,0,0),(3060,18,0,0,1,0,'pour vos prochaines vacances',1,1457104336,0,5330,2,2,0,0,4535,'Pierre','',4598,1458,'Flo62','','Re: pour vos prochaines vacances',1458493357,1623400873,0,0,0,'',0,0,1,0,0),(3178,19,0,1,1,0,'Velouté Poireau Courgette',56,1461503294,0,12974,3,3,0,0,4832,'Patrick','',5100,1415,'vignolle mt','','Re: Velouté Poireau Courgette',1466455276,1623391811,0,0,0,'',0,0,1,0,0),(3209,12,0,0,1,0,'Feu, notre civilisation',56,1462123506,0,17,0,0,0,0,4941,'Patrick','',4941,56,'Patrick','','Feu, notre civilisation',1462123506,1488630752,0,0,0,'',0,0,1,0,0),(3210,15,0,0,1,0,'Virus en pièces jointes de type ZIP',56,1462209204,0,9472,3,3,0,0,4946,'Patrick','',4953,1463,'hanquez','','Re: Virus en pièces jointes de type ZIP',1462431032,1623286200,0,0,0,'',0,0,1,0,0),(3212,19,0,1,1,0,'potage de fanes de radis',82,1462391745,0,13804,3,3,0,0,4952,'annickd','',5021,56,'Patrick','','Re: potage de fanes de radis',1464535247,1623211612,0,0,0,'',0,0,1,0,0),(925,20,0,1,1,0,'ajouter des éléments',253,1333720807,0,17,0,0,0,0,1659,'jaymo','',1659,253,'jaymo','','ajouter des éléments',1333720807,1461883236,0,0,0,'',0,0,1,0,0),(926,20,0,1,1,0,'ajouter des éléments',253,1333721233,0,18,0,0,0,0,1660,'jaymo','',1660,253,'jaymo','','ajouter des éléments',1333721233,1463729914,0,0,0,'',0,0,1,0,0),(3264,28,0,1,1,0,'Création de clips vidéos de \'démos\'',56,1465900946,0,47979,27,27,0,0,5071,'Patrick','',5155,56,'Patrick','','Re: Création de clips vidéos de \'démos\'',1468089419,1623392908,0,0,0,'',0,0,1,0,0),(3520,29,0,1,1,0,'mardi 2 mai à Kerallic',82,1493746300,0,3004,0,0,0,0,5579,'annickd','',5579,82,'annickd','','mardi 2 mai à Kerallic',1493746300,1623404302,0,0,0,'',0,0,1,0,0),(3521,29,0,1,1,0,'mercredi 3 Mai à Kerallic',82,1493816144,0,7428,1,1,0,0,5580,'annickd','',5581,56,'Patrick','','Re: mercredi 3 Mai à Kerallic',1493836003,1623397320,0,0,0,'',0,0,1,0,0),(3270,7,0,1,1,0,'Photo de l\'hotel de ville',56,1466068303,0,43,2,2,0,0,5081,'Patrick','',5086,56,'Patrick','','Re: Photo de l\'hotel de ville',1466158732,1518032459,0,0,0,'',0,0,1,0,0),(3282,19,0,1,1,0,'recettes de potages glacés',82,1466881780,0,5792,0,0,0,0,5116,'annickd','',5116,82,'annickd','','recettes de potages glacés',1466881780,1623344409,0,0,0,'',0,0,1,0,0),(3271,18,0,0,1,0,'Dinard',1415,1466176267,0,6634,0,0,0,0,5090,'vignolle mt','',5090,1415,'vignolle mt','','Dinard',1466176267,1623171543,0,0,0,'',0,0,1,0,0),(3630,14,0,0,1,0,'La derniere classe .A.Daudet',133,1521539534,0,5007,0,0,0,0,5733,'morival marylaine','',5733,133,'morival marylaine','','La derniere classe .A.Daudet',1521539534,1623437208,0,0,0,'',0,0,1,0,0),(3041,18,0,0,1,0,'ASTERIX ET LA PATROUILLE DE FRANCE (tout bonnement splendid',133,1455826472,0,3515,1,1,0,0,4510,'morival marylaine','',4511,82,'annickd','','Re: ASTERIX ET LA PATROUILLE DE FRANCE (tout bonnement splen',1455909464,1623391257,0,0,0,'',0,0,1,0,0),(3496,32,0,1,1,0,'nouveaux  montages',121,1490014191,0,3467,1,1,0,0,5533,'evemarie','',5535,1415,'vignolle mt','','Re: nouveaux  montages',1490020547,1623182559,0,0,0,'',0,0,1,0,0),(961,20,0,1,1,0,'photo montage',253,1334325563,0,26,1,1,0,0,1724,'jaymo','',1727,252,'Senior Photo','00AA00','Re: photo montage',1334334111,1548077764,0,0,0,'',0,0,1,0,0),(970,20,0,1,1,0,'le loup et l\'agneau',253,1334516395,0,27,2,2,0,0,1742,'jaymo','',1746,56,'Patrick','','Re: le loup et l\'agneau',1334560579,1463729919,0,0,0,'',0,0,1,0,0),(977,20,0,1,1,0,'le loup et l\'ageau',125,1334639918,0,17,0,0,0,0,1754,'vignolle','',1754,125,'vignolle','','le loup et l\'ageau',1334639918,1461877598,0,0,0,'',0,0,1,0,0),(3403,29,0,1,1,0,'montage photos voyage Italie',1415,1477318302,0,6644,3,3,0,0,5357,'vignolle mt','',5360,1415,'vignolle mt','','Re: montage photos voyage Italie',1477393761,1623134531,0,0,0,'',0,0,1,0,0),(3404,32,0,0,1,0,'Montages',1,1477559399,0,7430,5,5,0,0,5361,'Pierre','',5367,1415,'vignolle mt','','Re: Montages',1477817154,1623413706,0,0,0,'',0,0,1,0,0),(3405,18,0,0,1,0,'Gospel',1415,1477652622,0,7673,0,0,0,0,5362,'vignolle mt','',5362,1415,'vignolle mt','','Gospel',1477652622,1623194654,0,0,0,'',0,0,1,0,0),(3631,27,0,1,1,0,'Bonnes fêtes pascales',82,1522493849,0,3251,0,0,0,0,5734,'annickd','',5734,82,'annickd','','Bonnes fêtes pascales',1522493849,1623369245,0,0,0,'',0,0,1,0,0),(3406,32,0,1,1,0,'montage automne',121,1477865297,0,12997,3,3,0,0,5368,'evemarie','',5371,1415,'vignolle mt','','Re: montage automne',1477944118,1623327214,0,0,0,'',0,0,1,0,0),(3542,29,0,1,1,0,'SPECTACLE PATOIS DU 30/06/17',1430,1499274560,0,8679,4,4,0,0,5622,'patoune','',5630,1415,'vignolle mt','','Re: SPECTACLE PATOIS DU 30/06/17',1499596068,1623320618,0,0,0,'',0,0,1,0,0),(3111,18,0,0,1,0,'Final de VTT aux USA',1,1459616234,0,3480,0,0,0,0,4641,'Pierre','',4641,1,'Pierre','','Final de VTT aux USA',1459616234,1623398336,0,0,0,'',0,0,1,0,0),(3114,18,0,0,1,0,'Un délice...Extraordinaire',1,1459785503,0,4025,0,0,0,0,4645,'Pierre','',4645,1,'Pierre','','Un délice...Extraordinaire',1459785503,1623360467,0,0,0,'',0,0,1,0,0),(3120,19,0,1,1,0,'Recettes de &quot;Madeleine&quot;',82,1459930491,0,7429,3,3,0,0,4654,'annickd','',4662,82,'annickd','','Re: Recettes de &quot;Madeleine&quot;',1460061323,1623202643,0,0,0,'',0,0,1,0,0),(3123,6,0,1,1,0,'Projet Stage Photo Numérique Printemps 2016',56,1459963421,0,17,0,0,0,0,4657,'Patrick','',4657,56,'Patrick','','Projet Stage Photo Numérique Printemps 2016',1459963421,1515097324,0,0,0,'',0,0,1,0,0),(3136,19,0,1,1,0,'les violettes au sucre',82,1460469237,0,4225,0,0,0,0,4686,'annickd','',4686,82,'annickd','','les violettes au sucre',1460469237,1623198739,0,0,0,'',0,0,1,0,0),(3128,29,0,1,1,0,'ballade sur les bords de la lawe',82,1460133051,0,5476,1,1,0,0,4666,'annickd','',4791,1415,'vignolle mt','','Re: ballade sur les bords de la lawe',1461341100,1623170973,0,0,0,'',0,0,1,0,0),(3130,19,0,1,1,0,'la soupe aux orties',82,1460148637,0,16602,5,5,0,0,4668,'annickd','',5054,56,'Patrick','','Re: la soupe aux orties',1465202928,1623397296,0,0,0,'',0,0,1,0,0),(3135,32,0,1,1,0,'Un chant, un son, un bon geste... Allez, une petite pièce...',56,1460366779,0,8909,4,4,0,0,4681,'Patrick','',4973,1415,'vignolle mt','','Re: Un chant, un son, un bon geste... Allez, une petite pièc',1462919444,1623407196,0,0,0,'',0,0,1,0,0),(3216,27,0,1,1,0,'Environs de Seillac',1458,1462723338,0,6521,3,3,0,0,4960,'Flo62','',4964,1458,'Flo62','','Re: Environs de Seillac',1462814033,1623206319,0,0,0,'',0,0,1,0,0),(3217,18,0,0,1,0,'Joli jeu de jambes',1415,1462742808,0,3940,0,0,0,0,4961,'vignolle mt','',4961,1415,'vignolle mt','','Joli jeu de jambes',1462742808,1623435210,0,0,0,'',0,0,1,0,0),(3447,29,0,0,1,0,'merci a tous',1463,1481955672,0,3806,1,1,0,0,5450,'hanquez','',5467,1463,'hanquez','','Re: merci a tous',1483599735,1623198676,0,0,0,'',0,0,1,0,0),(3236,32,0,1,1,0,'poèmes de Richard Klimczak',82,1464088370,0,7361,0,0,0,0,5005,'annickd','',5005,82,'annickd','','poèmes de Richard Klimczak',1464088370,1623199445,0,0,0,'',0,0,1,0,0),(3070,19,0,0,1,0,'tarte aux noix de saint-jacques',82,1457434201,0,5052,1,1,0,0,4556,'annickd','',4560,1430,'patoune','','Re: tarte aux noix de saint-jacques',1457622618,1623202272,0,0,0,'',0,0,1,0,0),(3386,32,0,1,1,0,'nouveaux montages',121,1476034414,0,4310,1,1,0,0,5328,'evemarie','',5329,82,'annickd','','Re: nouveaux montages',1476038319,1623423513,0,0,0,'',0,0,1,0,0),(3137,28,0,1,1,0,'Formation déclaration d\'impôts',82,1460529994,0,13262,4,4,0,0,4689,'annickd','',4869,145,'yvesgaquere','','Re: Formation déclaration d\'impôts',1461850475,1623428576,0,0,0,'',0,0,1,0,0),(3143,27,0,0,1,0,'le désespoir de la vieille',82,1460744987,0,4096,1,1,0,0,4704,'annickd','',4913,1463,'hanquez','','Re: le désespoir de la vieille',1461928579,1623388870,0,0,0,'',0,0,1,0,0),(1067,20,0,1,1,0,'travail de calques',253,1336592123,0,30,0,0,0,0,1905,'jaymo','',1905,253,'jaymo','','travail de calques',1336592123,1489149365,0,0,0,'',0,0,1,0,0),(3497,32,0,1,1,0,'paysage minier',121,1490017678,0,3383,0,0,0,0,5534,'evemarie','',5534,121,'evemarie','','paysage minier',1490017678,1623417208,0,0,0,'',0,0,1,0,0),(1156,15,0,0,1,0,'Numeros surtaxés',225,1340351388,0,7399,0,0,0,0,2045,'leo5962','',2045,225,'leo5962','','Numeros surtaxés',1340351388,1623152122,0,0,0,'',0,0,1,0,0),(3221,15,0,0,1,0,'Simulation déclaration d\'impôts',56,1462943652,0,7268,1,1,0,0,4974,'Patrick','',4981,1415,'vignolle mt','','Re: Simulation déclaration d\'impôts',1463127139,1623405885,0,0,0,'',0,0,1,0,0),(3222,18,0,0,1,0,'IMPRESSIONNANT!!!!!!',133,1462974102,0,4249,0,0,0,0,4975,'morival marylaine','',4975,133,'morival marylaine','','IMPRESSIONNANT!!!!!!',1462974102,1623410731,0,0,0,'',0,0,1,0,0),(3624,14,0,0,1,0,'le saviez-vous ???(distrayant et instructif)',133,1520524005,0,3555,0,0,0,0,5727,'morival marylaine','',5727,133,'morival marylaine','','le saviez-vous ???(distrayant et instructif)',1520524005,1623204022,0,0,0,'',0,0,1,0,0),(3225,18,0,1,1,0,'Port Briac Cancale',1415,1463210795,0,4600,0,0,0,0,4982,'vignolle mt','',4982,1415,'vignolle mt','','Port Briac Cancale',1463210795,1623410526,0,0,0,'',0,0,1,0,0),(3227,18,0,1,1,0,'incroyable tour de magie',1415,1463241108,0,5722,1,1,0,0,4984,'vignolle mt','',4989,56,'Patrick','','Re: incroyable tour de magie',1463380356,1623219242,0,0,0,'',0,0,1,0,0),(3228,29,0,0,1,0,'Holiday On Ice 2016',1,1463334352,0,11361,5,5,0,0,4985,'Pierre','',4993,1415,'vignolle mt','','Re: Holiday On Ice 2016',1463519246,1623417071,0,0,0,'',0,0,1,0,0),(3229,19,0,0,1,0,'Bouillon de poulet rôti',56,1463402077,0,3575,0,0,0,0,4990,'Patrick','',4990,56,'Patrick','','Bouillon de poulet rôti',1463402077,1623197517,0,0,0,'',0,0,1,0,0),(3526,29,0,1,1,0,'photos du séjour à Kérallic',1415,1494366561,0,5175,0,0,0,0,5594,'vignolle mt','',5594,1415,'vignolle mt','','photos du séjour à Kérallic',1494366561,1623291156,0,0,0,'',0,0,1,0,0),(1195,17,0,0,1,0,'ce que peut faire ton mobile',133,1341393415,0,6155,0,0,0,0,2122,'morival marylaine','',2122,133,'morival marylaine','','ce que peut faire ton mobile',1341393415,1623294929,0,0,0,'',0,0,1,0,0),(3040,18,0,0,1,0,'MAGNIFIQUE ET SURPRENANT',133,1455815391,0,2942,0,0,0,0,4509,'morival marylaine','',4509,133,'morival marylaine','','MAGNIFIQUE ET SURPRENANT',1455815391,1623397579,0,0,0,'',0,0,1,0,0),(3327,32,0,1,1,0,'montages',121,1471379012,0,8902,3,3,0,0,5219,'evemarie','',5226,1463,'hanquez','','Re: montages',1471671117,1623158301,0,0,0,'',0,0,1,0,0),(3332,32,0,1,1,0,'montage',121,1471798752,0,5080,1,1,0,0,5229,'evemarie','',5230,1415,'vignolle mt','','Re: montage',1471800847,1623423487,0,0,0,'',0,0,1,0,0),(3333,32,0,1,1,0,'montage',121,1471804524,0,4582,1,1,0,0,5231,'evemarie','',5238,82,'annickd','','Re: montage',1471974806,1623423541,0,0,0,'',0,0,1,0,0),(3335,18,0,0,1,0,'c\'est le summum ! du jamais vu !',225,1471894447,0,5527,0,0,0,0,5233,'leo5962','',5233,225,'leo5962','','c\'est le summum ! du jamais vu !',1471894447,1623333783,0,0,0,'',0,0,1,0,0),(3336,15,0,0,1,0,'Un plan de métro parisien très original....‏    Fwd: Un plan',225,1471896213,0,4727,0,0,0,0,5234,'leo5962','',5234,225,'leo5962','','Un plan de métro parisien très original....‏    Fwd: Un plan',1471896213,1623207059,0,0,0,'',0,0,1,0,0),(3337,18,0,0,1,0,'pour les amoureux de PARIS',133,1471897733,0,5456,0,0,0,0,5235,'morival marylaine','',5235,133,'morival marylaine','','pour les amoureux de PARIS',1471897733,1623152102,0,0,0,'',0,0,1,0,0),(3530,29,0,1,1,0,'suite des percutions à Sallaumines',1430,1495298566,0,4622,0,0,0,0,5598,'patoune','',5598,1430,'patoune','','suite des percutions à Sallaumines',1495298566,1623433680,0,0,0,'',0,0,1,0,0),(3340,18,0,0,1,0,'La Normandie',1,1472486261,0,5997,1,1,0,0,5241,'Pierre','',5242,82,'annickd','','Re: La Normandie',1472493667,1623347266,0,0,0,'',0,0,1,0,0),(3341,32,0,0,1,0,'Mes derniers montages',1,1472533425,0,4434,1,1,0,0,5243,'Pierre','',5245,1415,'vignolle mt','','Re: Mes derniers montages',1472650642,1623365271,0,0,0,'',0,0,1,0,0),(3344,14,0,0,1,0,'pour toutes et tous',133,1472729100,0,4176,0,0,0,0,5247,'morival marylaine','',5247,133,'morival marylaine','','pour toutes et tous',1472729100,1623362039,0,0,0,'',0,0,1,0,0),(3343,18,0,0,1,0,'visite virtuelle de la France en 360',225,1472659052,0,5487,0,0,0,0,5246,'leo5962','',5246,225,'leo5962','','visite virtuelle de la France en 360',1472659052,1623152087,0,0,0,'',0,0,1,0,0),(3529,29,0,1,1,0,'les percussions seniors à Sallaumines',1430,1495298412,0,7668,2,2,0,0,5597,'patoune','',5601,82,'annickd','','Re: les percussions seniors à Sallaumines',1495396022,1623152050,0,0,0,'',0,0,1,0,0),(3346,18,0,0,1,0,'Destruction lanceur spatial du 1/9/16',56,1472809338,0,5473,0,0,0,0,5249,'Patrick','',5249,56,'Patrick','','Destruction lanceur spatial du 1/9/16',1472809338,1623152087,0,0,0,'',0,0,1,0,0),(3347,18,0,0,1,0,'Les carnets de Julie  : La Touraine',1415,1472970372,0,5305,0,0,0,0,5250,'vignolle mt','',5250,1415,'vignolle mt','','Les carnets de Julie  : La Touraine',1472970372,1623152086,0,0,0,'',0,0,1,0,0),(3348,32,0,1,1,0,'Si Versailles  était relooké',1430,1473009601,0,6808,3,3,0,0,5251,'patoune','',5254,1415,'vignolle mt','','Re: Si Versailles  était relooké',1473064897,1623152077,0,0,0,'',0,0,1,0,0),(3349,29,0,1,1,0,'Avis de recherche',1430,1473309564,0,3954,1,1,0,0,5255,'patoune','',5258,82,'annickd','','Re: Avis de recherche',1473370107,1623194296,0,0,0,'',0,0,1,0,0),(3350,29,0,1,1,0,'Voyage en Italie',1458,1473315116,0,3508,0,0,0,0,5256,'Flo62','',5256,1458,'Flo62','','Voyage en Italie',1473315116,1623375196,0,0,0,'',0,0,1,0,0),(3351,29,0,1,1,0,'Voyage en Italie - Jeudi',82,1473352072,0,5565,3,3,0,0,5257,'annickd','',5283,82,'annickd','','Re: Voyage en Italie - Jeudi',1474286073,1623373717,0,0,0,'',0,0,1,0,0),(3352,29,0,1,1,0,'voyage en Italie Vendredi',82,1473448723,0,3114,0,0,0,0,5259,'annickd','',5259,82,'annickd','','voyage en Italie Vendredi',1473448723,1623211983,0,0,0,'',0,0,1,0,0),(3353,29,0,1,1,0,'Voyage en Italie - Samedi',82,1473516356,0,7541,9,9,0,0,5260,'annickd','',5292,1415,'vignolle mt','','Re: Voyage en Italie - Samedi',1474922695,1623325147,0,0,0,'',0,0,1,0,0),(3373,29,0,1,1,0,'PETIT RAPPEL D\' ITALIE?',1430,1475085402,0,3935,1,1,0,0,5297,'patoune','',5308,1463,'hanquez','','Re: PETIT RAPPEL D\' ITALIE?',1475392863,1623388518,0,0,0,'',0,0,1,0,0),(3355,29,0,1,1,0,'Voyage en Italie - Soirée de samedi et journée de dimanche',82,1473622372,0,3949,0,0,0,0,5265,'annickd','',5265,82,'annickd','','Voyage en Italie - Soirée de samedi et journée de dimanche',1473622372,1623207046,0,0,0,'',0,0,1,0,0),(3356,18,0,0,1,0,'Irish Dance, A VOIR !!',225,1473663018,0,5536,0,0,0,0,5266,'leo5962','',5266,225,'leo5962','','Irish Dance, A VOIR !!',1473663018,1623304343,0,0,0,'',0,0,1,0,0),(3357,18,0,0,1,0,'un peu de fraicheur .... ',225,1473663755,0,10178,4,4,0,0,5267,'leo5962','',5338,1415,'vignolle mt','','Re: un peu de fraicheur .... ',1476391719,1623364072,0,0,0,'',0,0,1,0,0),(3358,29,0,1,1,0,'Voyage en Italie - lundi Florence',82,1473769462,0,4281,1,1,0,0,5269,'annickd','',5270,1464,'Nicky62','','Re: Voyqge en Italie',1473785560,1623358116,0,0,0,'',0,0,1,0,0),(3359,29,0,1,1,0,'suite photos de Florence',82,1473839884,0,3842,0,0,0,0,5271,'annickd','',5271,82,'annickd','','suite photos de Florence',1473839884,1623212056,0,0,0,'',0,0,1,0,0),(3360,29,0,1,1,0,'Voyage en Italie - Mercredi',82,1473885291,0,4663,2,2,0,0,5272,'annickd','',5277,82,'annickd','','Re: Voyage en Italie - Mercredi',1473976997,1623200105,0,0,0,'',0,0,1,0,0),(3518,29,0,1,1,0,'dimanche 30 avril à Kerallic',82,1493571161,0,2951,0,0,0,0,5576,'annickd','',5576,82,'annickd','','dimanche 30 avril à Kerallic',1493571161,1623176555,0,0,0,'',0,0,1,0,0),(3519,29,0,1,1,0,'lundi 1er mai à Kerallic',82,1493706567,0,2835,1,1,0,0,5577,'annickd','',5578,56,'Patrick','','Re: lundi 1er mai à Kerallic',1493736488,1623172950,0,0,0,'',0,0,1,0,0),(3365,27,0,0,1,0,'séjour à kerallic',122,1474295041,0,5331,2,2,0,0,5285,'capfro','',5327,122,'capfro','','Re: séjour à kerallic',1476028786,1623379402,0,0,0,'',0,0,1,0,0),(3531,29,0,1,1,0,'thé dansant',82,1495396554,0,5994,1,1,0,0,5602,'annickd','',5604,1430,'patoune','','Re: thé dansant',1495426228,1623152052,0,0,0,'',0,0,1,0,0),(3536,15,0,0,1,0,'SANTE',225,1496565156,0,3414,0,0,0,0,5611,'leo5962','',5611,225,'leo5962','','SANTE',1496565156,1623321594,0,0,0,'',0,0,1,0,0),(3376,32,0,0,1,0,'photos montages',1,1475211509,0,8764,6,6,0,0,5300,'Pierre','',5323,1415,'vignolle mt','','Re: photos montages',1475868102,1623410438,0,0,0,'',0,0,1,0,0),(3533,27,0,1,1,0,'petite fable de La Fontaine',82,1495566808,0,3178,0,0,0,0,5605,'annickd','',5605,82,'annickd','','petite fable de La Fontaine',1495566808,1623275590,0,0,0,'',0,0,1,0,0),(3379,14,0,0,1,0,'cris des animaux',1415,1475433176,0,7597,4,4,0,0,5312,'vignolle mt','',5318,1430,'patoune','','Re: cris des animaux',1475612126,1623327480,0,0,0,'',0,0,1,0,0),(3378,32,0,1,1,0,'montage photos',121,1475358283,0,5653,2,2,0,0,5307,'evemarie','',5311,121,'evemarie','','Re: montage photos',1475431939,1623152066,0,0,0,'',0,0,1,0,0),(3380,32,0,0,1,0,'photofiltre',1,1475484581,0,4580,1,1,0,0,5313,'Pierre','',5314,1430,'patoune','','Re: photofiltre',1475508693,1623352476,0,0,0,'',0,0,1,0,0),(3381,18,0,0,1,0,'Chanson ; Ma France',1415,1475696372,0,5831,0,0,0,0,5319,'vignolle mt','',5319,1415,'vignolle mt','','Chanson ; Ma France',1475696372,1623211396,0,0,0,'',0,0,1,0,0),(3072,15,0,0,1,0,'Questionnaire sur la foudre',1,1457610684,0,6750,1,1,0,0,4559,'Pierre','',4561,56,'Patrick','','Re: Questionnaire sur la foudre',1457684422,1623197957,0,0,0,'',0,0,1,0,0),(3074,15,0,0,1,0,'En cas d\'éclairs, ne vous retrouvez pas chocolat...',56,1457700361,0,6086,0,0,0,0,4563,'Patrick','',4563,56,'Patrick','','En cas d\'éclairs, ne vous retrouvez pas chocolat...',1457700361,1623252846,0,0,0,'',0,0,1,0,0),(3402,14,0,0,1,0,'Le verbe ETRE et le verbe AVOIR',1415,1477206114,0,11435,0,0,0,0,5356,'vignolle mt','',5356,1415,'vignolle mt','','Le verbe ETRE et le verbe AVOIR',1477206114,1623319738,0,0,0,'',0,0,1,0,0),(3538,29,0,1,1,0,'sortie à Tournehem',82,1498150683,0,4877,0,0,0,0,5617,'annickd','',5617,82,'annickd','','sortie à Tournehem',1498150683,1623152049,0,0,0,'',0,0,1,0,0),(3540,19,0,0,1,0,'VIN DE CERISES',1430,1498156873,0,4278,1,1,0,0,5619,'patoune','',5620,82,'annickd','','Re: VIN DE CERISES',1498226125,1623367823,0,0,0,'',0,0,1,0,0),(3510,29,0,0,1,0,'foulées du Bruaysis',1,1491674211,0,5144,4,4,0,0,5555,'Pierre','',5559,82,'annickd','','Re: foulées du Bruaysis',1491686333,1623435476,0,0,0,'',0,0,1,0,0),(3528,18,0,0,1,0,'initiation danse Bretonne',1,1495207690,0,6953,1,1,0,0,5596,'Pierre','',5600,1415,'vignolle mt','','Re: initiation danse Bretonne',1495343858,1623357988,0,0,0,'',0,0,1,0,0),(3512,32,0,0,1,0,'compositions printemps',1,1492099484,0,8047,2,2,0,0,5562,'Pierre','',5572,1415,'vignolle mt','','Re: compositions printemps',1493109385,1623244332,0,0,0,'',0,0,1,0,0),(3413,18,0,0,1,0,'Incroyable talent',1415,1479058842,0,5802,0,0,0,0,5379,'vignolle mt','',5379,1415,'vignolle mt','','Incroyable talent',1479058842,1623233384,0,0,0,'',0,0,1,0,0),(3415,29,0,1,1,0,'Sortie BOLERO - Jeudi 10 novembre 2016',1463,1479277086,0,3121,0,0,0,0,5382,'hanquez','',5382,1463,'hanquez','','Re: Sortie BOLERO - Jeudi 10 novembre 2016',1479277086,1622981469,0,0,0,'',0,0,1,0,0),(3417,19,0,0,1,0,'amuses bouches pour les fétes',1488,1479481060,0,7535,0,0,0,0,5384,'rose62','',5384,1488,'rose62','','amuses bouches pour les fétes',1479481060,1623369362,0,0,0,'',0,0,1,0,0),(3418,29,0,0,1,0,'sortie terril de Verquin',1,1479546146,0,3553,1,1,0,0,5385,'Pierre','',5386,1,'Pierre','','Re: sortie terril de Verquin',1479546280,1623190816,0,0,0,'',0,0,1,0,0),(3420,29,0,1,1,0,'Sortie au terril de VERQUIN - mardi 15 novembre 2016',1463,1480083474,0,6063,0,0,0,0,5394,'hanquez','',5394,1463,'hanquez','','Re: Sortie au terril de VERQUIN - mardi 15 novembre 2016',1480083474,1623340599,0,0,0,'',0,0,1,0,0),(3421,18,0,0,1,0,'Le cirque du Soleil',1415,1479817572,0,7382,0,0,0,0,5389,'vignolle mt','',5389,1415,'vignolle mt','','Le cirque du Soleil',1479817572,1623205977,0,0,0,'',0,0,1,0,0),(3424,29,0,1,1,0,'Thé dansant du 24 novembre 2016 &quot;spécial Téléthon&quot;',82,1480265066,0,3985,0,0,0,0,5397,'annickd','',5397,82,'annickd','','Re: Thé dansant du 24 novembre 2016 &quot;spécial Téléthon&quot;',1480265066,1623167136,0,0,0,'',0,0,1,0,0),(3425,19,0,1,1,0,'Bouillon exotique à l’ancienne',56,1480347487,0,4716,1,1,0,0,5398,'Patrick','',5399,82,'annickd','','Re: Bouillon exotique à l’ancienne',1480361271,1623358342,0,0,0,'',0,0,1,0,0),(3427,32,0,1,1,0,'Fabrications d\'objets de Noël',82,1480442770,0,3451,0,0,0,0,5402,'annickd','',5402,82,'annickd','','Re: Fabrications d\'objets de Noël',1480442770,1623200837,0,0,0,'',0,0,1,0,0),(3429,32,0,1,1,0,'Petite Composition à l\'attention de l\'atelier Chant',56,1480720747,0,8400,5,5,0,0,5407,'Patrick','',5415,56,'Patrick','','Re: Petite Composition à l\'attention de l\'atelier Chant',1480838889,1623397842,0,0,0,'',0,0,1,0,0),(3430,27,0,0,1,0,'belle soirée',82,1480777457,0,4622,2,2,0,0,5411,'annickd','',5414,1463,'hanquez','','Re: belle soirée',1480834994,1623367637,0,0,0,'',0,0,1,0,0),(3544,29,0,1,1,0,'reception voyage de Kerallic',82,1499277145,0,8137,3,3,0,0,5625,'annickd','',5632,1430,'patoune','','Re: reception voyage de Kerallic',1499758128,1623203581,0,0,0,'',0,0,1,0,0),(3435,32,0,0,1,0,'deux amis (montages photos)',1,1481023625,0,7164,3,3,0,0,5421,'Pierre','',5424,1,'Pierre','','Re: deux amis (montages photos)',1481045858,1623359747,0,0,0,'',0,0,1,0,0),(3436,29,0,0,1,0,'spectacle Froufrou',1,1481050611,0,6108,6,6,0,0,5425,'Pierre','',5431,1415,'vignolle mt','','Re: spectacle Froufrou',1481058830,1623411509,0,0,0,'',0,0,1,0,0),(3440,18,0,0,1,0,'il faut que vous l\' écoutiez',1,1481296165,0,8001,1,1,0,0,5435,'Pierre','',5437,56,'Patrick','','Re: il faut que vous l\' écoutiez',1481310027,1623208372,0,0,0,'',0,0,1,0,0),(3443,29,0,1,1,0,'Séance de Cinéma du 12 décembre 2016',1430,1481698440,0,7231,3,3,0,0,5440,'patoune','',5448,1542,'chboule62','','Re: Séance de Cinéma du 12 décembre 2016',1481897967,1623341680,0,0,0,'',0,0,1,0,0),(3079,29,0,1,1,0,'concert cuivres et percussions',82,1457814180,0,4163,1,1,0,0,4572,'annickd','',4575,1430,'patoune','','Re: concert cuivres et percussions',1457876096,1623402015,0,0,0,'',0,0,1,0,0),(3080,29,0,1,1,0,'camélia sous la neige',82,1457815661,0,3526,0,0,0,0,4573,'annickd','',4573,82,'annickd','','camélia sous la neige',1457815661,1623437375,0,0,0,'',0,0,1,0,0),(1638,18,0,0,1,0,'LA COLOSCOPIE....En ch\'ti ...à mourir de rires !!!!',225,1359537896,0,4456,0,0,0,0,2657,'leo5962','',2657,225,'leo5962','','LA COLOSCOPIE....En ch\'ti ...à mourir de rires !!!!',1359537896,1623000038,0,0,0,'',0,0,1,0,0),(3033,18,0,0,1,0,'Carnaval de Venise',1,1454776585,0,3432,0,0,0,0,4499,'Pierre','',4499,1,'Pierre','','Carnaval de Venise',1454776585,1623274230,0,0,0,'',0,0,1,0,0),(3081,18,0,0,1,0,'TU VAS EN APPRENDRE DES CHOSES...',1,1457976731,0,4422,1,1,0,0,4576,'Pierre','',4579,56,'Patrick','','Re: TU VAS EN APPRENDRE DES CHOSES...',1458045852,1623325372,0,0,0,'',0,0,1,0,0),(3083,18,0,0,1,0,'Sacrés drones... drôles d\'oiseaux !!!',56,1458032593,0,3762,0,0,0,0,4578,'Patrick','',4578,56,'Patrick','','Sacrés drones... drôles d\'oiseaux !!!',1458032593,1623265664,0,0,0,'',0,0,1,0,0),(3084,18,0,0,1,0,'Le bain du chardonneret. SUPERBE !',133,1458066915,0,3535,0,0,0,0,4580,'morival marylaine','',4580,133,'morival marylaine','','Le bain du chardonneret. SUPERBE !',1458066915,1623000079,0,0,0,'',0,0,1,0,0),(3085,18,0,0,1,0,'viva la cantina!!!',133,1458069118,0,3784,1,1,0,0,4581,'morival marylaine','',4582,56,'Patrick','','Re: viva la cantina!!!',1458072883,1623101036,0,0,0,'',0,0,1,0,0),(3086,18,0,0,1,0,'A VOIR ABSOLUMENT',1,1458156615,0,3392,0,0,0,0,4584,'Pierre','',4584,1,'Pierre','','A VOIR ABSOLUMENT',1458156615,1623355583,0,0,0,'',0,0,1,0,0),(3087,18,0,0,1,0,'En... qu\'on fit danse...',56,1458238087,0,6164,3,3,0,0,4585,'Patrick','',4588,82,'annickd','','Re: En... qu\'on fit danse...',1458244702,1623285374,0,0,0,'',0,0,1,0,0),(3619,14,0,0,1,0,'pour sourire',133,1515228126,0,4044,0,0,0,0,5722,'morival marylaine','',5722,133,'morival marylaine','','pour sourire',1515228126,1623304329,0,0,0,'',0,0,1,0,0),(3610,9,0,0,1,0,'Cinéma',1576,1511167596,0,4410,0,0,0,0,5713,'Playoult franck','AA0000',5713,1576,'Playoult franck','AA0000','Cinéma',1511167596,1623382190,0,0,0,'',0,0,1,0,0),(3611,9,0,0,1,0,'réunion sortie Rochester',1576,1511167953,0,4421,0,0,0,0,5714,'Playoult franck','AA0000',5714,1576,'Playoult franck','AA0000','réunion sortie Rochester',1511167953,1623432976,0,0,0,'',0,0,1,0,0),(3612,9,0,0,1,0,'recherche des bénévoles',1576,1511331642,0,4186,0,0,0,0,5715,'Playoult franck','AA0000',5715,1576,'Playoult franck','AA0000','recherche des bénévoles',1511331642,1623386088,0,0,0,'',0,0,1,0,0),(3576,29,0,0,1,0,'notre voyage en Crête',82,1505651556,0,5087,1,1,0,0,5663,'annickd','',5668,1463,'hanquez','','Re: notre voyage en Crête',1505797852,1623352472,0,0,0,'',0,0,1,0,0),(3577,29,0,0,1,0,'la crête suite',82,1505716679,0,4644,0,0,0,0,5664,'annickd','',5664,82,'annickd','','la crête suite',1505716679,1623216905,0,0,0,'',0,0,1,0,0),(3578,29,0,1,1,0,'le rapport de dimanche et suite',82,1505717573,0,4686,0,0,0,0,5665,'annickd','',5665,82,'annickd','','le rapport de dimanche et suite',1505717573,1623212877,0,0,0,'',0,0,1,0,0),(3579,29,0,1,1,0,'la crête lundi',82,1505723928,0,4624,0,0,0,0,5666,'annickd','',5666,82,'annickd','','la crête lundi',1505723928,1623239111,0,0,0,'',0,0,1,0,0),(3580,29,0,1,1,0,'photos suite',82,1505729149,0,5134,1,1,0,0,5667,'annickd','',5669,1430,'patoune','','Re: photos suite',1505799780,1623397965,0,0,0,'',0,0,1,0,0),(3582,29,0,1,1,0,'Mardi en Crête',82,1505845397,0,5387,1,1,0,0,5671,'annickd','',5672,56,'Patrick','','Re: Mardi en Crête',1505845870,1623374288,0,0,0,'',0,0,1,0,0),(3583,29,0,1,1,0,'Spectacle de lundi soir',82,1505884154,0,5377,1,1,0,0,5674,'annickd','',5675,1415,'vignolle mt','','Re: Spectacle de lundi soir',1505900437,1623343811,0,0,0,'',0,0,1,0,0),(3584,29,0,1,1,0,'Mercredi en Crête',82,1505905020,0,4526,0,0,0,0,5676,'annickd','',5676,82,'annickd','','Mercredi en Crête',1505905020,1623431519,0,0,0,'',0,0,1,0,0),(3585,29,0,1,1,0,'Petite collection de photos',82,1505905980,0,5432,1,1,0,0,5677,'annickd','',5678,1415,'vignolle mt','','Re: Petite collection de photos',1505975690,1623344040,0,0,0,'',0,0,1,0,0),(3586,29,0,1,1,0,'Vendredi en Crete',82,1506063893,0,5279,1,1,0,0,5679,'annickd','',5684,1430,'patoune','','Re: Vendredi en Crete',1506087001,1623358312,0,0,0,'',0,0,1,0,0),(3636,27,0,1,1,0,'Voyage en Vendée',82,1547386388,0,4504,0,0,0,0,5739,'annickd','',5739,82,'annickd','','Voyage en Vendée',1547386388,1623431255,0,0,0,'',0,0,1,0,0),(3637,12,0,0,1,0,'vide grenier',187,1599055796,0,3,0,0,0,0,5740,'LORELEÏ','',5740,187,'LORELEÏ','','vide grenier',1599055796,1614963780,0,0,0,'',0,0,1,0,0),(3590,14,0,0,1,0,'Pour + tard, on est toujours jeunes......',133,1506142971,0,3856,1,1,0,0,5686,'morival marylaine','',5688,82,'annickd','','Re: Pour + tard, on est toujours jeunes......',1506274118,1623213616,0,0,0,'',0,0,1,0,0),(3592,29,0,1,1,0,'Crete suite et fin',82,1506262771,0,5021,1,1,0,0,5687,'annickd','',5690,1415,'vignolle mt','','Re: Crete suite et fin',1506326267,1623202284,0,0,0,'',0,0,1,0,0),(3593,15,0,1,1,0,'alsace féérique',82,1506285498,0,5723,0,0,0,0,5689,'annickd','',5689,82,'annickd','','alsace féérique',1506285498,1623301721,0,0,0,'',0,0,1,0,0),(3547,27,0,0,1,0,'à méditer',82,1500039669,0,4088,2,2,0,0,5634,'annickd','',5638,82,'annickd','','Re: à méditer',1500226098,1623387941,0,0,0,'',0,0,1,0,0),(3238,29,0,1,1,0,'sortie de bal parc à Tournehem',82,1464287991,0,7121,3,3,0,0,5007,'annickd','',5011,1415,'vignolle mt','','Re: sortie de bal parc à Tournehem',1464330445,1623149883,0,0,0,'',0,0,1,0,0),(3239,18,0,1,1,0,'photos de quelques fleurs de printemps',82,1464289750,0,4539,0,0,0,0,5008,'annickd','',5008,82,'annickd','','photos de quelques fleurs de printemps',1464289750,1623390333,0,0,0,'',0,0,1,0,0),(1987,17,0,0,1,0,'Bon à savoir‏',225,1375600843,0,6436,0,0,0,0,3049,'leo5962','',3049,225,'leo5962','','Bon à savoir‏',1375600843,1623295146,0,0,0,'',0,0,1,0,0),(3055,18,0,0,1,0,'musique',133,1456921996,0,3852,1,1,0,0,4527,'morival marylaine','',4533,56,'Patrick','','Re: musique',1456988363,1623346143,0,0,0,'',0,0,1,0,0),(2067,27,0,0,1,0,'Sondage : Quel système équipe votre ordinateur ?',1,1379609115,0,5143,2,2,0,0,3227,'lavirum','',3287,56,'Patrick','','Re: Sondage : Quel système équipe votre ordinateur ?',1380867035,1623220167,0,0,0,'Quel Système équipe votre ordinateur ?',1379609115,0,1,1381251102,0),(2098,29,0,0,1,0,'Rubrique réservée aux Photos de nos Voyages et Sorties',56,1380443168,0,8872,0,0,0,2,3244,'Patrick','',3244,56,'Patrick','','Rubrique réservée aux Photos de nos Voyages et Sorties',1380443168,1623417220,0,0,0,'',0,0,1,0,0),(2342,32,0,0,1,0,'Parints, attention...',82,1385922284,0,4965,1,1,0,0,3663,'annickd','',3764,1065,'HENRI','','Re: Parints, attention...',1388766155,1623389396,0,0,0,'',0,0,1,0,0),(2155,18,0,0,1,0,'Autriche ( visite de Salzbourg)',1,1381395112,0,3627,0,0,0,0,3350,'Pierre','',3350,1,'Pierre','','Autriche ( visite de Salzbourg)',1381395112,1622988584,0,0,0,'',0,0,1,0,0),(3056,18,0,0,1,0,'ils jouent comme des pieds !!!LOL',133,1456922131,0,3778,1,1,0,0,4528,'morival marylaine','',4530,82,'annickd','','Re: ils jouent comme des pieds !!!LOL',1456949851,1623223382,0,0,0,'',0,0,1,0,0),(2172,27,0,0,1,0,'LE SOMMEIL',143,1381599940,0,4130,4,4,0,0,3403,'retraite','',3437,56,'Patrick','','Sans pareil !',1381787227,1623202792,0,0,0,'',0,0,1,0,0),(2253,19,0,0,1,0,'soupe de courgettes à la vache qui rit',125,1383040855,0,4646,0,0,0,0,3545,'vignolle','',3545,125,'vignolle','','soupe de courgettes à la vache qui rit',1383040855,1623420422,0,0,0,'',0,0,1,0,0),(3632,27,0,0,1,0,'Notre voyage à Morzine',82,1523292335,0,3169,0,0,0,0,5735,'annickd','',5735,82,'annickd','','Notre voyage à Morzine',1523292335,1623211947,0,0,0,'',0,0,1,0,0),(3595,29,0,0,1,0,'Essai',82,1507133367,0,0,0,0,0,0,0,'annickd','',0,0,'','','',0,1507133367,0,0,0,'',0,0,1,0,0),(2299,32,0,0,1,0,'la rubrique est ouverte',82,1384545798,0,4565,0,0,0,0,3613,'annickd','',3613,82,'annickd','','la rubrique est ouverte',1384545798,1623197990,0,0,0,'',0,0,1,0,0),(3393,29,0,1,1,0,'Concert Jazz à Bruay du 16 octobre 2016',1415,1476644216,0,4531,2,2,0,0,5342,'vignolle mt','',5344,1430,'patoune','','Re: Concert Jazz à Bruay du 16 octobre 2016',1476685446,1623435638,0,0,0,'',0,0,1,0,0),(3517,29,0,1,1,0,'départ pour Kerallic',82,1493499354,0,3743,2,2,0,0,5573,'annickd','',5575,1494,'jojo','','Re: départ pour Kerallic',1493561289,1623424423,0,0,0,'',0,0,1,0,0),(3397,9,0,1,1,0,'Cabaret Jazz animé par M\'JAZZ - Dimanche 16 octobre 2016',57,1476687276,0,6,0,0,2,0,5346,'Service Seniors','',5346,57,'Service Seniors','','Cabaret Jazz animé par M\'JAZZ - Dimanche 16 octobre 2016',1476687276,1476693826,3395,0,0,'',0,0,1,0,0),(3398,29,0,1,1,0,'Sortie à Carbolux du 18/10/2016',1430,1476803305,0,3879,3,3,0,0,5348,'patoune','',5351,1415,'vignolle mt','','Re: Sortie à Carbolux du 18/10/2016',1476872786,1623312251,0,0,0,'',0,0,1,0,0),(3042,18,0,0,1,0,'Au pays du matin calme',1,1455909970,0,3226,0,0,0,0,4512,'Pierre','',4512,1,'Pierre','','Au pays du matin calme',1455909970,1623204087,0,0,0,'',0,0,1,0,0),(2220,27,0,1,1,0,'flashmob',82,1382382145,0,3842,0,0,0,0,3499,'annickd','',3499,82,'annickd','','flashmob',1382382145,1623103808,0,0,0,'',0,0,1,0,0),(3563,15,0,0,1,0,'petits rappels de conduite',82,1503854855,0,3504,0,0,0,0,5656,'annickd','',5656,82,'annickd','','petits rappels de conduite',1503854855,1623389024,0,0,0,'',0,0,1,0,0),(2303,32,0,0,1,0,'Déchinte aux enfers  -  texte patoisant',82,1384633336,0,4858,0,0,0,0,3617,'annickd','',3617,82,'annickd','','Déchinte aux enfers  -  texte patoisant',1384633336,1623198869,0,0,0,'',0,0,1,0,0),(3556,27,0,1,1,0,'avant de prendre la route',82,1500985695,0,3837,1,1,0,0,5646,'annickd','',5647,56,'Patrick','','Re: avant de prendre la route',1501070939,1623377770,0,0,0,'',0,0,1,0,0),(3558,27,0,0,1,0,'Vie de famille de Jacques Prevert',82,1501616065,0,2934,0,0,0,0,5649,'annickd','',5649,82,'annickd','','Vie de famille de Jacques Prevert',1501616065,1623262287,0,0,0,'',0,0,1,0,0),(3202,19,0,1,1,0,'lapin à z\'os',82,1461873351,0,9496,5,5,0,0,4899,'annickd','',4951,1463,'hanquez','','Re: lapin à z\'os',1462273458,1623404350,0,0,0,'',0,0,1,0,0),(3500,32,0,0,1,0,'Félonie en Fillonie',56,1490373932,0,4493,2,2,0,0,5540,'Patrick','',5543,1415,'vignolle mt','','Re: Félonie en Fillonie',1490604502,1623188171,0,0,0,'',0,0,1,0,0),(3502,29,0,1,1,0,'spectacle Mazowsze à St Amand',82,1490814694,0,2410,0,0,0,0,5544,'annickd','',5544,82,'annickd','','spectacle Mazowsze à St Amand',1490814694,1623348828,0,0,0,'',0,0,1,0,0),(3501,18,0,1,1,0,'les beautés du printemps',82,1490385243,0,3830,0,0,0,0,5542,'annickd','',5542,82,'annickd','','les beautés du printemps',1490385243,1623204968,0,0,0,'',0,0,1,0,0),(3552,19,0,0,1,0,'potage rafraichissant et detoxiquant',82,1500491958,0,3774,0,0,0,0,5642,'annickd','',5642,82,'annickd','','potage rafraichissant et detoxiquant',1500491958,1623358053,0,0,0,'',0,0,1,0,0),(3553,27,0,1,1,0,'l\'asso dynamiqueseniors',82,1500834862,0,3399,0,0,0,0,5643,'annickd','',5643,82,'annickd','','l\'asso dynamiqueseniors',1500834862,1623407269,0,0,0,'',0,0,1,0,0),(3384,32,0,0,1,0,'Félicitations  à Annick Duhamel',1415,1475869072,0,4841,0,0,0,0,5324,'vignolle mt','',5324,1415,'vignolle mt','','Félicitations  à Annick Duhamel',1475869072,1623352472,0,0,0,'',0,0,1,0,0),(3149,18,0,0,1,0,'Plongée sous marine à Bali',1,1461059176,0,3874,0,0,0,0,4751,'Pierre','',4751,1,'Pierre','','Plongée sous marine à Bali',1461059176,1623367969,0,0,0,'',0,0,1,0,0),(3158,29,0,1,1,0,'suite',145,1461251514,0,4538,0,0,0,0,4778,'yvesgaquere','',4778,145,'yvesgaquere','','suite',1461251514,1623376366,0,0,0,'',0,0,1,0,0),(3163,29,0,1,1,0,'photos sur le voyage à Embrun dans les Hautes Alpes',1415,1461350780,0,6679,2,2,0,0,4792,'vignolle mt','',4905,1415,'vignolle mt','','Re: photos sur le voyage à Embrun dans les Hautes Alpes',1461882925,1623347812,0,0,0,'',0,0,1,0,0),(3633,27,0,0,1,0,'Sortie croisière à Gand',82,1536752350,0,3185,0,0,0,0,5736,'annickd','',5736,82,'annickd','','Sortie croisière à Gand',1536752350,1623288577,0,0,0,'',0,0,1,0,0),(3634,27,0,1,1,0,'Séjour neige au Tyrol',82,1538334168,0,2869,0,0,0,0,5737,'annickd','',5737,82,'annickd','','Séjour neige au Tyrol',1538334168,1623312443,0,0,0,'',0,0,1,0,0),(3157,29,0,1,1,0,'LA ROCHELLE',145,1461250680,0,6148,2,2,0,0,4777,'yvesgaquere','',4841,1415,'vignolle mt','','Re: LA ROCHELLE',1461592433,1623410471,0,0,0,'',0,0,1,0,0),(3159,29,0,1,1,0,'SUITE',145,1461251635,0,4733,0,0,0,0,4779,'yvesgaquere','',4779,145,'yvesgaquere','','SUITE',1461251635,1623376571,0,0,0,'',0,0,1,0,0),(3160,29,0,0,1,0,'SUITE',145,1461251706,0,5179,1,1,0,0,4780,'yvesgaquere','',4785,82,'annickd','','Re: SUITE',1461267522,1623280581,0,0,0,'',0,0,1,0,0),(3164,32,0,0,1,0,'nouveaux montages',1,1461391210,0,28038,16,16,0,0,4793,'Pierre','',5236,1415,'vignolle mt','','Re: nouveaux montages',1471967494,1623348731,0,0,0,'',0,0,1,0,0),(3174,18,0,1,1,0,'inauguration des festivités',82,1461436813,0,4019,0,0,0,0,4816,'annickd','',4816,82,'annickd','','inauguration des festivités',1461436813,1623327060,0,0,0,'',0,0,1,0,0),(3147,19,0,1,1,0,'recette de la poule créole',1430,1460998698,0,11421,3,3,0,0,4741,'patoune','',5417,1491,'guyrobert','','Re: recette de la poule créole',1480845243,1623315719,0,0,0,'',0,0,1,0,0),(3148,18,0,0,1,0,'La nature est si belle!!!!!!!!!',133,1461049602,0,3635,0,0,0,0,4747,'morival marylaine','',4747,133,'morival marylaine','','La nature est si belle!!!!!!!!!',1461049602,1623430732,0,0,0,'',0,0,1,0,0),(3618,28,0,0,1,0,'formation informatique',1430,1514993185,0,7002,0,0,0,0,5721,'patoune','',5721,1430,'patoune','','formation informatique',1514993185,1623303173,0,0,0,'',0,0,1,0,0),(3094,27,0,0,1,0,'le groupe de percussions à Denain',82,1458589864,0,2434,0,0,0,0,4601,'annickd','',4601,82,'annickd','','le groupe de percussions à Denain',1458589864,1623201337,0,0,0,'',0,0,1,0,0),(3095,32,0,1,1,0,'tableau d\'André Lesieur',82,1458590574,0,4810,1,1,0,0,4602,'annickd','',4603,56,'Patrick','','Re: tableau d\'André Lesieur',1458592386,1623343359,0,0,0,'',0,0,1,0,0),(3096,29,0,1,1,0,'Atelier Espaces Verts &quot;spécial Pâques&quot;',82,1458678749,0,4231,1,1,0,0,4605,'annickd','',4606,1,'Pierre','','Re: Atelier Espaces Verts &quot;spécial Pâques&quot;',1458715349,1623260909,0,0,0,'',0,0,1,0,0),(3250,19,0,1,1,0,'beignets de fleurs de sureau',82,1464723819,0,11251,3,3,0,0,5033,'annickd','',5051,1491,'guyrobert','','Re: beignets de fleurs de sureau',1465193695,1623277870,0,0,0,'',0,0,1,0,0),(3099,29,0,1,1,0,'concert à Denain',82,1458762737,0,3741,0,0,0,0,4612,'annickd','',4612,82,'annickd','','concert à Denain',1458762737,1623058471,0,0,0,'',0,0,1,0,0),(3102,15,0,0,1,0,'Services en ligne',56,1459078178,0,9469,3,3,0,0,4622,'Patrick','',4638,1430,'patoune','','Re: Services en ligne',1459532223,1623172658,0,0,0,'',0,0,1,0,0),(3103,27,0,1,1,0,'Hommage à l\'un...',56,1459111736,0,2342,0,0,0,0,4623,'Patrick','',4623,56,'Patrick','','Hommage à l\'un...',1459111736,1623196823,0,0,0,'',0,0,1,0,0),(3104,29,0,1,1,0,'photos seniors à DENAIN',145,1459152648,0,3817,0,0,0,0,4624,'yvesgaquere','',4624,145,'yvesgaquere','','photos seniors à DENAIN',1459152648,1623211241,0,0,0,'',0,0,1,0,0),(3105,27,0,1,1,0,'Emus... et muets...',56,1459270611,0,3962,4,4,0,0,4626,'Patrick','',4632,82,'annickd','','Re: Emus... et muets...',1459318276,1623427497,0,0,0,'',0,0,1,0,0),(3106,32,0,0,1,0,'Re-sources',56,1459356387,0,4707,1,1,0,0,4633,'Patrick','',4634,82,'annickd','','Re: Re-sources',1459368588,1623221957,0,0,0,'',0,0,1,0,0),(3107,15,0,1,1,0,'comment écrire dans le forum',82,1459369597,0,6068,0,0,0,0,4635,'annickd','',4635,82,'annickd','','comment écrire dans le forum',1459369597,1623219315,0,0,0,'',0,0,1,0,0),(3144,19,0,1,1,0,'Gâteau Sainte-Odile',1458,1460820347,0,5064,1,1,0,0,4720,'Flo62','',4722,82,'annickd','','Re: Gâteau Sainte-Odile',1460827506,1623198702,0,0,0,'',0,0,1,0,0),(3145,27,0,1,1,0,'la bistouille et rappel de la soirée patoisante',82,1460837109,0,2945,1,1,0,0,4723,'annickd','',4727,56,'Patrick','','Re: la bistouille et rappel de la soirée patoisante',1460874239,1623285702,0,0,0,'',0,0,1,0,0),(2414,32,0,1,1,0,'Poème de Noël',82,1388601012,0,4819,0,0,0,0,3760,'annickd','',3760,82,'annickd','','Poème de Noël',1388601012,1623369447,0,0,0,'',0,0,1,0,0),(2416,32,0,0,1,0,'Si Noël   c\'était chaque jour   !!!!',133,1388739437,0,4533,0,0,0,0,3763,'morival marylaine','',3763,133,'morival marylaine','','Si Noël   c\'était chaque jour   !!!!',1388739437,1623395639,0,0,0,'',0,0,1,0,0),(2425,32,0,0,1,0,'Vieillir en beauté',133,1389101430,0,4528,0,0,0,0,3774,'morival marylaine','',3774,133,'morival marylaine','','Vieillir en beauté',1389101430,1623407264,0,0,0,'',0,0,1,0,0),(2448,32,0,0,1,0,'IM A G I N E',133,1390235898,0,4321,0,0,0,0,3805,'morival marylaine','',3805,133,'morival marylaine','','IM A G I N E',1390235898,1623201218,0,0,0,'',0,0,1,0,0),(2450,32,0,0,1,0,'INTELLIGENCE',133,1390301191,0,4379,0,0,0,0,3810,'morival marylaine','',3810,133,'morival marylaine','','INTELLIGENCE',1390301191,1623183233,0,0,0,'',0,0,1,0,0),(2453,32,0,0,1,0,'Lettre d’un vieux père à son fils',133,1390424769,0,4445,0,0,0,0,3813,'morival marylaine','',3813,133,'morival marylaine','','Lettre d’un vieux père à son fils',1390424769,1623398806,0,0,0,'',0,0,1,0,0),(2613,32,0,0,1,0,'Pour toi maman  et à toutes les mamans du monde',133,1401029761,0,4983,0,0,0,0,4007,'morival marylaine','',4007,133,'morival marylaine','','Pour toi maman  et à toutes les mamans du monde',1401029761,1623399487,0,0,0,'',0,0,1,0,0),(3276,19,0,1,1,0,'roses des sables',82,1466450049,0,6405,0,0,0,0,5099,'annickd','',5099,82,'annickd','','roses des sables',1466450049,1623391292,0,0,0,'',0,0,1,0,0),(3278,19,0,0,1,0,'sirop de fleurs de sureau',1390,1466599354,0,6570,1,1,0,0,5103,'marie-france','',5106,82,'annickd','','Re: sirop de fleurs de sureau',1466627007,1623152102,0,0,0,'',0,0,1,0,0),(3281,14,0,0,1,0,'allez on joue puisque c\'est facile!',133,1466663568,0,5382,0,0,0,0,5109,'morival marylaine','',5109,133,'morival marylaine','','allez on joue puisque c\'est facile!',1466663568,1623426706,0,0,0,'',0,0,1,0,0),(3283,18,0,0,1,0,'Rochefort en Terre dans le Morbihan en Bretagne',1415,1466972745,0,3867,0,0,0,0,5118,'vignolle mt','',5118,1415,'vignolle mt','','Rochefort en Terre dans le Morbihan en Bretagne',1466972745,1623410734,0,0,0,'',0,0,1,0,0),(3507,32,0,0,1,0,'Feuille Morte',56,1491333323,0,3145,0,0,0,0,5551,'Patrick','',5551,56,'Patrick','','Feuille Morte',1491333323,1623185785,0,0,0,'',0,0,1,0,0),(3289,29,0,1,1,0,'Coucou du dimanche à Seillac',1415,1467560020,0,3514,0,0,0,0,5134,'vignolle mt','',5134,1415,'vignolle mt','','Re: Coucou du dimanche à Seillac',1467560020,1623321079,0,0,0,'',0,0,1,0,0),(3290,29,0,1,1,0,'Coucou du lundi de Seillac',56,1467694357,0,4548,2,2,0,0,5138,'Patrick','',5141,1464,'Nicky62','','Re: Coucou du lundi de Seillac',1467735732,1623436892,0,0,0,'',0,0,1,0,0),(3291,29,0,1,1,0,'Coucou du mardi de Seillac',1415,1467791271,0,3626,0,0,0,0,5143,'vignolle mt','',5143,1415,'vignolle mt','','Re: Coucou du mardi de Seillac',1467791271,1623368877,0,0,0,'',0,0,1,0,0),(3292,32,0,1,1,0,'montage',121,1467804509,0,7513,4,4,0,0,5144,'evemarie','',5178,1415,'vignolle mt','','Re: montage',1469098352,1623198812,0,0,0,'',0,0,1,0,0),(3293,29,0,1,1,0,'Coucou du mardi de Seillac suite',82,1467818791,0,4361,0,0,0,0,5145,'annickd','',5145,82,'annickd','','Coucou du mardi de Seillac suite',1467818791,1623369493,0,0,0,'',0,0,1,0,0),(3294,29,0,1,1,0,'Coucou de Seillac du mercredi',82,1467822045,0,4016,0,0,0,0,5146,'annickd','',5146,82,'annickd','','Coucou de Seillac du mercredi',1467822045,1623380571,0,0,0,'',0,0,1,0,0),(3295,29,0,1,1,0,'Coucou du Jeudi de Seillac',1458,1467894299,0,5292,2,2,0,0,5148,'Flo62','',5150,1415,'vignolle mt','','Re: Coucou du Jeudi de Seillac',1467981742,1623228569,0,0,0,'',0,0,1,0,0),(3296,29,0,1,1,0,'Coucou de Seillac du vendredi',82,1468004153,0,4397,1,1,0,0,5151,'annickd','',5158,1415,'vignolle mt','','Re: Coucou de Seillac du vendredi',1468129905,1623196205,0,0,0,'',0,0,1,0,0),(3297,29,0,0,1,0,'Retour de Seillac',1458,1468060205,0,3920,0,0,0,0,5152,'Flo62','',5152,1458,'Flo62','','Retour de Seillac',1468060205,1623437066,0,0,0,'',0,0,1,0,0),(3298,29,0,1,1,0,'Fin du séjour',82,1468084293,0,8649,5,5,0,0,5153,'annickd','',5162,1458,'Flo62','','Re: Fin du séjour',1468177240,1623361155,0,0,0,'',0,0,1,0,0),(3299,19,0,1,1,0,'le vin de noix',82,1468180013,0,8273,1,1,0,0,5163,'annickd','',5193,1491,'guyrobert','','Re: le vin de noix',1469712936,1623344317,0,0,0,'',0,0,1,0,0),(3300,18,0,1,1,0,'\'Trucmuche\' photographique Philippin',56,1468412922,0,11905,3,3,0,0,5164,'Patrick','',5171,56,'Patrick','','Re: \'Trucmuche\' photographique Philippin',1468845746,1623430269,0,0,0,'',0,0,1,0,0),(3301,19,0,0,1,0,'Bonne journée de 14 juillet à tous',1415,1468490308,0,5014,0,0,0,0,5166,'vignolle mt','',5166,1415,'vignolle mt','','Bonne journée de 14 juillet à tous',1468490308,1623368711,0,0,0,'',0,0,1,0,0),(3302,19,0,1,1,0,'tarte aux courgettes sans pâte',82,1468521787,0,5943,1,1,0,0,5168,'annickd','',5169,1430,'patoune','','Re: tarte aux courgettes sans pâte',1468524878,1623344099,0,0,0,'',0,0,1,0,0),(3506,29,0,1,1,0,'sortie Zenith André Rieu',82,1491164820,0,3439,1,1,0,0,5549,'annickd','',5550,1415,'vignolle mt','','Re: sortie Zenith André Rieu',1491326034,1623194050,0,0,0,'',0,0,1,0,0),(3304,12,0,1,1,0,'CLOUD COMPUTING',56,1468846236,0,23,2,2,0,0,5172,'Patrick','',5179,82,'annickd','','Re: CLOUD COMPUTING',1469125809,1488966625,0,0,0,'',0,0,1,0,0),(3305,15,0,0,1,0,'Microsoft prend quelques libertés...',56,1469039799,0,6200,0,0,0,0,5176,'Patrick','',5176,56,'Patrick','','Microsoft prend quelques libertés...',1469039799,1623407771,0,0,0,'',0,0,1,0,0),(3306,18,0,0,1,0,'de la côte d\'émeraude à la vallée de la Rance',1415,1469097321,0,6730,0,0,0,0,5177,'vignolle mt','',5177,1415,'vignolle mt','','de la côte d\'émeraude à la vallée de la Rance',1469097321,1623152090,0,0,0,'',0,0,1,0,0),(3307,28,0,1,1,0,'montage de vacances(Seillac)',1430,1469129561,0,16890,2,2,0,0,5180,'patoune','',5196,1430,'patoune','','Re: montage de vacances(Seillac)',1470067249,1623185026,0,0,0,'',0,0,1,0,0),(3311,27,0,0,1,0,'poèmes de Victor Hugo : poète',82,1469364728,0,6268,2,2,0,0,5185,'annickd','',5187,82,'annickd','','Re: poèmes de Victor Hugo : poète',1469530413,1623431182,0,0,0,'',0,0,1,0,0),(3312,18,0,1,1,0,'Les phoques de Berck sur Mer',82,1469638291,0,9034,2,2,0,0,5188,'annickd','',5191,82,'annickd','','Re: Les phoques de Berck sur Mer',1469640592,1623152096,0,0,0,'',0,0,1,0,0),(3313,27,0,1,1,0,'les étoiles filantes',82,1469640136,0,5695,0,0,0,0,5190,'annickd','',5190,82,'annickd','','les étoiles filantes',1469640136,1623295440,0,0,0,'',0,0,1,0,0),(3316,18,0,1,1,0,'le phoque de Pleudihen sur rance dans les côtes d\'Armor',1415,1469771968,0,8313,1,1,0,0,5195,'vignolle mt','',5237,1415,'vignolle mt','','Re: le phoque de Pleudihen sur rance dans les côtes d\'Armor',1471967978,1623335576,0,0,0,'',0,0,1,0,0),(3317,32,0,1,1,0,'reflet',56,1470205848,0,3700,3,3,0,0,5199,'Patrick','',5204,56,'Patrick','','Colimaçon...',1470395545,1623368511,0,0,0,'',0,0,1,0,0),(3321,29,0,1,1,0,'reception des seniors du voyage de Seillac',82,1471002002,0,4983,2,2,0,0,5209,'annickd','',5216,1458,'Flo62','','Re: reception des seniors du voyage de Seillac',1471257729,1623239963,0,0,0,'',0,0,1,0,0),(3322,18,0,0,1,0,'DANSONS',133,1471112731,0,5979,0,0,0,0,5211,'morival marylaine','',5211,133,'morival marylaine','','DANSONS',1471112731,1623152089,0,0,0,'',0,0,1,0,0),(3390,18,0,0,1,0,'Le Mont St Michel Caen et la côte jusque Dieppe',1415,1476305811,0,8046,0,0,0,0,5333,'vignolle mt','',5333,1415,'vignolle mt','','Le Mont St Michel Caen et la côte jusque Dieppe',1476305811,1623198901,0,0,0,'',0,0,1,0,0),(3324,14,0,0,1,0,'BEAUTE',133,1471113615,0,4204,0,0,0,0,5213,'morival marylaine','',5213,133,'morival marylaine','','BEAUTE',1471113615,1623233313,0,0,0,'',0,0,1,0,0),(3458,29,0,1,1,0,'la galette',82,1483989310,0,3336,1,1,0,0,5472,'annickd','',5473,1430,'patoune','','Re: la galette',1483990119,1623202504,0,0,0,'',0,0,1,0,0),(3459,18,0,0,1,0,'Il explore le Groenland avec sa poule et son voilier',225,1484416625,0,4264,0,0,0,0,5475,'leo5962','',5475,225,'leo5962','','Il explore le Groenland avec sa poule et son voilier',1484416625,1623428059,0,0,0,'',0,0,1,0,0),(3462,19,0,0,1,0,'les cannelés en video',225,1485500661,0,3818,0,0,0,0,5478,'leo5962','',5478,225,'leo5962','','les cannelés en video',1485500661,1623313035,0,0,0,'',0,0,1,0,0),(3548,14,0,0,1,0,'Missionnaire policier',56,1500133061,0,2894,0,0,0,0,5636,'Patrick','',5636,56,'Patrick','','Missionnaire policier',1500133061,1623152108,0,0,0,'',0,0,1,0,0),(3541,27,0,0,1,0,'réunion retour Kerallic',82,1498504149,0,3109,0,0,0,0,5621,'annickd','',5621,82,'annickd','','réunion retour Kerallic',1498504149,1623374122,0,0,0,'',0,0,1,0,0),(3468,19,0,0,1,0,'Recette de sablés au beurre facile et rapide',225,1487247393,0,3959,0,0,0,0,5485,'leo5962','',5485,225,'leo5962','','Recette de sablés au beurre facile et rapide',1487247393,1623333552,0,0,0,'',0,0,1,0,0),(3469,19,0,0,1,0,'site de recettes',225,1487247550,0,3946,0,0,0,0,5486,'leo5962','',5486,225,'leo5962','','site de recettes',1487247550,1623343847,0,0,0,'',0,0,1,0,0),(3470,19,0,0,1,0,'recettes rapides',225,1487248219,0,3959,0,0,0,0,5487,'leo5962','',5487,225,'leo5962','','recettes rapides',1487248219,1623345278,0,0,0,'',0,0,1,0,0),(3471,19,0,0,1,0,'les petits delices d\'une maman pressée',225,1487248745,0,3800,0,0,0,0,5488,'leo5962','',5488,225,'leo5962','','les petits delices d\'une maman pressée',1487248745,1623313237,0,0,0,'',0,0,1,0,0),(3476,18,0,0,1,0,'Surprenant !!',225,1487687011,0,3984,0,0,0,0,5498,'leo5962','',5498,225,'leo5962','','Surprenant !!',1487687011,1623209144,0,0,0,'',0,0,1,0,0),(3477,27,0,1,1,0,'information sur association',82,1487793607,0,4868,2,2,0,0,5499,'annickd','',5523,1,'Pierre','','Re: information sur association',1488909702,1623276984,0,0,0,'',0,0,1,0,0),(3479,19,0,0,1,0,'MAGRET DE CANARD SEC',82,1487798017,0,3696,0,0,0,0,5502,'annickd','',5502,82,'annickd','','MAGRET DE CANARD SEC',1487798017,1623320129,0,0,0,'',0,0,1,0,0),(3481,18,0,0,1,0,'Chasse à l\'écureuil',1415,1487799346,0,3911,0,0,0,0,5504,'vignolle mt','',5504,1415,'vignolle mt','','Chasse à l\'écureuil',1487799346,1623343143,0,0,0,'',0,0,1,0,0),(3482,32,0,1,1,0,'Min clube',82,1487870937,0,4584,2,2,0,0,5505,'annickd','',5510,1463,'hanquez','','Re: Min clube',1488088943,1623344936,0,0,0,'',0,0,1,0,0),(3484,18,0,0,1,0,'visite de l\'Aubrac',1415,1488092597,0,4162,0,0,0,0,5511,'vignolle mt','',5511,1415,'vignolle mt','','visite de l\'Aubrac',1488092597,1623196170,0,0,0,'',0,0,1,0,0),(3486,19,0,1,1,0,'beignets moelleux',82,1488306971,0,3788,0,0,0,0,5513,'annickd','',5513,82,'annickd','','beignets moelleux',1488306971,1623395401,0,0,0,'',0,0,1,0,0),(3488,14,0,0,1,0,'poème de Théophile Gautier',1415,1488314872,0,3193,0,0,0,0,5516,'vignolle mt','',5516,1415,'vignolle mt','','poème de Théophile Gautier',1488314872,1623356889,0,0,0,'',0,0,1,0,0),(3489,32,0,0,1,0,'Atelier Ecriture Parodie Chanson',56,1488695782,0,3508,0,0,0,0,5517,'Patrick','',5517,56,'Patrick','','Atelier Ecriture Parodie Chanson',1488695782,1623194079,0,0,0,'',0,0,1,0,0),(3093,27,0,0,1,0,'L\'arrivée du Printemps',56,1458492967,0,3842,0,0,0,0,4599,'Patrick','',4599,56,'Patrick','','Re: L\'arrivée du Printemps',1458499599,1623244176,0,0,0,'',0,0,1,0,0),(3091,18,0,0,1,0,'Le printemps est arrivé...',82,1458463991,0,3429,0,0,0,0,4595,'annickd','',4595,82,'annickd','','Le printemps est arrivé...',1458463991,1623000065,0,0,0,'',0,0,1,0,0),(2818,18,0,0,1,0,'Amoureux des belles voix !!!!',133,1423162008,0,4014,0,0,0,0,4238,'morival marylaine','',4238,133,'morival marylaine','','Amoureux des belles voix !!!!',1423162008,1622988507,0,0,0,'',0,0,1,0,0),(2819,18,0,0,1,0,'ZOO',133,1423382532,0,3779,0,0,0,0,4239,'morival marylaine','',4239,133,'morival marylaine','','ZOO',1423382532,1622988601,0,0,0,'',0,0,1,0,0),(2820,18,0,0,1,0,'UNE VISITE DE VOTRE COIN',133,1423383336,0,4256,0,0,0,0,4240,'morival marylaine','',4240,133,'morival marylaine','','UNE VISITE DE VOTRE COIN',1423383336,1623404077,0,0,0,'',0,0,1,0,0),(2822,18,0,0,1,0,'ANIMAUX EXTRA ......',133,1423484755,0,4747,0,0,0,0,4242,'morival marylaine','',4242,133,'morival marylaine','','ANIMAUX EXTRA ......',1423484755,1623200301,0,0,0,'',0,0,1,0,0),(2824,18,0,0,1,0,'RIONS',133,1423500617,0,4252,0,0,0,0,4244,'morival marylaine','',4244,133,'morival marylaine','','RIONS',1423500617,1623198430,0,0,0,'',0,0,1,0,0),(2825,18,0,0,1,0,'Que la montagne est belle',133,1423500875,0,4181,0,0,0,0,4245,'morival marylaine','',4245,133,'morival marylaine','','Que la montagne est belle',1423500875,1623257366,0,0,0,'',0,0,1,0,0),(2826,18,0,0,1,0,'&gt; Les Petits &gt; &gt; &gt; &gt; Chanteurs à la Croix de Bois',133,1423501064,0,4229,0,0,0,0,4246,'morival marylaine','',4246,133,'morival marylaine','','&gt; Les Petits &gt; &gt; &gt; &gt; Chanteurs à la Croix de Bois',1423501064,1623215108,0,0,0,'',0,0,1,0,0),(2829,18,0,0,1,0,'RIRE AVEC NOS COUSINS  QUEBECOIS',133,1424202993,0,3901,0,0,0,0,4249,'morival marylaine','',4249,133,'morival marylaine','','RIRE AVEC NOS COUSINS  QUEBECOIS',1424202993,1623201285,0,0,0,'',0,0,1,0,0),(2832,18,0,0,1,0,'Allez..un moment  de Joie et de Bonheur....',133,1424714717,0,3859,0,0,0,0,4252,'morival marylaine','',4252,133,'morival marylaine','','Allez..un moment  de Joie et de Bonheur....',1424714717,1623196952,0,0,0,'',0,0,1,0,0),(2833,18,0,0,1,0,'La descente du Mont Blanc',225,1424869563,0,4067,0,0,0,0,4253,'leo5962','',4253,225,'leo5962','','La descente du Mont Blanc',1424869563,1623182320,0,0,0,'',0,0,1,0,0),(2834,18,0,0,1,0,'RIRE: nous en avons besoin !!!! ****',225,1424869850,0,3924,0,0,0,0,4254,'leo5962','',4254,225,'leo5962','','RIRE: nous en avons besoin !!!! ****',1424869850,1623414284,0,0,0,'',0,0,1,0,0),(2837,18,0,0,1,0,'incroyablement beau !!!!',133,1425927434,0,3830,0,0,0,0,4257,'morival marylaine','',4257,133,'morival marylaine','','incroyablement beau !!!!',1425927434,1623182491,0,0,0,'',0,0,1,0,0),(2844,14,0,0,1,0,'&gt; Invitation de la Folie !',133,1426620582,0,5305,0,0,0,0,4264,'morival marylaine','',4264,133,'morival marylaine','','&gt; Invitation de la Folie !',1426620582,1623431945,0,0,0,'',0,0,1,0,0),(2845,14,0,0,1,0,'&gt; Alors, qu\'en dites-vous des pluriels ?',133,1426790300,0,5292,0,0,0,0,4265,'morival marylaine','',4265,133,'morival marylaine','','&gt; Alors, qu\'en dites-vous des pluriels ?',1426790300,1623437353,0,0,0,'',0,0,1,0,0),(2847,14,0,0,1,0,'Anosognosie',133,1426886531,0,5171,0,0,0,0,4267,'morival marylaine','',4267,133,'morival marylaine','','Anosognosie',1426886531,1623254896,0,0,0,'',0,0,1,0,0),(2862,18,0,0,1,0,'incroyable !!!!',133,1430159523,0,3703,0,0,0,0,4283,'morival marylaine','',4283,133,'morival marylaine','','incroyable !!!!',1430159523,1623395352,0,0,0,'',0,0,1,0,0),(2863,18,0,0,1,0,'29èmes RICV Berck 25 Avril 2015 Vol de nuit et final pyrotec',225,1430301594,0,3450,0,0,0,0,4284,'leo5962','',4284,225,'leo5962','','29èmes RICV Berck 25 Avril 2015 Vol de nuit et final pyrotec',1430301594,1623423302,0,0,0,'',0,0,1,0,0),(2864,18,0,0,1,0,'Le petit train d\'Artouste fête ses 80 ans !',225,1430303990,0,3337,0,0,0,0,4285,'leo5962','',4285,225,'leo5962','','Le petit train d\'Artouste fête ses 80 ans !',1430303990,1623027961,0,0,0,'',0,0,1,0,0),(2868,18,0,0,1,0,'Une prestation aussi hilarante qu’époustouflante !',133,1430688347,0,3451,0,0,0,0,4291,'morival marylaine','',4291,133,'morival marylaine','','Une prestation aussi hilarante qu’époustouflante !',1430688347,1623355436,0,0,0,'',0,0,1,0,0),(2869,32,0,1,1,0,'tableau d\'andré Lesieur',82,1431116258,0,4978,0,0,0,0,4292,'annickd','',4292,82,'annickd','','tableau d\'andré Lesieur',1431116258,1623225998,0,0,0,'',0,0,1,0,0),(2870,32,0,0,1,0,'Au Nord iavot des corons',82,1431118267,0,7850,0,0,0,0,4293,'annickd','',4293,82,'annickd','','Au Nord iavot des corons',1431118267,1623173749,0,0,0,'',0,0,1,0,0),(2872,18,0,0,1,0,'Rééducation des genoux‏',225,1431361252,0,3500,0,0,0,0,4295,'leo5962','',4295,225,'leo5962','','Rééducation des genoux‏',1431361252,1623206767,0,0,0,'',0,0,1,0,0),(2874,18,0,0,1,0,'UN MARIAGE À MOSCOU',225,1431362592,0,4247,0,0,0,0,4297,'leo5962','',4297,225,'leo5962','','UN MARIAGE À MOSCOU',1431362592,1623143249,0,0,0,'',0,0,1,0,0),(2875,18,0,0,1,0,'Phénoménal!!!',225,1431363501,0,3858,0,0,0,0,4298,'leo5962','',4298,225,'leo5962','','Phénoménal!!!',1431363501,1623362966,0,0,0,'',0,0,1,0,0),(2878,19,0,1,1,0,'tarte à la rhubarbe pâte brisée',82,1431718008,0,4942,0,0,0,0,4301,'annickd','',4301,82,'annickd','','tarte à la rhubarbe pâte brisée',1431718008,1622998912,0,0,0,'',0,0,1,0,0),(2879,19,0,0,1,0,'tartes rhubarbe pâte feuilletée et sablée',82,1431719872,0,5889,0,0,0,0,4302,'annickd','',4302,82,'annickd','','tartes rhubarbe pâte feuilletée et sablée',1431719872,1623227279,0,0,0,'',0,0,1,0,0),(2895,18,0,0,1,0,'Ce que les gens sont en mesure de faire‏',225,1434313537,0,4071,0,0,0,0,4318,'leo5962','',4318,225,'leo5962','','Ce que les gens sont en mesure de faire‏',1434313537,1622978343,0,0,0,'',0,0,1,0,0),(2902,18,0,0,1,0,'PEKIN 2014 MAGNIFIQUE METTRE PLEIN ECRAN‏',225,1435587251,0,4505,0,0,0,0,4325,'leo5962','',4325,225,'leo5962','','PEKIN 2014 MAGNIFIQUE METTRE PLEIN ECRAN‏',1435587251,1622978088,0,0,0,'',0,0,1,0,0),(2909,18,0,0,1,0,'Chinoiseries: Impossible!!!‏',225,1436641319,0,3966,0,0,0,0,4332,'leo5962','',4332,225,'leo5962','','Chinoiseries: Impossible!!!‏',1436641319,1623364288,0,0,0,'',0,0,1,0,0),(2914,18,0,0,1,0,'le pilote a de l\'humour',133,1438196328,0,3758,0,0,0,0,4338,'morival marylaine','',4338,133,'morival marylaine','','le pilote a de l\'humour',1438196328,1622978003,0,0,0,'',0,0,1,0,0),(2919,18,0,0,1,0,'Le Boléro de Ravel...au bord de la piscine',225,1440229690,0,3622,0,0,0,0,4344,'leo5962','',4344,225,'leo5962','','Le Boléro de Ravel...au bord de la piscine',1440229690,1623190351,0,0,0,'',0,0,1,0,0),(2920,18,0,0,1,0,'Ils sont fous ces Catalans !',225,1440229918,0,4042,0,0,0,0,4345,'leo5962','',4345,225,'leo5962','','Ils sont fous ces Catalans !',1440229918,1623015406,0,0,0,'',0,0,1,0,0),(2921,18,0,0,1,0,'Alpes .......en 3 D.‏',225,1440230212,0,4512,0,0,0,0,4346,'leo5962','',4346,225,'leo5962','','Alpes .......en 3 D.‏',1440230212,1623298554,0,0,0,'',0,0,1,0,0),(2926,29,0,1,1,0,'Voyage à Embrun du 5 Septembre 2015',82,1441560226,0,4761,0,0,0,0,4354,'annickd','',4354,82,'annickd','','Re: Voyage à Embrun du 5 Septembre 2015',1441560226,1623046095,0,0,0,'',0,0,1,0,0),(2930,29,0,1,1,0,'Embrun lundi 7 septembre',82,1441730829,0,4453,0,0,0,0,4356,'annickd','',4356,82,'annickd','','Embrun lundi 7 septembre',1441730829,1623090441,0,0,0,'',0,0,1,0,0),(2931,29,0,1,1,0,'Embrun mardi 8',82,1441738952,0,4417,0,0,0,0,4357,'annickd','',4357,82,'annickd','','Embrun mardi 8',1441738952,1623404161,0,0,0,'',0,0,1,0,0),(2932,29,0,1,1,0,'embrun mercredi',82,1441816335,0,4597,0,0,0,0,4358,'annickd','',4358,82,'annickd','','embrun mercredi',1441816335,1623137119,0,0,0,'',0,0,1,0,0),(2933,29,0,1,1,0,'Embrun journée de Jeudi',82,1441983219,0,4597,0,0,0,0,4359,'annickd','',4359,82,'annickd','','Embrun journée de Jeudi',1441983219,1623138483,0,0,0,'',0,0,1,0,0),(2934,29,0,1,1,0,'Vendredi et fin du voyage',82,1441983692,0,4527,0,0,0,0,4360,'annickd','',4360,82,'annickd','','Vendredi et fin du voyage',1441983692,1623223812,0,0,0,'',0,0,1,0,0),(2951,18,0,0,1,0,'superbe',133,1444759279,0,5248,0,0,0,0,4379,'morival marylaine','',4379,133,'morival marylaine','','superbe',1444759279,1623198718,0,0,0,'',0,0,1,0,0),(3078,15,0,0,1,0,'Des informations, si nous, en Avions...',56,1457783194,0,6109,0,0,0,0,4570,'Patrick','',4570,56,'Patrick','','Des informations, si nous, en Avions...',1457783194,1623205178,0,0,0,'',0,0,1,0,0),(2970,18,0,0,1,0,'A voir absolument !!!!!! SUBLIME‏',225,1448835534,0,3583,0,0,0,0,4411,'leo5962','',4411,225,'leo5962','','A voir absolument !!!!!! SUBLIME‏',1448835534,1623211070,0,0,0,'',0,0,1,0,0),(2957,18,0,0,1,0,'EOLE ET L\'HOMME',133,1447409510,0,4758,0,0,0,0,4390,'morival marylaine','',4390,133,'morival marylaine','','EOLE ET L\'HOMME',1447409510,1623283033,0,0,0,'',0,0,1,0,0),(2960,18,0,0,1,0,'diaporama powerpoint',1,1448008305,0,3701,0,0,0,0,4393,'Pierre','',4393,1,'Pierre','','diaporama powerpoint',1448008305,1623197401,0,0,0,'',0,0,1,0,0),(2963,18,0,0,1,0,'Autre montages',1,1448009433,0,3591,0,0,0,0,4396,'Pierre','',4396,1,'Pierre','','Autre montages',1448009433,1623202919,0,0,0,'',0,0,1,0,0),(2964,18,0,0,1,0,'Fleurs',1,1448009865,0,4053,0,0,0,0,4397,'Pierre','',4397,1,'Pierre','','Fleurs',1448009865,1623388393,0,0,0,'',0,0,1,0,0),(2966,14,0,0,1,0,'BRAVO POUR CE POEME',133,1448297108,0,5165,0,0,0,0,4399,'morival marylaine','',4399,133,'morival marylaine','','BRAVO POUR CE POEME',1448297108,1623405940,0,0,0,'',0,0,1,0,0),(2971,18,0,0,1,0,'Si ch\'est pas biau d\'parler patois&quot; de Bertrand COCQ‏',225,1448836113,0,3753,0,0,0,0,4412,'leo5962','',4412,225,'leo5962','','Si ch\'est pas biau d\'parler patois&quot; de Bertrand COCQ‏',1448836113,1623342090,0,0,0,'',0,0,1,0,0),(2972,18,0,0,1,0,'Superbe spectacle d\'ombres',225,1448878800,0,3679,0,0,0,0,4413,'leo5962','',4413,225,'leo5962','','Superbe spectacle d\'ombres',1448878800,1623198003,0,0,0,'',0,0,1,0,0),(2974,14,0,0,1,0,'PAR LES TEMPS QUI COURENT (amel BEN °',133,1449481841,0,4235,0,0,0,0,4419,'morival marylaine','',4419,133,'morival marylaine','','PAR LES TEMPS QUI COURENT (amel BEN °',1449481841,1623288566,0,0,0,'',0,0,1,0,0),(3234,18,0,0,1,0,'Le moulin de Guérande',1415,1464083276,0,4434,0,0,0,0,5003,'vignolle mt','',5003,1415,'vignolle mt','','Le moulin de Guérande',1464083276,1623000214,0,0,0,'',0,0,1,0,0),(2977,18,0,0,1,0,'la nature et les animaux',133,1449909399,0,3800,0,0,0,0,4430,'morival marylaine','',4430,133,'morival marylaine','','la nature et les animaux',1449909399,1623388444,0,0,0,'',0,0,1,0,0),(2978,18,0,0,1,0,'Pasino St Amand',1,1449939788,0,3692,0,0,0,0,4431,'Pierre','',4431,1,'Pierre','','Pasino St Amand',1449939788,1623317272,0,0,0,'',0,0,1,0,0),(2980,18,0,0,1,0,'A méditer pour NOËL et TOUS les JOURS de L\'Année',133,1450598339,0,3868,0,0,0,0,4433,'morival marylaine','',4433,133,'morival marylaine','','A méditer pour NOËL et TOUS les JOURS de L\'Année',1450598339,1623387376,0,0,0,'',0,0,1,0,0),(2982,18,0,0,1,0,'ILLUSION .. NISSIME  !!!!',133,1450719077,0,5220,0,0,0,0,4435,'morival marylaine','',4435,133,'morival marylaine','','ILLUSION .. NISSIME  !!!!',1450719077,1623000231,0,0,0,'',0,0,1,0,0),(2983,18,0,0,1,0,'Extraordinaire !!',133,1450859187,0,4761,0,0,0,0,4436,'morival marylaine','',4436,133,'morival marylaine','','Extraordinaire !!',1450859187,1623000288,0,0,0,'',0,0,1,0,0),(2985,18,0,0,1,0,'VOEUX DE fraternite et D\'Amour sur cette terre',133,1451037531,0,7011,0,0,0,0,4438,'morival marylaine','',4438,133,'morival marylaine','','VOEUX DE fraternite et D\'Amour sur cette terre',1451037531,1623196485,0,0,0,'',0,0,1,0,0),(3232,27,0,1,1,0,'suggestions d\'activités',82,1464026874,0,19045,9,9,0,0,4997,'annickd','',5061,1487,'maite62','','Re: suggestions d\'activités',1465465539,1623416963,0,0,0,'',0,0,1,0,0),(2987,29,0,1,1,0,'Meilleurs Voeux Pour 2016',56,1451650712,0,6480,3,3,0,0,4440,'Patrick','',4446,56,'Patrick','','Re: Meilleurs Voeux Pour 2016',1451674145,1623344708,0,0,0,'',0,0,1,0,0),(2989,29,0,1,1,0,'renouvellement de nos &quot;oui&quot; noces de diamant',82,1451677710,0,4399,0,0,0,0,4447,'annickd','',4447,82,'annickd','','renouvellement de nos &quot;oui&quot; noces de diamant',1451677710,1623404431,0,0,0,'',0,0,1,0,0),(2990,32,0,1,1,0,'Rêve éd Noël de Richard KLIMCZAK',82,1451761726,0,4535,0,0,0,0,4450,'annickd','',4450,82,'annickd','','Rêve éd Noël de Richard KLIMCZAK',1451761726,1623175202,0,0,0,'',0,0,1,0,0),(2991,32,0,1,1,0,'Triste Noël par richard Klimczak',82,1451767013,0,6326,0,0,0,0,4451,'annickd','',4451,82,'annickd','','Triste Noël par richard Klimczak',1451767013,1623174346,0,0,0,'',0,0,1,0,0),(2992,29,0,1,1,0,'galette 2016',82,1451940064,0,4380,0,0,0,0,4453,'annickd','',4453,82,'annickd','','galette 2016',1451940064,1623177725,0,0,0,'',0,0,1,0,0),(2996,29,0,1,1,0,'répétition de l\'atelier percussions',82,1452188443,0,6214,0,0,0,0,4458,'annickd','',4458,82,'annickd','','répétition de l\'atelier percussions',1452188443,1623403355,0,0,0,'',0,0,1,0,0),(2998,19,0,0,1,0,'Recettes.net',225,1452636621,0,4006,0,0,0,0,4461,'leo5962','',4461,225,'leo5962','','Recettes.net',1452636621,1623310028,0,0,0,'',0,0,1,0,0),(2999,18,0,0,1,0,'pour les amateurs de  chorale et de bonne bouffe',133,1452711825,0,3298,0,0,0,0,4462,'morival marylaine','',4462,133,'morival marylaine','','pour les amateurs de  chorale et de bonne bouffe',1452711825,1623296563,0,0,0,'',0,0,1,0,0),(3505,19,0,1,1,0,'pensez aux orties',82,1491154541,0,3832,0,0,0,0,5548,'annickd','',5548,82,'annickd','','pensez aux orties',1491154541,1623423568,0,0,0,'',0,0,1,0,0),(3001,18,0,0,1,0,'Il fallait y penser',133,1452850970,0,3099,0,0,0,0,4464,'morival marylaine','',4464,133,'morival marylaine','','Il fallait y penser',1452850970,1623146987,0,0,0,'',0,0,1,0,0),(3002,18,0,0,1,0,'impressionannt',133,1452877411,0,3187,0,0,0,0,4465,'morival marylaine','',4465,133,'morival marylaine','','impressionannt',1452877411,1623418813,0,0,0,'',0,0,1,0,0),(3003,19,0,0,1,0,'soupe de lentilles corail',82,1452892154,0,4033,0,0,0,0,4466,'annickd','',4466,82,'annickd','','soupe de lentilles corail',1452892154,1623201627,0,0,0,'',0,0,1,0,0),(3004,19,0,0,1,0,'soupe à l\'ail',82,1452960899,0,4109,0,0,0,0,4467,'annickd','',4467,82,'annickd','','soupe à l\'ail',1452960899,1623196228,0,0,0,'',0,0,1,0,0),(3006,18,0,0,1,0,'MAGNIFIQUE ET TOUCHANT',133,1453039769,0,3174,0,0,0,0,4469,'morival marylaine','',4469,133,'morival marylaine','','MAGNIFIQUE ET TOUCHANT',1453039769,1623141440,0,0,0,'',0,0,1,0,0),(3007,18,0,0,1,0,'Reflechir',133,1453052233,0,3269,0,0,0,0,4470,'morival marylaine','',4470,133,'morival marylaine','','Reflechir',1453052233,1623200650,0,0,0,'',0,0,1,0,0),(3008,18,0,0,1,0,'BON SENS OU ES -TU ???',133,1453052542,0,3338,0,0,0,0,4471,'morival marylaine','',4471,133,'morival marylaine','','BON SENS OU ES -TU ???',1453052542,1623296907,0,0,0,'',0,0,1,0,0),(3010,19,0,1,1,0,'cake à la banane',82,1453141424,0,4613,0,0,0,0,4473,'annickd','',4473,82,'annickd','','cake à la banane',1453141424,1623342300,0,0,0,'',0,0,1,0,0),(3218,18,0,0,1,0,'Souvenirs',1,1462860515,0,3733,0,0,0,0,4965,'Pierre','',4965,1,'Pierre','','Souvenirs',1462860515,1623392485,0,0,0,'',0,0,1,0,0),(3385,32,0,0,1,0,'portraits',1,1475904220,0,4419,1,1,0,0,5325,'Pierre','',5326,1430,'patoune','','Re: portraits',1475912254,1623152064,0,0,0,'',0,0,1,0,0),(3523,29,0,1,1,0,'vendredi 5 Mai',82,1493977545,0,5796,0,0,0,0,5584,'annickd','',5584,82,'annickd','','vendredi 5 Mai',1493977545,1623433747,0,0,0,'',0,0,1,0,0),(3016,18,0,0,1,0,'La nature n\'est pas cruelle',225,1453328830,0,3363,0,0,0,0,4479,'leo5962','',4479,225,'leo5962','','La nature n\'est pas cruelle',1453328830,1622973495,0,0,0,'',0,0,1,0,0),(3017,18,0,0,1,0,'CIELITO LINDO : MARAVILLOSA INTERPRETACIÓN',225,1453329437,0,3275,0,0,0,0,4480,'leo5962','',4480,225,'leo5962','','CIELITO LINDO : MARAVILLOSA INTERPRETACIÓN',1453329437,1622973430,0,0,0,'',0,0,1,0,0),(3022,29,0,1,1,0,'Morzine',82,1454095022,0,3985,0,0,0,0,4488,'annickd','',4488,82,'annickd','','Morzine',1454095022,1623202728,0,0,0,'',0,0,1,0,0),(3246,19,0,0,1,0,'Soupe de carottes au lait de coco',82,1464674676,0,0,0,0,0,0,0,'annickd','',0,0,'','','',0,1464674676,0,0,0,'',0,0,1,0,0);

--
-- Table structure for table `phpbb_topics_posted`
--

CREATE TABLE `phpbb_topics_posted` (
  `user_id` mediumint(8) unsigned NOT NULL default '0',
  `topic_id` mediumint(8) unsigned NOT NULL default '0',
  `topic_posted` tinyint(1) unsigned NOT NULL default '0',
  PRIMARY KEY  (`user_id`,`topic_id`)
) ENGINE=MyISAM DEFAULT CHARSET=utf8 COLLATE=utf8_bin;

--
-- Dumping data for table `phpbb_topics_posted`
--

INSERT INTO `phpbb_topics_posted` VALUES (2,1,1),(56,17,1),(56,59,1),(145,3104,1),(82,3599,1),(56,3168,1),(82,3590,1),(129,65,1),(139,65,1),(82,3636,1),(82,67,1),(134,65,1),(141,65,1),(135,65,1),(56,65,1),(142,65,1),(133,3043,1),(129,85,1),(82,3046,1),(82,3056,1),(56,96,1),(56,97,1),(129,106,1),(129,127,1),(56,127,1),(129,135,1),(82,135,1),(82,137,1),(129,137,1),(152,137,1),(129,139,1),(139,139,1),(129,140,1),(129,141,1),(129,142,1),(129,143,1),(56,141,1),(129,148,1),(129,149,1),(56,148,1),(56,149,1),(129,162,1),(56,162,1),(129,163,1),(56,163,1),(129,174,1),(129,184,1),(82,3099,1),(129,188,1),(143,184,1),(82,2279,1),(56,368,1),(56,3582,1),(56,3103,1),(143,2279,1),(82,3582,1),(56,585,1),(129,691,1),(56,3102,1),(129,584,1),(56,3055,1),(225,3050,1),(225,3051,1),(82,3583,1),(1415,3583,1),(82,3584,1),(133,538,1),(82,3585,1),(1415,3585,1),(56,543,1),(129,538,1),(82,3586,1),(82,3558,1),(82,3592,1),(133,3590,1),(129,663,1),(129,664,1),(1430,3586,1),(82,3593,1),(1415,3592,1),(82,3631,1),(56,3548,1),(129,692,1),(56,3547,1),(133,3059,1),(82,3552,1),(82,3553,1),(82,3556,1),(56,3556,1),(82,3563,1),(133,3564,1),(82,3565,1),(125,2253,1),(1463,3576,1),(82,3580,1),(82,3577,1),(82,3576,1),(82,3578,1),(82,3579,1),(1430,3580,1),(133,3619,1),(82,3547,1),(82,3546,1),(1430,3544,1),(1483,3544,1),(1415,3542,1),(1415,3544,1),(82,3633,1),(82,3544,1),(1430,3542,1),(82,3541,1),(82,3540,1),(1430,3540,1),(82,3538,1),(225,3536,1),(82,3533,1),(1430,3531,1),(82,3531,1),(82,3529,1),(252,839,1),(1415,3528,1),(1415,3529,1),(1430,3530,1),(1430,3529,1),(82,3634,1),(133,3040,1),(1415,3526,1),(133,3041,1),(82,3635,1),(252,858,1),(1483,3524,1),(1415,3524,1),(254,3164,1),(125,858,1),(1415,3500,1),(82,3501,1),(1458,3205,1),(1430,3500,1),(82,3632,1),(56,3500,1),(133,899,1),(82,899,1),(253,902,1),(253,905,1),(129,899,1),(1458,3202,1),(252,905,1),(252,902,1),(1463,3143,1),(133,911,1),(129,911,1),(82,3061,1),(145,3060,1),(1415,3484,1),(253,925,1),(253,926,1),(1415,3202,1),(82,3207,1),(82,3360,1),(82,3486,1),(1415,3488,1),(1415,3205,1),(82,3041,1),(56,3202,1),(56,3105,1),(56,3209,1),(253,961,1),(252,961,1),(253,970,1),(125,970,1),(56,970,1),(1430,3102,1),(125,977,1),(121,3496,1),(121,3497,1),(225,3471,1),(225,3470,1),(225,3469,1),(225,3468,1),(82,3524,1),(82,3102,1),(1415,3496,1),(1415,3403,1),(82,3105,1),(1430,3360,1),(225,3476,1),(82,3477,1),(82,3479,1),(1415,3481,1),(82,3482,1),(1430,3482,1),(56,3061,1),(1463,3482,1),(1415,3216,1),(1415,3217,1),(1458,3216,1),(1415,3135,1),(82,3070,1),(82,3170,1),(253,1067,1),(82,3458,1),(1430,3458,1),(225,3459,1),(225,3462,1),(82,3523,1),(56,3210,1),(56,3093,1),(56,3440,1),(82,3522,1),(121,3522,1),(225,1156,1),(56,3429,1),(1491,3429,1),(1458,3429,1),(82,3430,1),(1430,3429,1),(82,2342,1),(133,1195,1),(56,3095,1),(82,3429,1),(1415,3430,1),(1463,3430,1),(1491,3147,1),(56,3521,1),(121,3435,1),(56,3435,1),(56,3436,1),(1415,3436,1),(82,3521,1),(1576,3612,1),(82,3520,1),(1415,3413,1),(1576,3611,1),(1576,3610,1),(1488,3417,1),(82,3505,1),(1415,3421,1),(1576,3608,1),(56,3425,1),(82,3425,1),(1415,3402,1),(82,3403,1),(1415,3357,1),(1415,3393,1),(1430,3393,1),(1576,3603,1),(1463,3600,1),(82,3601,1),(82,3600,1),(187,3637,1),(1463,3524,1),(1542,3443,1),(1415,3405,1),(1415,3404,1),(121,3404,1),(121,3406,1),(1415,3406,1),(56,3519,1),(82,3519,1),(1463,3357,1),(1415,3390,1),(1464,3290,1),(56,3229,1),(56,3507,1),(225,3353,1),(82,3386,1),(121,3386,1),(1430,3385,1),(1415,3384,1),(1464,3176,1),(1415,3381,1),(1430,3379,1),(82,3379,1),(56,3379,1),(1430,3380,1),(1415,3379,1),(1463,3447,1),(1415,3378,1),(1463,3420,1),(121,3378,1),(1463,3415,1),(1463,3373,1),(1415,3512,1),(1463,3176,1),(1430,3510,1),(82,3517,1),(1494,3517,1),(1430,3443,1),(82,3357,1),(82,3358,1),(1464,3358,1),(82,3359,1),(1415,3353,1),(1463,3351,1),(1415,3351,1),(82,3518,1),(122,3365,1),(82,3365,1),(1430,3070,1),(133,3344,1),(1415,3341,1),(225,3343,1),(56,3346,1),(1415,3347,1),(1430,3348,1),(82,3348,1),(1415,3348,1),(1430,3349,1),(1458,3350,1),(82,3351,1),(82,3349,1),(82,3352,1),(82,3353,1),(1430,3398,1),(1464,3353,1),(1430,3353,1),(145,3353,1),(82,3355,1),(225,3356,1),(225,3357,1),(56,3072,1),(1463,3216,1),(56,3074,1),(121,3327,1),(1491,3299,1),(1415,3316,1),(56,3317,1),(82,3317,1),(1463,3317,1),(82,3321,1),(1430,3321,1),(133,3322,1),(1430,3325,1),(133,3324,1),(82,3333,1),(82,3340,1),(82,3094,1),(82,3079,1),(1430,3079,1),(82,3080,1),(82,3296,1),(1430,3376,1),(1458,3297,1),(82,3298,1),(1415,3296,1),(56,3298,1),(1458,3298,1),(1430,3298,1),(82,3299,1),(56,3300,1),(1430,3300,1),(1415,3301,1),(82,3300,1),(82,3302,1),(1430,3302,1),(225,3335,1),(56,3304,1),(56,3305,1),(1430,3373,1),(1415,3306,1),(1430,3228,1),(82,3304,1),(1430,3307,1),(82,3307,1),(82,3276,1),(133,3337,1),(1415,3332,1),(121,3332,1),(1491,3178,1),(1415,3178,1),(1390,3278,1),(225,3261,1),(82,3278,1),(133,3625,1),(133,3281,1),(82,3282,1),(1415,3283,1),(121,3264,1),(121,3333,1),(1430,3176,1),(1430,3137,1),(1415,3506,1),(82,3293,1),(82,3294,1),(1415,3443,1),(225,1638,1),(1458,3295,1),(82,3295,1),(1415,3295,1),(1487,3130,1),(1430,3232,1),(1415,3398,1),(1487,3232,1),(82,3261,1),(1463,3327,1),(56,3264,1),(1430,3264,1),(1415,3376,1),(1415,3292,1),(56,3270,1),(82,3270,1),(1415,3271,1),(82,3247,1),(82,3248,1),(1463,3247,1),(1415,3248,1),(82,3249,1),(82,3250,1),(82,3252,1),(1430,3253,1),(1430,3252,1),(1463,3252,1),(1484,3147,1),(1488,3250,1),(225,3336,1),(1491,3250,1),(1415,3291,1),(56,3083,1),(56,3081,1),(133,3084,1),(133,3085,1),(56,3085,1),(1463,3512,1),(82,3232,1),(1415,3232,1),(56,3232,1),(1415,3234,1),(82,3236,1),(82,3238,1),(82,3239,1),(1458,3238,1),(1463,3238,1),(1415,3238,1),(1430,3596,1),(56,3087,1),(82,3087,1),(302,3517,1),(1463,3181,1),(1415,3289,1),(133,3626,1),(82,3202,1),(1415,3221,1),(1415,3225,1),(1415,3227,1),(1415,3228,1),(1415,3176,1),(56,3227,1),(1415,3163,1),(56,3212,1),(1415,3137,1),(82,3183,1),(254,3290,1),(133,3187,1),(133,3624,1),(82,3264,1),(254,3137,1),(253,3176,1),(145,3137,1),(133,3172,1),(129,1791,1),(129,1939,1),(129,1940,1),(82,3174,1),(1415,3311,1),(121,3376,1),(121,3292,1),(82,3621,1),(56,3164,1),(1458,3168,1),(1430,3618,1),(56,3178,1),(82,3510,1),(82,3178,1),(82,3506,1),(82,3311,1),(82,3502,1),(82,3443,1),(1430,3181,1),(82,3181,1),(56,3221,1),(82,3145,1),(56,3145,1),(1430,3147,1),(225,1987,1),(1576,3615,1),(56,3147,1),(133,3148,1),(1415,3128,1),(82,3160,1),(82,3622,1),(145,3157,1),(145,3159,1),(145,3160,1),(1415,3157,1),(82,3427,1),(82,3424,1),(1430,3170,1),(82,3144,1),(1458,3144,1),(82,3313,1),(133,3055,1),(133,3628,1),(82,3095,1),(133,2837,1),(133,3629,1),(133,3630,1),(56,2067,1),(82,3143,1),(133,3627,1),(82,3623,1),(145,3158,1),(82,3228,1),(56,3130,1),(56,2098,1),(56,3135,1),(1463,3170,1),(1458,3060,1),(143,2067,1),(82,3136,1),(82,3135,1),(82,2128,1),(82,3176,1),(56,2154,1),(133,3056,1),(187,2154,1),(1430,3312,1),(82,2303,1),(82,2299,1),(133,3222,1),(82,3120,1),(143,2172,1),(56,2172,1),(82,2172,1),(56,2180,1),(82,3325,1),(1458,3325,1),(82,3137,1),(56,3123,1),(56,3120,1),(82,3128,1),(82,3130,1),(82,3312,1),(82,2220,1),(82,3107,1),(56,3106,1),(82,2414,1),(133,2416,1),(1065,2342,1),(133,2425,1),(133,2448,1),(133,2450,1),(133,2453,1),(133,2613,1),(1415,3264,1),(82,3091,1),(133,2818,1),(133,2819,1),(133,2820,1),(133,2822,1),(133,2824,1),(133,2825,1),(133,2826,1),(133,2829,1),(133,2832,1),(225,2833,1),(225,2834,1),(133,2844,1),(133,2845,1),(133,2847,1),(133,2862,1),(225,2863,1),(225,2864,1),(133,2868,1),(82,2869,1),(82,2870,1),(225,2872,1),(225,2874,1),(225,2875,1),(82,2878,1),(82,2879,1),(225,2895,1),(225,2902,1),(225,2909,1),(133,2914,1),(225,2919,1),(225,2920,1),(225,2921,1),(82,3096,1),(82,2926,1),(82,2930,1),(82,2931,1),(82,2932,1),(82,2933,1),(82,2934,1),(56,3489,1),(56,3292,1),(133,2951,1),(1463,3210,1),(56,3078,1),(133,2957,1),(82,3106,1),(133,2966,1),(1463,3202,1),(82,3212,1),(225,2970,1),(225,2971,1),(225,2972,1),(133,2974,1),(82,3219,1),(1415,3210,1),(133,2977,1),(1415,3164,1),(133,2980,1),(133,2982,1),(133,2983,1),(133,2985,1),(56,2987,1),(82,2987,1),(82,2989,1),(82,3210,1),(82,2990,1),(82,2991,1),(82,2992,1),(82,2996,1),(225,2998,1),(133,2999,1),(1458,3321,1),(133,3001,1),(133,3002,1),(82,3003,1),(82,3004,1),(133,3006,1),(133,3007,1),(133,3008,1),(82,3010,1),(56,3290,1),(56,3163,1),(56,3054,1),(82,3614,1),(225,3016,1),(225,3017,1),(82,3022,1),(82,3327,1);

--
-- Table structure for table `phpbb_topics_track`
--

CREATE TABLE `phpbb_topics_track` (
  `user_id` mediumint(8) unsigned NOT NULL default '0',
  `topic_id` mediumint(8) unsigned NOT NULL default '0',
  `forum_id` mediumint(8) unsigned NOT NULL default '0',
  `mark_time` int(11) unsigned NOT NULL default '0',
  PRIMARY KEY  (`user_id`,`topic_id`),
  KEY `topic_id` (`topic_id`),
  KEY `forum_id` (`forum_id`)
) ENGINE=MyISAM DEFAULT CHARSET=utf8 COLLATE=utf8_bin;

--
-- Dumping data for table `phpbb_topics_track`
--

INSERT INTO `phpbb_topics_track` VALUES (160,3578,29,1505717573),(129,59,15,1295024277),(78,59,15,1295024277),(1483,3525,29,1494232246),(126,59,15,1295024277),(160,3579,29,1505723928),(121,3111,18,1459616234),(133,3074,15,1457700361),(143,3596,29,1507560440),(121,3219,18,1462911049),(82,3599,19,1507657769),(121,3135,32,1460527692),(135,96,9,1297246795),(225,3336,15,1471896213),(127,97,8,1297247142),(133,3042,18,1455909970),(121,3325,32,1471257920),(132,96,9,1299868629),(143,3585,29,1505975690),(77,59,15,1295024277),(133,3043,18,1455973555),(77,96,9,1305710209),(140,96,9,1299615948),(126,96,9,1300964024),(133,3120,19,1460061323),(125,96,9,1305710209),(133,3078,15,1457783194),(125,59,15,1295024277),(225,3359,29,1473839884),(121,3547,27,1500226098),(160,3612,9,1511331642),(1430,3096,29,1458716746),(133,96,9,1305710209),(144,96,9,1305710209),(133,3046,18,1456075262),(121,3542,29,1499596068),(1390,3505,19,1491154541),(121,3614,27,1512836607),(1430,3113,27,1459791021),(1065,3489,32,1490271632),(254,858,20,1332403126),(143,3252,29,1464934015),(1514,3584,29,1505905020),(143,3253,29,1464893482),(1483,3541,27,1498504149),(1430,3544,29,1499758129),(253,858,20,1332403126),(1390,3544,29,1499277145),(125,368,15,1323899644),(129,368,15,1323173585),(225,368,15,1321826487),(133,368,15,1321996991),(1487,3232,27,1465465539),(1430,3325,32,1471187842),(1390,3542,29,1499278057),(133,3187,14,1461695610),(133,3040,18,1455815392),(134,585,20,1327043282),(1415,3210,15,1462431032),(121,3351,29,1474286073),(1483,3176,29,1461575801),(1415,3542,29,1499596068),(1488,3477,27,1488909702),(129,538,15,1326964075),(1390,3238,29,1464330445),(1415,3216,27,1462829034),(77,368,15,1323899644),(134,839,20,1331114090),(1487,3210,15,1462431032),(134,858,20,1332403126),(133,538,15,1326879581),(1415,3544,29,1499595554),(1415,3248,27,1464720055),(160,3576,29,1505797852),(82,3544,29,1499286110),(82,3601,29,1507662795),(1065,2414,32,1388601012),(1488,3533,27,1495566808),(1415,3164,32,1471967494),(121,3621,27,1517167549),(133,3059,17,1456988082),(253,961,20,1334334111),(133,3102,15,1459532223),(1483,3582,29,1505845870),(1487,3248,27,1464720055),(121,3553,27,1500834862),(121,3358,29,1473785560),(1488,3541,27,1498504149),(1415,3306,18,1469097668),(160,3426,29,1480403310),(253,902,20,1333345313),(253,905,20,1333345227),(160,3510,29,1491813306),(121,3336,15,1471896213),(815,3164,32,1461646487),(254,902,20,1333120207),(1415,3207,27,1462168213),(1578,3596,29,1507560440),(254,3238,29,1464330445),(1430,3164,32,1462915671),(1430,3104,29,1459152648),(133,3135,32,1462919444),(1430,3212,19,1462391745),(253,925,20,1333720807),(253,926,20,1333721233),(1430,3210,15,1462431032),(125,925,20,1333720807),(125,926,20,1333721233),(225,3343,18,1472659052),(160,3238,29,1464330445),(160,3321,29,1471257729),(121,3207,27,1461957181),(254,925,20,1333720807),(1390,3459,18,1484416625),(121,3343,18,1472659052),(1430,3105,27,1459318276),(1430,3205,29,1461917284),(1415,3205,29,1462044408),(82,3488,14,1488314872),(1514,3585,29,1505975690),(143,3205,29,1462044407),(143,3176,29,1461575801),(125,961,20,1334334111),(1415,3209,12,1462123506),(1487,3207,27,1462089738),(253,970,20,1334560579),(125,970,20,1334560579),(125,977,20,1334639918),(143,3584,29,1505905020),(253,977,20,1334639918),(1430,3144,19,1460827506),(143,3163,29,1461882925),(143,3618,28,1514993185),(160,3619,14,1515228126),(143,3350,29,1473315116),(1430,3078,15,1457783194),(160,3520,29,1493746300),(1463,3238,29,1464330445),(133,2870,32,1431118267),(82,3592,29,1506273781),(225,3529,29,1495396022),(82,3563,15,1503855114),(160,3565,27,1506951277),(1390,3552,19,1500491958),(121,3114,18,1459785503),(133,3624,14,1520524007),(1514,3601,29,1507661900),(82,3593,15,1506286437),(140,3299,19,1469712936),(1463,3093,27,1461864635),(82,3590,14,1506274118),(121,3584,29,1505905020),(1484,3289,29,1467657244),(121,3583,29,1505900437),(121,3582,29,1505845870),(1415,3592,29,1506326267),(1415,3512,32,1493109385),(253,1067,20,1336592123),(133,2879,19,1431719872),(125,1067,20,1336592123),(1487,3252,29,1464934015),(225,3353,29,1473927285),(254,1067,20,1336592123),(1430,3174,18,1461436813),(129,1067,20,1336592123),(143,3160,29,1461267522),(225,3530,29,1495298566),(187,3168,11,1461644723),(160,3502,29,1490862721),(143,3159,29,1461251635),(82,3586,29,1506195228),(120,3022,29,1454095022),(121,3403,29,1477393761),(222,1195,17,1341401926),(1390,3540,19,1498226125),(133,3564,14,1504541413),(160,3611,9,1511167953),(82,3577,29,1505716679),(121,3106,32,1459368588),(82,3576,29,1505904640),(160,3610,9,1511167596),(1430,3373,29,1475085402),(82,3579,29,1506203023),(143,3577,29,1505716679),(82,3578,29,1506232371),(82,3580,29,1506200408),(121,3580,29,1505799780),(143,3578,29,1505717573),(143,3580,29,1505799780),(143,3579,29,1505723928),(143,3576,29,1505797852),(143,3158,29,1461251514),(1463,3600,27,1507719558),(1430,3207,27,1462089738),(160,3592,29,1506326267),(121,3565,27,1504639087),(121,3592,29,1506326267),(160,3525,29,1494232246),(1463,3565,27,1506951277),(1463,3577,29,1505716679),(121,3578,29,1505717573),(1483,3608,9,1509111088),(121,3471,19,1487248745),(121,3579,29,1505723928),(1463,3576,29,1505797852),(254,2991,32,1451767013),(1430,3580,29,1505799780),(82,3582,29,1506780938),(82,3583,29,1506198385),(82,3585,29,1506197012),(133,3590,14,1506274118),(1483,3610,9,1511167596),(187,3264,28,1466160518),(82,3584,29,1506197798),(1415,3585,29,1505975690),(1483,3596,29,1507560440),(1463,3582,29,1505846803),(187,3618,28,1514993185),(1463,3580,29,1505729149),(121,3459,18,1484416625),(121,3586,29,1506087001),(143,3332,32,1471800847),(121,3585,29,1505975690),(1487,3130,19,1465202928),(225,1156,15,1340351388),(160,3544,29,1499758128),(160,3541,27,1498504149),(160,3526,29,1494366561),(77,543,17,1326912248),(1415,3403,29,1477393761),(225,3459,18,1484416626),(304,2934,29,1441983692),(160,3538,29,1498150683),(160,3542,29,1499596068),(160,3530,29,1495298566),(160,3521,29,1493836003),(121,3533,27,1495566808),(121,3524,29,1494175665),(133,3586,29,1506087001),(160,3517,29,1493561289),(160,3518,29,1493571161),(160,3522,29,1493929636),(160,3529,29,1495396022),(143,3384,32,1475869072),(121,3536,15,1496565156),(82,3552,19,1500491959),(160,3488,14,1488314872),(160,3548,14,1500133061),(1576,3585,29,1505905980),(792,2220,27,1382382145),(1430,3586,29,1506087001),(143,3530,29,1495298566),(120,1156,15,1340351388),(1483,3553,27,1500834862),(82,3402,14,1477206114),(160,3270,7,1466158732),(1430,3056,18,1456922131),(325,3612,9,1511331642),(1483,3530,29,1495298566),(133,3113,27,1459791021),(133,1195,17,1341401926),(143,3538,29,1498150683),(1463,3541,27,1498504149),(325,3619,14,1515228126),(225,3536,15,1496565157),(121,3143,27,1461928579),(160,3519,29,1493736488),(121,3576,29,1505797852),(143,3531,29,1495426228),(160,3443,29,1481898466),(160,3523,29,1493977545),(160,3531,29,1495426228),(1430,3596,29,1507560440),(1576,3584,29,1505905020),(82,3512,32,1493109385),(1415,3583,29,1505900437),(56,3582,29,1505845870),(1463,3579,29,1505723928),(77,1195,17,1341401926),(143,3529,29,1495396022),(121,3528,18,1495343858),(143,3544,29,1499758128),(143,3542,29,1499596068),(1514,3603,9,1507897652),(160,3524,29,1494175665),(121,3558,27,1501616065),(56,3558,27,1501873869),(121,3531,29,1495426228),(187,3637,12,1599055796),(56,3556,27,1501072850),(121,3486,19,1488306971),(121,3530,29,1495298566),(1390,3556,27,1501070939),(121,3541,27,1498504149),(132,1156,15,1340351388),(121,3529,29,1495396022),(1390,3469,19,1487247550),(160,3553,27,1500834862),(121,3556,27,1501070939),(121,3538,29,1498150683),(1483,3264,28,1466160518),(1483,3544,29,1499697119),(1430,3542,29,1499275133),(121,3540,19,1498226125),(225,3531,29,1495426228),(82,3538,29,1498151696),(1430,3531,29,1495426228),(56,3636,27,1547386388),(1483,3542,29,1499596068),(1415,3547,27,1500060564),(1483,3547,27,1500135727),(56,3547,27,1500138055),(56,3548,14,1500133061),(56,3506,29,1491381796),(160,3546,27,1499865035),(160,3547,27,1500226098),(1483,3546,27,1499865035),(121,3477,27,1488909702),(254,3164,32,1461953051),(121,3497,32,1490017678),(82,3500,32,1490604502),(1415,3500,32,1490604502),(82,3501,18,1490385290),(56,3501,18,1490385243),(1430,3500,32,1490384846),(56,3500,32,1490604502),(121,3496,32,1490020547),(1430,3489,32,1490271632),(1514,3531,29,1495426228),(82,3502,29,1490870666),(121,3507,32,1491333323),(121,3526,29,1494366561),(121,3525,29,1494232246),(1415,3526,29,1494368374),(133,2425,32,1390246604),(82,3540,19,1498226125),(56,3507,32,1491409247),(121,3500,32,1490604502),(1415,3502,29,1490862721),(1415,3496,32,1490021079),(1415,3506,29,1491326034),(121,3299,19,1469712936),(1345,3432,9,1480930663),(1483,3621,27,1517167549),(143,3525,29,1494232246),(1430,3530,29,1495298566),(1415,3530,29,1495298566),(1415,3529,29,1495314971),(1430,3529,29,1495298412),(82,3530,29,1495298566),(82,3531,29,1495396604),(245,1067,20,1336592123),(245,926,20,1333721233),(143,3435,32,1481045858),(82,3529,29,1495396022),(121,3544,29,1499758128),(143,3526,29,1494366561),(1415,3528,18,1495343858),(1483,3526,29,1494366561),(143,3489,32,1490271632),(143,3524,29,1494175665),(121,3546,27,1499865035),(160,3335,18,1471894447),(121,3489,32,1490271632),(56,3489,32,1490271632),(1415,3488,14,1488314872),(121,3482,32,1488088943),(121,3484,18,1488092597),(121,3505,19,1491154541),(143,3482,32,1488088943),(1514,3578,29,1505717573),(82,3486,19,1488307484),(1463,3482,32,1488088943),(1415,3484,18,1488092598),(1430,3477,27,1487793607),(1430,3482,32,1487953592),(82,3476,18,1487687011),(1415,3481,18,1487799346),(187,3612,9,1511331642),(82,3435,32,1481045858),(225,3476,18,1487687012),(143,3128,29,1461341100),(225,3470,19,1487248219),(82,3548,14,1500133061),(225,3469,19,1487247550),(1483,3585,29,1505975690),(82,3417,19,1479481060),(56,3517,29,1493561289),(160,3420,29,1480083474),(121,3395,29,1476687276),(143,3458,29,1483990119),(160,3440,18,1481310027),(120,3432,9,1480930663),(160,3406,32,1477944118),(1487,3432,9,1480930663),(1390,3458,29,1483990119),(160,3415,29,1479277086),(160,3424,29,1480265066),(140,3004,19,1452960899),(121,3506,29,1491381796),(225,3468,19,1487247393),(82,3479,19,1487798017),(82,3482,32,1487870994),(1483,3518,29,1493571161),(82,3636,27,1547388809),(1483,3583,29,1505900437),(82,3506,29,1491165920),(225,3462,19,1485500919),(225,3471,19,1487248745),(1430,3060,18,1458493357),(121,3054,18,1457350473),(1514,3610,9,1511167596),(1430,3070,19,1457622618),(133,3626,14,1520524400),(1483,3519,29,1493736488),(143,3401,29,1476965855),(1415,3525,29,1494232246),(121,3430,27,1480777457),(1415,3430,27,1480802907),(133,3625,14,1520524145),(1415,3447,29,1483629591),(1390,3430,27,1480834994),(82,3147,19,1480869412),(82,3458,29,1483989310),(121,3458,29,1483990119),(1430,3458,29,1483990119),(82,3523,29,1494095109),(1483,3578,29,1505717573),(1430,3525,29,1494232246),(1463,3435,32,1481045858),(160,3458,29,1483990119),(160,3447,29,1483629591),(143,3429,32,1480838889),(1397,3236,32,1464088370),(143,3427,32,1480442770),(143,3426,29,1480403310),(143,3436,29,1481058830),(160,3601,29,1507661900),(143,3441,29,1481298563),(1491,3429,32,1480757362),(143,3424,29,1480265066),(82,3505,19,1491155979),(1483,3522,29,1493929636),(1430,3443,29,1481698440),(1415,3443,29,1481706392),(82,3443,29,1481713485),(121,3443,29,1481898466),(121,3357,18,1476391719),(225,3360,29,1473917557),(143,3341,32,1472650642),(1483,3520,29,1493746300),(82,3429,32,1480778847),(1463,3447,29,1483599735),(1397,3406,32,1477944118),(1397,2991,32,1451767013),(1542,3441,29,1481298563),(1397,3404,32,1477817154),(143,3228,29,1463561657),(1430,3281,14,1466663568),(1397,3435,32,1481045858),(121,3429,32,1480838889),(1491,3147,19,1480845243),(1397,3102,15,1459532223),(1397,3210,15,1462431032),(1397,3221,15,1463127139),(143,3592,29,1506326267),(121,3447,29,1483629591),(1483,3517,29,1493561289),(1542,3443,29,1481897968),(1547,3443,29,1481802837),(1483,3521,29,1493836003),(143,3443,29,1481898466),(82,3524,29,1494095446),(1065,3447,29,1483599735),(1430,3079,29,1457876096),(1430,3065,18,1457271763),(121,3402,14,1477206114),(121,3289,29,1467657244),(1464,3350,29,1473315116),(1430,3061,27,1457819593),(143,3447,29,1483629591),(143,3380,32,1475508693),(1463,3420,29,1480083474),(1415,3421,18,1479817573),(1397,3348,32,1473064897),(143,3502,29,1490862721),(121,3421,18,1479817572),(82,3424,29,1480265119),(143,3420,29,1480083474),(143,3418,29,1479546280),(121,3424,29,1480265066),(82,3425,19,1480361576),(1345,3306,18,1469097321),(1430,3429,32,1480752414),(1483,3523,29,1493977545),(121,3510,29,1491813306),(82,3426,29,1480403310),(82,3420,29,1480083474),(121,3522,29,1493929636),(1463,3430,27,1480834994),(1415,3524,29,1494175665),(1458,3429,32,1480754650),(56,3429,32,1480838889),(225,3356,18,1473663018),(133,3322,18,1471112731),(121,3427,32,1480442770),(82,3427,32,1480442903),(121,3426,29,1480403310),(143,3521,29,1493836003),(82,3415,29,1479277086),(121,3425,19,1480361271),(1345,3390,18,1476305811),(1463,3327,32,1471671117),(143,3395,29,1476687276),(133,3081,18,1458045852),(1430,3393,29,1476685447),(121,3512,32,1493109385),(1415,3355,29,1473622372),(121,3081,18,1458045852),(304,3163,29,1461490172),(143,3378,32,1475431939),(143,3376,32,1475868102),(143,3333,32,1471974806),(143,3327,32,1471671117),(143,3348,32,1473064897),(143,3373,29,1475392863),(143,3353,29,1474922695),(1491,3390,18,1476305811),(1463,3181,19,1461854569),(121,3236,32,1464088370),(1491,3282,19,1466881780),(56,3436,29,1481055527),(143,3519,29,1493736488),(56,3435,32,1481042366),(143,3351,29,1474286073),(121,3352,29,1473448723),(1464,3358,29,1473785560),(1430,3321,29,1471073238),(133,3619,14,1515228127),(1065,3510,29,1491686333),(1464,3355,29,1473622372),(1415,3435,32,1481045858),(121,3436,29,1481058830),(82,3436,29,1481106566),(143,3386,32,1476038319),(121,3435,32,1481045858),(1491,3130,19,1465202928),(121,3441,29,1481298563),(121,3147,19,1480845243),(56,3441,29,1481310478),(1514,3544,29,1499758128),(1415,3436,29,1481058830),(121,3355,29,1473622372),(56,3440,18,1481310439),(1483,3524,29,1494175665),(121,3440,18,1481310027),(1491,3381,18,1475696372),(143,3406,32,1477944118),(1415,3398,29,1476872786),(1430,3398,29,1476803305),(82,3522,29,1493974340),(143,3500,32,1490604502),(143,3360,29,1473976997),(143,3403,29,1477393761),(1415,3404,32,1477817154),(143,3398,29,1476953517),(143,3404,32,1477817154),(1415,3405,18,1477653197),(121,3322,18,1471112731),(143,3321,29,1471257729),(143,3517,29,1493561289),(121,3321,29,1471073238),(133,3324,14,1471113615),(121,3404,32,1477817154),(1415,3406,32,1477944118),(121,3178,19,1466455276),(1463,3432,9,1480930663),(121,3302,19,1468524878),(121,3523,29,1493977545),(121,3406,32,1477944118),(1415,3402,14,1477206115),(1397,3037,28,1455524657),(133,3281,14,1466663568),(143,3496,32,1490020547),(143,3523,29,1493977545),(1397,3307,28,1470120690),(121,3405,18,1477652622),(1397,3373,29,1475392863),(1397,3403,29,1477393761),(1397,3398,29,1476953517),(1397,3353,29,1474922695),(143,3497,32,1490017678),(1397,3401,29,1476965855),(143,3507,32,1491333323),(121,3401,29,1476965855),(121,3398,29,1476872786),(143,3510,29,1491813306),(1415,3413,18,1479058843),(1463,3415,29,1479277087),(1390,3415,29,1479277086),(121,3415,29,1479277086),(143,3522,29,1493929636),(1514,3579,29,1505723928),(160,3603,9,1507897652),(121,3413,18,1479058842),(1390,3349,29,1473370107),(1065,3506,29,1491381796),(160,3608,9,1509111088),(143,3506,29,1491381796),(1463,3524,29,1494131566),(1430,3261,15,1466605966),(125,1638,18,1360094588),(121,3346,18,1476378819),(1390,3313,27,1469640136),(1065,3176,29,1461575801),(301,1638,18,1359537896),(143,3415,29,1479277086),(1483,3586,29,1506087001),(1488,3417,19,1479481061),(121,3417,19,1479481060),(121,3418,29,1479546280),(121,3221,15,1463127139),(121,3072,15,1457684422),(121,3074,15,1457700361),(133,3087,18,1458238087),(143,3325,32,1471257920),(1487,3163,29,1461882925),(1415,3357,18,1476391719),(143,3582,29,1505845870),(160,3596,29,1507560440),(1463,3389,9,1476102533),(143,3352,29,1473448723),(143,3349,29,1473370107),(82,3510,29,1491819270),(143,3355,29,1473622372),(143,3358,29,1473785560),(143,3359,29,1473839884),(143,3385,32,1475912254),(143,3393,29,1476685446),(254,3106,32,1459368588),(1415,3353,29,1474922695),(82,3521,29,1493975038),(1463,3349,29,1473370107),(121,3373,29,1475392863),(121,3517,29,1493561289),(121,3379,14,1475612126),(1415,3351,29,1474357328),(1415,3379,14,1475663645),(1463,3373,29,1475392863),(1463,3351,29,1474265121),(1463,3353,29,1474021411),(1415,3359,29,1473839884),(1415,3376,32,1475868102),(56,3519,29,1493736488),(122,3365,27,1476028786),(121,3380,32,1475508693),(286,1638,18,1360131100),(1390,3247,19,1464695122),(160,3373,29,1475392863),(121,3518,29,1493571161),(121,3520,29,1493746300),(82,3519,29,1493930481),(121,3381,18,1475696372),(160,3349,29,1473370107),(1390,3299,19,1469712936),(1430,3510,29,1491675881),(1415,3381,18,1475696372),(121,3612,9,1511331642),(143,3520,29,1493746300),(1415,3378,32,1475425643),(1458,3351,29,1474286073),(1463,3518,29,1493571161),(121,3393,29,1476685446),(1415,3384,32,1475869072),(1430,3312,18,1469639451),(225,3357,18,1473663755),(121,3385,32,1475912254),(1430,3385,32,1475912254),(121,3384,32,1475869072),(304,3037,28,1455524657),(160,3358,29,1473785560),(1430,3379,14,1475612126),(82,3520,29,1493977189),(1430,3380,32,1475508693),(82,3357,18,1476391719),(121,3386,32,1476038319),(1463,3317,32,1470395545),(133,3344,14,1472729100),(1415,3393,29,1476644425),(1415,3390,18,1476305812),(1463,3357,18,1476363526),(160,3359,29,1473839884),(160,3344,14,1472729100),(121,3519,29,1493736488),(56,3304,12,1469210734),(143,3307,28,1470120690),(1463,3212,19,1462391745),(133,3084,18,1458066915),(121,3378,32,1475431939),(133,3628,14,1520526428),(1415,3074,15,1457700361),(1430,3300,18,1468519664),(1430,3289,29,1467657244),(1415,3301,19,1468490308),(1430,3296,29,1468129905),(1430,3288,29,1467488101),(133,3085,18,1458069118),(1430,3297,29,1468060205),(1430,3298,29,1468177240),(1430,3295,29,1467981742),(1430,3294,29,1467822045),(160,3584,29,1505905020),(143,3296,29,1468129905),(143,3297,29,1468060205),(1415,3341,32,1472650642),(121,3300,18,1468845746),(1430,3302,19,1468524878),(143,3298,29,1468177240),(143,3295,29,1467981742),(1430,3304,12,1469125809),(1463,3164,32,1462915671),(1430,3292,32,1469098352),(160,3343,18,1472659052),(1430,3306,18,1469097321),(121,3353,29,1474922695),(1484,3264,28,1466160518),(1484,3253,29,1464893482),(1514,3582,29,1505845870),(1484,3288,29,1467488101),(1415,3316,18,1471967978),(1415,3093,27,1461835308),(160,3252,29,1464934015),(143,3512,32,1493109385),(160,3340,18,1472493667),(1491,3299,19,1469712936),(121,3365,27,1476028786),(143,3317,32,1470395545),(1415,3311,27,1469516740),(1430,3301,19,1468490308),(121,3317,32,1470395545),(121,3297,29,1468060205),(160,3304,12,1469125809),(160,3305,15,1469039799),(160,3313,27,1469640136),(160,3292,32,1469098352),(160,3298,29,1468177240),(160,3106,32,1459368588),(143,3264,28,1466160518),(1430,3183,27,1461616388),(160,3176,29,1461575801),(1415,3289,29,1467560020),(1390,3302,19,1468524878),(121,3341,32,1472650642),(160,3205,29,1462044407),(133,3343,18,1472659052),(121,3293,29,1467818791),(160,3170,29,1461417797),(143,3289,29,1467657244),(1487,3261,15,1465732873),(121,3292,32,1469098352),(143,3291,29,1467791271),(143,3290,29,1467735732),(143,3288,29,1467488101),(143,3293,29,1467818791),(143,3294,29,1467822045),(121,3298,29,1468177240),(121,3327,32,1471671117),(121,3296,29,1468129905),(1464,3294,29,1467822045),(121,3295,29,1467981742),(143,3170,29,1461417797),(121,3294,29,1467822045),(1415,3295,29,1467981742),(121,3261,15,1466605966),(1464,3295,29,1467894954),(1415,3168,11,1461644723),(1415,3297,29,1468060205),(143,3292,32,1469098352),(1415,3158,29,1461251514),(1415,3296,29,1468129905),(121,3253,29,1464893482),(254,3290,29,1467732233),(121,3248,27,1464720055),(160,3137,28,1461850475),(160,3264,28,1466743451),(160,3232,27,1465465539),(1464,3293,29,1467818791),(1430,3293,29,1467818791),(56,3521,29,1493990907),(160,3164,32,1462915671),(160,3249,18,1464721545),(160,3281,14,1466663568),(1484,3270,7,1466158732),(1484,3276,19,1466450049),(1415,3283,18,1466972745),(1463,3264,28,1466160518),(1464,3352,29,1473448723),(1487,3217,18,1462742808),(1484,3278,19,1466627007),(1464,3349,29,1473370107),(121,3278,19,1466627007),(160,3316,18,1471967978),(1430,3282,19,1466881780),(1487,3270,7,1466158732),(1484,3247,19,1464695122),(121,3033,18,1454776585),(143,3518,29,1493571161),(160,3248,27,1464720055),(160,3580,29,1505799780),(1484,3252,29,1464934015),(1415,3160,29,1461267522),(121,3157,29,1461250680),(121,3521,29,1493836003),(160,3159,29,1461251635),(1463,3337,18,1471897733),(1397,3145,27,1460874239),(1430,3270,7,1466158732),(160,3586,29,1506087001),(1397,3248,27,1464720055),(160,3160,29,1461267522),(160,3322,18,1471112731),(1065,3507,32,1491333323),(1430,3271,18,1466176267),(1483,3592,29,1506326267),(121,3252,29,1464934015),(1463,3271,18,1466176267),(1483,3577,29,1505716679),(1491,3178,19,1466455276),(121,3376,32,1475868102),(1390,3276,19,1466450049),(1415,3270,7,1466158732),(1488,3130,19,1465202928),(1415,3276,19,1466450049),(1483,3584,29,1505905020),(225,3261,15,1466605966),(1415,3271,18,1466176380),(121,3615,9,1513073168),(1487,3264,28,1466160518),(56,3270,7,1466158805),(1430,3249,18,1464721545),(1390,3278,19,1466627007),(1415,3178,19,1466455276),(121,3218,18,1462860515),(1430,3239,18,1464289750),(1484,3291,29,1467791271),(1430,3376,32,1475215329),(1484,3250,19,1465193695),(1415,3252,29,1464934015),(121,3095,32,1458592386),(121,3107,15,1459369597),(121,3349,29,1473370107),(1415,3234,18,1464083277),(225,1987,17,1375600843),(160,3614,27,1512836607),(1463,3248,27,1464720055),(1463,3232,27,1465402527),(1483,3580,29,1505799780),(1490,3250,19,1464939742),(121,3359,29,1473839884),(1489,3147,19,1464939412),(1491,3250,19,1465193696),(225,3358,29,1473785560),(302,3517,29,1493532845),(1415,3347,18,1472970372),(1415,3250,19,1465193695),(1430,3248,27,1464720055),(82,3379,14,1475612126),(1430,3228,29,1463561657),(1415,3163,29,1461882925),(1415,3128,29,1461341100),(1430,3353,29,1473543364),(133,3592,29,1506326267),(1390,3398,29,1476953517),(792,2425,32,1389101430),(304,2989,29,1451677710),(121,3238,29,1464330445),(304,2098,29,1380443168),(133,3630,14,1521539536),(1463,3170,29,1461417797),(1430,3291,29,1467747822),(255,2155,18,1381395112),(1488,3247,19,1464695122),(1415,3232,27,1464802742),(121,3332,32,1471800847),(1415,3332,32,1471800847),(133,3337,18,1471897733),(304,2941,29,1443519551),(160,3325,32,1471257920),(121,3205,29,1462044407),(121,3206,18,1461920605),(1487,3143,27,1461928579),(121,3228,29,1463561657),(133,3565,27,1506951277),(1415,3228,29,1463519246),(121,3291,29,1467791271),(254,3221,15,1463127139),(1415,3221,15,1463127139),(125,2220,27,1382382145),(160,3582,29,1505845870),(1415,3227,18,1463241108),(133,3222,18,1462974103),(249,3174,18,1461436813),(1430,2990,32,1451761726),(304,2996,29,1452188443),(160,3583,29,1505900437),(1415,3176,29,1461575801),(121,3164,32,1471967494),(1430,3348,32,1473056169),(1430,3232,27,1465465539),(121,3288,29,1467488101),(133,3629,14,1520527875),(1430,3252,29,1464934015),(304,2933,29,1441983219),(1065,3512,32,1492149532),(255,2067,27,1380395601),(1463,3158,29,1461251514),(1415,3078,15,1457783194),(1415,2991,32,1451767013),(1463,3159,29,1461251635),(1430,3143,27,1460744987),(304,3176,29,1461575801),(143,3583,29,1505900437),(1430,3145,27,1460874239),(304,3080,29,1457815661),(133,3056,18,1456922131),(133,3172,18,1461420628),(1415,3147,19,1461006616),(133,3335,18,1471894447),(249,3114,18,1459785503),(187,2220,27,1382382145),(121,3170,29,1461417797),(121,3160,29,1461267522),(125,2155,18,1381395112),(1430,3163,29,1461882925),(1430,3157,29,1461592433),(1430,3290,29,1467735732),(1430,3170,29,1461417797),(121,3149,18,1461059176),(1430,3158,29,1461251514),(121,3227,18,1463241108),(255,2172,27,1381782728),(1430,3159,29,1461251635),(82,3518,29,1493581277),(125,2172,27,1381661823),(187,2172,27,1381684453),(125,2253,19,1383040855),(792,2155,18,1381395112),(1430,3160,29,1461267522),(1430,2998,19,1452636621),(1430,3181,19,1461854569),(1484,3296,29,1468129905),(1430,3149,18,1461059176),(249,2414,32,1388601012),(133,3627,14,1520524874),(1484,3297,29,1468060205),(1483,3622,27,1518126372),(121,3163,29,1461882925),(1430,3178,19,1461512524),(249,3176,29,1461575801),(1415,3159,29,1461251635),(1464,3176,29,1461513283),(1463,3176,29,1461854971),(1430,3176,29,1461575801),(121,3290,29,1467735732),(160,3341,32,1472650642),(1484,3307,28,1469132725),(187,3137,28,1461850475),(255,2220,27,1382382145),(121,3176,29,1461575801),(151,2155,18,1381395112),(1430,3236,32,1464088370),(133,3148,18,1461049603),(1430,2933,29,1441983219),(82,3517,29,1493561289),(133,3054,18,1456916258),(121,3102,15,1459532223),(1483,3603,9,1507897652),(121,3060,18,1458493357),(301,2279,19,1383669170),(121,3086,18,1458156615),(133,3055,18,1456921996),(160,3618,28,1514993185),(121,3078,15,1457783194),(187,2303,32,1384633336),(143,3586,29,1506087001),(1463,3292,32,1469098352),(318,2098,29,1380443168),(792,2253,19,1383070841),(249,3164,32,1461646487),(1430,3083,18,1458032593),(1430,2931,29,1441738952),(1065,3429,32,1480838889),(133,2837,18,1425927434),(1430,3099,29,1458765942),(1430,3172,18,1461420627),(187,2342,32,1388766155),(254,3288,29,1467488101),(249,3157,29,1461592433),(302,2098,29,1380443168),(1415,3202,19,1461964750),(1464,3290,29,1467735732),(254,3252,29,1464934015),(304,2992,29,1451940064),(1415,3239,18,1464289750),(282,2098,29,1380443168),(133,2416,32,1388739438),(792,2342,32,1388766155),(828,2253,19,1383070841),(792,2414,32,1388601012),(828,2279,19,1383669170),(1065,2342,32,1388766155),(792,2299,32,1384545798),(847,2299,32,1384545798),(133,2448,32,1390235899),(1065,2425,32,1390246604),(1065,2448,32,1390235898),(133,2450,32,1390301192),(125,2450,32,1390301191),(133,2453,32,1390424770),(125,2453,32,1390424769),(125,2098,29,1380443168),(1370,2453,32,1390424769),(143,3157,29,1461592433),(133,1067,20,1336592123),(828,2453,32,1390424769),(77,2098,29,1380443168),(301,2098,29,1380443168),(160,3585,29,1505975690),(828,2448,32,1390235898),(828,2425,32,1390246604),(77,2450,32,1390301191),(77,2299,32,1384545798),(187,2613,32,1401029761),(133,2613,32,1401029761),(78,2098,29,1380443168),(1430,3102,15,1459532223),(160,3022,29,1454095022),(160,2992,29,1451940064),(133,2820,18,1423383336),(133,2819,18,1423382532),(133,2822,18,1423484755),(133,3041,18,1455909464),(1430,3540,19,1498156874),(133,2818,18,1423162008),(225,3335,18,1471894447),(1464,3353,29,1473526539),(1390,3228,29,1463561657),(1390,3252,29,1464934015),(1463,3143,27,1461928580),(254,3135,32,1460527692),(1430,3016,18,1453328830),(1463,3216,27,1462771615),(160,3337,18,1471897733),(133,2824,18,1423500618),(133,2825,18,1423500875),(133,2826,18,1423501064),(1430,3147,19,1461006616),(1484,3295,29,1467981742),(1415,3106,32,1459368588),(1463,3135,32,1460527692),(1484,3290,29,1467735732),(133,2829,18,1424202993),(82,3404,32,1477817154),(133,2832,18,1424714718),(121,3350,29,1473315116),(1065,3228,29,1463561657),(1065,3238,29,1464330445),(1397,2978,18,1449939788),(1415,3157,29,1461592433),(1463,3157,29,1461592433),(133,3216,27,1462814033),(133,2844,14,1426620583),(1488,3250,19,1464939743),(133,2845,14,1426790300),(133,2847,14,1426886531),(1463,3252,29,1464934015),(1415,3225,18,1463212167),(133,2868,18,1430688348),(133,2862,18,1430159524),(1415,3238,29,1464330445),(143,3238,29,1464330445),(1065,3435,32,1481045858),(133,3136,19,1460469237),(1065,3482,32,1488088943),(1430,3283,18,1466972745),(1484,3147,19,1464939412),(1430,3216,27,1462814033),(143,3601,29,1507661900),(121,3113,27,1459791021),(1430,2847,14,1426886531),(1430,2845,14,1426790300),(1430,2844,14,1426620582),(133,3164,32,1462915671),(1430,2991,32,1451767013),(160,3333,32,1471974806),(160,2875,18,1431363501),(160,2425,32,1390246604),(253,3176,29,1461575801),(1415,3135,32,1462919545),(1463,3247,19,1464688564),(1430,3128,29,1461341100),(133,2902,18,1435587251),(121,3347,18,1472970372),(133,2914,18,1438196329),(1415,3217,18,1462742808),(1430,3135,32,1462919444),(121,3340,18,1472493667),(121,3232,27,1465465539),(254,3289,29,1467657244),(304,3207,27,1462098905),(133,3106,32,1459368588),(121,3333,32,1471974806),(1430,2926,29,1441560226),(160,2926,29,1441560226),(160,2613,32,1401029761),(1430,2932,29,1441816335),(121,3210,15,1462431032),(1430,3074,15,1457700361),(249,3093,27,1461835219),(160,3615,9,1513073168),(1430,2934,29,1441983692),(1430,2940,29,1443509625),(121,3004,19,1452960899),(133,2951,18,1444759279),(1415,3348,32,1473064897),(1430,2941,29,1443519551),(1463,3512,32,1492149533),(1430,3360,29,1473917557),(133,2957,18,1447409510),(160,3207,27,1462207003),(133,3143,27,1460744987),(121,3312,18,1469640592),(133,2966,14,1448297110),(254,3174,18,1461436813),(1430,3093,27,1461835219),(133,3145,27,1460874239),(1463,3183,27,1461616388),(254,3060,18,1458493357),(160,3327,32,1471671117),(1430,2972,18,1448878800),(1430,2985,18,1451037531),(1430,3217,18,1462742808),(1415,3292,32,1469098352),(121,3001,18,1452850970),(133,2974,14,1449481841),(121,3234,18,1464083276),(1430,2970,18,1448835534),(1430,2960,18,1448008305),(133,2977,18,1449909400),(1483,3623,27,1519501630),(1415,3183,27,1461616388),(1415,3102,15,1459532223),(133,3238,29,1464330445),(133,3205,29,1462044407),(133,3228,29,1463561657),(1065,3496,32,1490020547),(133,3006,18,1453039769),(1484,3294,29,1467822045),(1458,3350,29,1473315116),(1415,3291,29,1467791271),(1430,2977,18,1449909399),(1430,2963,18,1448009433),(133,2980,18,1450598339),(121,3348,32,1473064897),(133,2982,18,1450719077),(1463,3202,19,1462273458),(1430,3238,29,1464330445),(133,2983,18,1450859188),(133,2985,18,1451037532),(121,3239,18,1464289750),(133,3234,18,1464083276),(1430,3209,12,1462123506),(255,2987,29,1451674145),(1430,3349,29,1473313033),(1494,3517,29,1493561289),(82,3528,18,1495343858),(121,3006,18,1453039769),(133,3002,18,1452877411),(133,3001,18,1452850970),(1430,3253,29,1464893482),(133,3239,18,1464289750),(121,3335,18,1471894447),(133,2999,18,1452711826),(225,2998,19,1452636621),(133,3007,18,1453052234),(133,3008,18,1453052542),(187,3037,28,1455524657),(160,2989,29,1451677710),(160,2987,29,1451674145),(160,2941,29,1443519551),(160,2934,29,1441983692),(160,2933,29,1441983219),(160,2098,29,1380443168),(160,2991,32,1451767013),(1463,3207,27,1462180722),(160,2870,32,1431118267),(160,3017,18,1453329437),(160,3016,18,1453328830),(1430,3022,29,1454095022),(160,3008,18,1453052542),(121,3305,15,1469039799),(1415,3206,18,1461920605),(140,1195,17,1341393415),(1390,3253,29,1464893482),(1430,3017,18,1453329437),(1430,3001,18,1452850970),(1430,2996,29,1452188443),(1065,2991,32,1451767013),(1065,3017,18,1453329437),(1065,3022,29,1454095022),(1065,2992,29,1451940064),(56,3608,9,1509111088),(1065,2934,29,1441983692),(1065,2930,29,1441730829),(1514,3592,29,1506326267),(121,3502,29,1490862721);

--
-- Table structure for table `phpbb_topics_watch`
--

CREATE TABLE `phpbb_topics_watch` (
  `topic_id` mediumint(8) unsigned NOT NULL default '0',
  `user_id` mediumint(8) unsigned NOT NULL default '0',
  `notify_status` tinyint(1) unsigned NOT NULL default '0',
  KEY `topic_id` (`topic_id`),
  KEY `user_id` (`user_id`),
  KEY `notify_stat` (`notify_status`)
) ENGINE=MyISAM DEFAULT CHARSET=utf8 COLLATE=utf8_bin;

--
-- Dumping data for table `phpbb_topics_watch`
--

INSERT INTO `phpbb_topics_watch` VALUES (3278,1390,0),(3572,82,0),(184,143,0);

--
-- Table structure for table `phpbb_user_group`
--

CREATE TABLE `phpbb_user_group` (
  `group_id` mediumint(8) unsigned NOT NULL default '0',
  `user_id` mediumint(8) unsigned NOT NULL default '0',
  `group_leader` tinyint(1) unsigned NOT NULL default '0',
  `user_pending` tinyint(1) unsigned NOT NULL default '1',
  KEY `group_id` (`group_id`),
  KEY `user_id` (`user_id`),
  KEY `group_leader` (`group_leader`)
) ENGINE=MyISAM DEFAULT CHARSET=utf8 COLLATE=utf8_bin;

--
-- Dumping data for table `phpbb_user_group`
--

INSERT INTO `phpbb_user_group` VALUES (1,1,0,0),(2,2,0,0),(4,2,0,0),(5,2,1,0),(6,3,0,0),(6,4,0,0),(6,5,0,0),(6,6,0,0),(6,7,0,0),(6,8,0,0),(6,9,0,0),(6,10,0,0),(6,11,0,0),(6,12,0,0),(6,13,0,0),(6,14,0,0),(6,15,0,0),(6,16,0,0),(6,17,0,0),(6,18,0,0),(6,19,0,0),(6,20,0,0),(6,21,0,0),(6,22,0,0),(6,23,0,0),(6,24,0,0),(6,25,0,0),(6,26,0,0),(6,27,0,0),(6,28,0,0),(6,29,0,0),(6,30,0,0),(6,31,0,0),(6,32,0,0),(6,33,0,0),(6,34,0,0),(6,35,0,0),(6,36,0,0),(6,37,0,0),(6,38,0,0),(6,39,0,0),(6,40,0,0),(6,41,0,0),(6,42,0,0),(6,43,0,0),(6,44,0,0),(6,45,0,0),(6,46,0,0),(6,47,0,0),(6,48,0,0),(6,49,0,0),(6,50,0,0),(6,51,0,0),(6,52,0,0),(2,53,0,0),(2,54,0,0),(2,56,0,0),(2,55,0,0),(7,55,0,0),(8,143,0,0),(5,56,1,0),(2,1580,0,0),(2,80,0,0),(4,56,0,0),(2,133,0,0),(2,161,0,0),(2,134,0,0),(2,143,0,0),(2,135,0,0),(2,1489,0,0),(7,136,0,0),(7,138,0,0),(2,138,0,0),(2,140,0,0),(8,144,0,0),(7,141,0,0),(2,141,0,0),(8,140,0,0),(8,138,0,0),(8,135,0,0),(2,254,0,0),(8,142,0,0),(2,144,0,0),(7,1476,0,0),(2,146,0,0),(8,132,0,0),(8,133,0,0),(8,134,0,0),(2,136,0,0),(2,139,0,0),(7,140,0,0),(8,141,0,0),(8,139,0,0),(2,142,0,0),(8,136,0,0),(2,1615,0,0),(7,123,0,0),(2,123,0,0),(8,145,0,0),(2,71,0,0),(7,71,0,0),(2,72,0,0),(2,147,0,0),(8,72,0,0),(9,253,0,0),(8,253,0,0),(2,282,0,0),(2,253,0,0),(4,252,0,0),(7,159,0,0),(2,159,0,0),(2,76,0,0),(7,76,0,0),(8,76,0,0),(2,77,0,0),(7,77,0,0),(2,78,0,0),(7,78,0,0),(8,252,0,0),(9,252,1,0),(7,80,0,0),(5,82,1,0),(7,83,0,0),(2,83,0,0),(2,82,0,0),(7,156,0,0),(8,82,0,0),(4,82,0,0),(2,156,0,0),(7,192,0,0),(2,192,0,0),(8,301,0,0),(7,301,0,0),(2,301,0,0),(7,152,0,0),(8,147,0,0),(7,290,0,0),(8,77,0,0),(2,152,0,0),(2,129,0,0),(7,157,0,0),(2,157,0,0),(8,155,0,0),(7,155,0,0),(2,1476,0,0),(7,1489,0,0),(8,146,0,0),(7,146,0,0),(7,161,0,0),(7,251,0,0),(2,227,0,0),(2,127,0,0),(8,151,0,0),(2,145,0,0),(8,152,0,0),(7,151,0,0),(8,126,0,0),(7,126,0,0),(8,123,0,0),(7,124,0,0),(2,160,0,0),(8,159,0,0),(7,147,0,0),(8,161,0,0),(8,127,0,0),(8,156,0,0),(2,155,0,0),(2,1463,0,0),(8,129,0,0),(2,251,0,0),(8,125,0,0),(2,132,0,0),(2,151,0,0),(2,126,0,0),(2,124,0,0),(8,160,0,0),(8,78,0,0),(2,125,0,0),(7,1464,0,0),(8,291,0,0),(8,245,0,0),(8,249,0,0),(2,310,0,0),(7,249,0,0),(8,281,0,0),(7,286,0,0),(2,291,0,0),(8,290,0,0),(7,305,0,0),(8,289,0,0),(2,285,0,0),(8,280,0,0),(2,308,0,0),(2,1486,0,0),(2,304,0,0),(7,1483,0,0),(8,285,0,0),(2,307,0,0),(7,289,0,0),(8,308,0,0),(8,307,0,0),(8,302,0,0),(7,302,0,0),(7,291,0,0),(7,1479,0,0),(7,280,0,0),(7,308,0,0),(2,280,0,0),(2,290,0,0),(2,289,0,0),(7,281,0,0),(8,262,0,0),(2,305,0,0),(2,302,0,0),(7,285,0,0),(7,262,0,0),(8,305,0,0),(2,249,0,0),(2,281,0,0),(7,299,0,0),(8,124,0,0),(7,160,0,0),(9,145,0,0),(8,157,0,0),(8,282,0,0),(7,303,0,0),(2,120,0,0),(7,120,0,0),(2,121,0,0),(7,1425,0,0),(2,122,0,0),(7,122,0,0),(8,122,0,0),(8,121,0,0),(8,120,0,0),(7,827,0,0),(2,255,0,0),(2,303,0,0),(8,251,0,0),(8,254,0,0),(9,254,0,0),(7,307,0,0),(8,255,0,0),(7,245,0,0),(8,304,0,0),(2,286,0,0),(2,262,0,0),(2,299,0,0),(9,121,0,0),(8,303,0,0),(7,282,0,0),(9,134,0,0),(7,819,0,0),(9,125,0,0),(2,185,0,0),(8,286,0,0),(8,185,0,0),(8,187,0,0),(2,187,0,0),(7,811,0,0),(2,252,0,0),(8,190,0,0),(5,1576,1,0),(8,1576,0,1),(2,190,0,0),(7,190,0,0),(2,193,0,0),(7,193,0,0),(8,193,0,0),(2,246,0,0),(2,315,0,0),(8,318,0,0),(2,222,0,0),(7,314,0,0),(2,245,0,0),(2,228,0,0),(8,244,0,0),(8,227,0,0),(2,1614,0,0),(8,246,0,0),(2,1613,0,0),(2,225,0,0),(7,322,0,0),(8,228,0,0),(2,244,0,0),(8,310,0,0),(2,314,0,0),(7,828,0,0),(2,326,0,0),(2,221,0,0),(7,324,0,0),(8,314,0,0),(7,310,0,0),(8,317,0,0),(2,317,0,0),(2,319,0,0),(7,227,0,0),(8,221,0,0),(2,817,0,0),(6,227,0,0),(7,813,0,0),(7,814,0,0),(8,315,0,0),(2,323,0,0),(7,228,0,0),(8,225,0,0),(7,325,0,0),(9,56,0,0),(2,325,0,0),(8,320,0,0),(7,318,0,0),(2,320,0,0),(7,323,0,0),(2,819,0,0),(7,812,0,0),(2,324,0,0),(7,317,0,0),(2,322,0,0),(6,310,0,0),(7,1485,0,0),(7,628,0,0),(2,813,0,0),(8,326,0,0),(7,810,0,0),(7,762,0,0),(7,488,0,0),(2,488,0,0),(2,828,0,0),(2,812,0,0),(7,348,0,0),(2,348,0,0),(8,809,0,0),(8,348,0,0),(6,326,0,0),(2,762,0,0),(2,814,0,0),(2,628,0,0),(2,827,0,0),(2,815,0,0),(2,811,0,0),(7,319,0,0),(9,82,0,0),(7,320,0,0),(8,319,0,0),(7,315,0,0),(2,318,0,0),(2,810,0,0),(7,221,0,0),(7,809,0,0),(2,809,0,0),(2,792,0,0),(7,818,0,0),(2,818,0,0),(2,820,0,0),(7,820,0,0),(2,821,0,0),(7,821,0,0),(2,822,0,0),(7,822,0,0),(7,836,0,0),(2,836,0,0),(7,1438,0,0),(2,1438,0,0),(2,1452,0,0),(7,1065,0,0),(2,1065,0,0),(2,847,0,0),(7,847,0,0),(7,1432,0,0),(2,1432,0,0),(7,1505,0,0),(2,1390,0,0),(7,1345,0,0),(2,1345,0,0),(7,1428,0,0),(2,1428,0,0),(7,1398,0,0),(2,1398,0,0),(7,1370,0,0),(2,1370,0,0),(7,1451,0,0),(2,1451,0,0),(7,1450,0,0),(2,1450,0,0),(7,1396,0,0),(2,1396,0,0),(7,1427,0,0),(2,1415,0,0),(2,1578,0,0),(2,1577,0,0),(2,1425,0,0),(2,1427,0,0),(2,1460,0,0),(2,1430,0,0),(7,1397,0,0),(2,1397,0,0),(7,1454,0,0),(2,1454,0,0),(7,1448,0,0),(2,1448,0,0),(7,1447,0,0),(2,1447,0,0),(2,1455,0,0),(7,1455,0,0),(2,1456,0,0),(7,1456,0,0),(2,1457,0,0),(7,1457,0,0),(2,1458,0,0),(2,1462,0,0),(2,1503,0,0),(7,1460,0,0),(7,1484,0,0),(7,1462,0,0),(6,1464,0,0),(2,1464,0,0),(2,1483,0,0),(2,1471,0,0),(2,1485,0,0),(7,1471,0,0),(2,1479,0,0),(2,1484,0,0),(7,1486,0,0),(2,1487,0,0),(2,1494,0,0),(2,1488,0,0),(7,1488,0,0),(2,1490,0,0),(7,1490,0,0),(2,1491,0,0),(7,1503,0,0),(7,1553,0,0),(7,1494,0,0),(2,1493,0,0),(7,1493,0,0),(2,1501,0,0),(7,1516,0,0),(2,1505,0,0),(2,1499,0,0),(7,1499,0,0),(2,1516,0,0),(7,1554,0,0),(7,1542,0,0),(2,1542,0,0),(2,1553,0,0),(7,1555,0,0),(7,1515,0,0),(2,1515,0,0),(2,1513,0,0),(7,1513,0,0),(2,1514,0,0),(7,1514,0,0),(2,1555,0,0),(2,1554,0,0),(2,1521,0,0),(7,1521,0,0),(7,1545,0,0),(2,1545,0,0),(7,1531,0,0),(2,1531,0,0),(2,1524,0,0),(7,1524,0,0),(7,1536,0,0),(2,1536,0,0),(7,1537,0,0),(2,1537,0,0),(7,1538,0,0),(2,1538,0,0),(2,1528,0,0),(7,1528,0,0),(7,1539,0,0),(2,1539,0,0),(7,1550,0,0),(2,1550,0,0),(2,1546,0,0),(7,1546,0,0),(2,1547,0,0),(7,1547,0,0),(2,1548,0,0),(7,1548,0,0),(7,1557,0,0),(2,1557,0,0),(7,1572,0,0),(2,1572,0,0),(2,1576,0,0),(2,1575,0,0);

--
-- Table structure for table `phpbb_users`
--

CREATE TABLE `phpbb_users` (
  `user_id` mediumint(8) unsigned NOT NULL auto_increment,
  `user_type` tinyint(2) NOT NULL default '0',
  `group_id` mediumint(8) unsigned NOT NULL default '3',
  `user_permissions` mediumtext collate utf8_bin NOT NULL,
  `user_perm_from` mediumint(8) unsigned NOT NULL default '0',
  `user_ip` varchar(40) collate utf8_bin NOT NULL default '',
  `user_regdate` int(11) unsigned NOT NULL default '0',
  `username` varchar(255) collate utf8_bin NOT NULL default '',
  `username_clean` varchar(255) collate utf8_bin NOT NULL default '',
  `user_password` varchar(40) collate utf8_bin NOT NULL default '',
  `user_passchg` int(11) unsigned NOT NULL default '0',
  `user_pass_convert` tinyint(1) unsigned NOT NULL default '0',
  `user_email` varchar(100) collate utf8_bin NOT NULL default '',
  `user_email_hash` bigint(20) NOT NULL default '0',
  `user_birthday` varchar(10) collate utf8_bin NOT NULL default '',
  `user_lastvisit` int(11) unsigned NOT NULL default '0',
  `user_lastmark` int(11) unsigned NOT NULL default '0',
  `user_lastpost_time` int(11) unsigned NOT NULL default '0',
  `user_lastpage` varchar(200) collate utf8_bin NOT NULL default '',
  `user_last_confirm_key` varchar(10) collate utf8_bin NOT NULL default '',
  `user_last_search` int(11) unsigned NOT NULL default '0',
  `user_warnings` tinyint(4) NOT NULL default '0',
  `user_last_warning` int(11) unsigned NOT NULL default '0',
  `user_login_attempts` tinyint(4) NOT NULL default '0',
  `user_inactive_reason` tinyint(2) NOT NULL default '0',
  `user_inactive_time` int(11) unsigned NOT NULL default '0',
  `user_posts` mediumint(8) unsigned NOT NULL default '0',
  `user_lang` varchar(30) collate utf8_bin NOT NULL default '',
  `user_timezone` decimal(5,2) NOT NULL default '0.00',
  `user_dst` tinyint(1) unsigned NOT NULL default '0',
  `user_dateformat` varchar(30) collate utf8_bin NOT NULL default 'd M Y H:i',
  `user_style` mediumint(8) unsigned NOT NULL default '0',
  `user_rank` mediumint(8) unsigned NOT NULL default '0',
  `user_colour` varchar(6) collate utf8_bin NOT NULL default '',
  `user_new_privmsg` int(4) NOT NULL default '0',
  `user_unread_privmsg` int(4) NOT NULL default '0',
  `user_last_privmsg` int(11) unsigned NOT NULL default '0',
  `user_message_rules` tinyint(1) unsigned NOT NULL default '0',
  `user_full_folder` int(11) NOT NULL default '-3',
  `user_emailtime` int(11) unsigned NOT NULL default '0',
  `user_topic_show_days` smallint(4) unsigned NOT NULL default '0',
  `user_topic_sortby_type` varchar(1) collate utf8_bin NOT NULL default 't',
  `user_topic_sortby_dir` varchar(1) collate utf8_bin NOT NULL default 'd',
  `user_post_show_days` smallint(4) unsigned NOT NULL default '0',
  `user_post_sortby_type` varchar(1) collate utf8_bin NOT NULL default 't',
  `user_post_sortby_dir` varchar(1) collate utf8_bin NOT NULL default 'a',
  `user_notify` tinyint(1) unsigned NOT NULL default '0',
  `user_notify_pm` tinyint(1) unsigned NOT NULL default '1',
  `user_notify_type` tinyint(4) NOT NULL default '0',
  `user_allow_pm` tinyint(1) unsigned NOT NULL default '1',
  `user_allow_viewonline` tinyint(1) unsigned NOT NULL default '1',
  `user_allow_viewemail` tinyint(1) unsigned NOT NULL default '1',
  `user_allow_massemail` tinyint(1) unsigned NOT NULL default '1',
  `user_options` int(11) unsigned NOT NULL default '230271',
  `user_avatar` varchar(255) collate utf8_bin NOT NULL default '',
  `user_avatar_type` tinyint(2) NOT NULL default '0',
  `user_avatar_width` smallint(4) unsigned NOT NULL default '0',
  `user_avatar_height` smallint(4) unsigned NOT NULL default '0',
  `user_sig` mediumtext collate utf8_bin NOT NULL,
  `user_sig_bbcode_uid` varchar(8) collate utf8_bin NOT NULL default '',
  `user_sig_bbcode_bitfield` varchar(255) collate utf8_bin NOT NULL default '',
  `user_from` varchar(100) collate utf8_bin NOT NULL default '',
  `user_icq` varchar(15) collate utf8_bin NOT NULL default '',
  `user_aim` varchar(255) collate utf8_bin NOT NULL default '',
  `user_yim` varchar(255) collate utf8_bin NOT NULL default '',
  `user_msnm` varchar(255) collate utf8_bin NOT NULL default '',
  `user_jabber` varchar(255) collate utf8_bin NOT NULL default '',
  `user_website` varchar(200) collate utf8_bin NOT NULL default '',
  `user_occ` text collate utf8_bin NOT NULL,
  `user_interests` text collate utf8_bin NOT NULL,
  `user_actkey` varchar(32) collate utf8_bin NOT NULL default '',
  `user_newpasswd` varchar(40) collate utf8_bin NOT NULL default '',
  `user_form_salt` varchar(32) collate utf8_bin NOT NULL default '',
  `user_new` tinyint(1) unsigned NOT NULL default '1',
  `user_reminded` tinyint(4) NOT NULL default '0',
  `user_reminded_time` int(11) unsigned NOT NULL default '0',
  PRIMARY KEY  (`user_id`),
  UNIQUE KEY `username_clean` (`username_clean`),
  KEY `user_birthday` (`user_birthday`),
  KEY `user_email_hash` (`user_email_hash`),
  KEY `user_type` (`user_type`)
) ENGINE=MyISAM AUTO_INCREMENT=1616 DEFAULT CHARSET=utf8 COLLATE=utf8_bin;

--
-- Dumping data for table `phpbb_users`
--

INSERT INTO `phpbb_users` VALUES (1,2,1,'00000000003khra3nk\n\n\n\n\n\n\n\ni1cjyo000000\ni1cjyo000000\n\n\n\n\ni1cjyo000000\ni1cjyo000000\n\ni1cjyo000000\ni1cjyo000000\ni1cjyo000000\n\n\n\n\n\n\n\ni1cjyo000000\ni1cjyo000000\ni1cjyo000000\n\n\ni1cjyo000000',0,'',1283444084,'Anonymous','anonymous','',0,0,'',0,'',0,0,1383139469,'','4UR2ZGXRUU',1594013430,0,0,0,0,0,80,'en','0.00',0,'d M Y H:i',2,0,'',0,0,0,0,-3,0,0,'t','d',0,'t','a',0,1,0,1,1,1,0,230271,'',0,0,0,'','','','','','','','','','','','','','','4492a69d8fa32bf7',1,0,0),(2,3,5,'',0,'10.1.1.7',1283444084,'simon','simon','$H$9K4a3iuvjwMlQqr6vzcT/Wynjf2Dc41',1460992546,0,'r.simon@bruaylabuissiere.fr',57044396527,'',1509956218,0,1286194908,'memberlist.php?mode=searchuser&form=select_user&field=username&select_single=true','',0,0,0,0,0,0,0,'fr','1.00',1,'D j M Y H:i',2,1,'AA0000',0,0,1285943198,0,-3,1286207732,0,'t','d',0,'t','a',0,1,0,1,1,1,1,230271,'',0,0,0,'','','','','','','','','','','','','','','8caf205e5d0858ac',1,0,0),(3,2,6,'',0,'',1283444095,'AdsBot [Google]','adsbot [google]','',1283444095,0,'',0,'',1554066968,1283444095,0,'index.php','',0,0,0,0,0,0,0,'fr','0.00',0,'D j M Y H:i',2,0,'9E8DA7',0,0,0,0,-3,0,0,'t','d',0,'t','a',0,1,0,1,1,1,0,230271,'',0,0,0,'','','','','','','','','','','','','','','869bcb20385d5dcd',0,0,0),(4,2,6,'',0,'',1283444095,'Alexa [Bot]','alexa [bot]','',1283444095,0,'',0,'',1432267540,1283444095,0,'faq.php','',0,0,0,0,0,0,0,'fr','0.00',0,'D j M Y H:i',2,0,'9E8DA7',0,0,0,0,-3,0,0,'t','d',0,'t','a',0,1,0,1,1,1,0,230271,'',0,0,0,'','','','','','','','','','','','','','','d4294f7567d5b560',0,0,0),(5,2,6,'',0,'',1283444095,'Alta Vista [Bot]','alta vista [bot]','',1283444095,0,'',0,'',0,1283444095,0,'','',0,0,0,0,0,0,0,'fr','0.00',0,'D j M Y H:i',2,0,'9E8DA7',0,0,0,0,-3,0,0,'t','d',0,'t','a',0,1,0,1,1,1,0,230271,'',0,0,0,'','','','','','','','','','','','','','','19980e9bd823f5cf',0,0,0),(6,2,6,'',0,'',1283444095,'Ask Jeeves [Bot]','ask jeeves [bot]','',1283444095,0,'',0,'',1594123269,1283444095,0,'index.php','',0,0,0,0,0,0,0,'fr','0.00',0,'D j M Y H:i',2,0,'9E8DA7',0,0,0,0,-3,0,0,'t','d',0,'t','a',0,1,0,1,1,1,0,230271,'',0,0,0,'','','','','','','','','','','','','','','c2e3ed63d10aace6',0,0,0),(7,2,6,'',0,'',1283444095,'Baidu [Spider]','baidu [spider]','',1283444095,0,'',0,'',0,1283444095,0,'','',0,0,0,0,0,0,0,'fr','0.00',0,'D j M Y H:i',2,0,'9E8DA7',0,0,0,0,-3,0,0,'t','d',0,'t','a',0,1,0,1,1,1,0,230271,'',0,0,0,'','','','','','','','','','','','','','','aff489025505dd80',0,0,0),(8,2,6,'',0,'',1283444095,'Exabot [Bot]','exabot [bot]','',1283444095,0,'',0,'',1564591320,1283444095,0,'index.php','',0,0,0,0,0,0,0,'fr','0.00',0,'D j M Y H:i',2,0,'9E8DA7',0,0,0,0,-3,0,0,'t','d',0,'t','a',0,1,0,1,1,1,0,230271,'',0,0,0,'','','','','','','','','','','','','','','a6e8836fcf7f1f2f',0,0,0),(9,2,6,'',0,'',1283444095,'FAST Enterprise [Crawler]','fast enterprise [crawler]','',1283444095,0,'',0,'',0,1283444095,0,'','',0,0,0,0,0,0,0,'fr','0.00',0,'D j M Y H:i',2,0,'9E8DA7',0,0,0,0,-3,0,0,'t','d',0,'t','a',0,1,0,1,1,1,0,230271,'',0,0,0,'','','','','','','','','','','','','','','fdcf3bbea024db0b',0,0,0),(10,2,6,'',0,'',1283444095,'FAST WebCrawler [Crawler]','fast webcrawler [crawler]','',1283444095,0,'',0,'',1385716977,1283444095,0,'index.php','',0,0,0,0,0,0,0,'fr','0.00',0,'D j M Y H:i',2,0,'9E8DA7',0,0,0,0,-3,0,0,'t','d',0,'t','a',0,1,0,1,1,1,0,230271,'',0,0,0,'','','','','','','','','','','','','','','339030cc416a8c81',0,0,0),(11,2,6,'',0,'',1283444095,'Francis [Bot]','francis [bot]','',1283444095,0,'',0,'',0,1283444095,0,'','',0,0,0,0,0,0,0,'fr','0.00',0,'D j M Y H:i',2,0,'9E8DA7',0,0,0,0,-3,0,0,'t','d',0,'t','a',0,1,0,1,1,1,0,230271,'',0,0,0,'','','','','','','','','','','','','','','3f75e3769e393a5c',0,0,0),(12,2,6,'',0,'',1283444095,'Gigabot [Bot]','gigabot [bot]','',1283444095,0,'',0,'',0,1283444095,0,'','',0,0,0,0,0,0,0,'fr','0.00',0,'D j M Y H:i',2,0,'9E8DA7',0,0,0,0,-3,0,0,'t','d',0,'t','a',0,1,0,1,1,1,0,230271,'',0,0,0,'','','','','','','','','','','','','','','db072331a7427f04',0,0,0),(13,2,6,'',0,'',1283444095,'Google Adsense [Bot]','google adsense [bot]','',1283444095,0,'',0,'',1619162950,1283444095,0,'index.php','',0,0,0,0,0,0,0,'fr','0.00',0,'D j M Y H:i',2,0,'9E8DA7',0,0,0,0,-3,0,0,'t','d',0,'t','a',0,1,0,1,1,1,0,230271,'',0,0,0,'','','','','','','','','','','','','','','cf9c33fd89c55497',0,0,0),(14,2,6,'',0,'',1283444095,'Google Desktop','google desktop','',1283444095,0,'',0,'',0,1283444095,0,'','',0,0,0,0,0,0,0,'fr','0.00',0,'D j M Y H:i',2,0,'9E8DA7',0,0,0,0,-3,0,0,'t','d',0,'t','a',0,1,0,1,1,1,0,230271,'',0,0,0,'','','','','','','','','','','','','','','7e9f060adf804b5b',0,0,0),(15,2,6,'',0,'',1283444095,'Google Feedfetcher','google feedfetcher','',1283444095,0,'',0,'',0,1283444095,0,'','',0,0,0,0,0,0,0,'fr','0.00',0,'D j M Y H:i',2,0,'9E8DA7',0,0,0,0,-3,0,0,'t','d',0,'t','a',0,1,0,1,1,1,0,230271,'',0,0,0,'','','','','','','','','','','','','','','29594924a1b8f7a0',0,0,0),(16,2,6,'',0,'',1283444095,'Google [Bot]','google [bot]','',1283444095,0,'',0,'',1623412873,1283444095,0,'viewtopic.php?f=27&t=2065','',0,0,0,0,0,0,0,'fr','0.00',0,'D j M Y H:i',2,0,'9E8DA7',0,0,0,0,-3,0,0,'t','d',0,'t','a',0,1,0,1,1,1,0,230271,'',0,0,0,'','','','','','','','','','','','','','','2e627971dc3bf671',0,0,0),(17,2,6,'',0,'',1283444095,'Heise IT-Markt [Crawler]','heise it-markt [crawler]','',1283444095,0,'',0,'',0,1283444095,0,'','',0,0,0,0,0,0,0,'fr','0.00',0,'D j M Y H:i',2,0,'9E8DA7',0,0,0,0,-3,0,0,'t','d',0,'t','a',0,1,0,1,1,1,0,230271,'',0,0,0,'','','','','','','','','','','','','','','f86c6768d6795b3a',0,0,0),(18,2,6,'',0,'',1283444095,'Heritrix [Crawler]','heritrix [crawler]','',1283444095,0,'',0,'',0,1283444095,0,'','',0,0,0,0,0,0,0,'fr','0.00',0,'D j M Y H:i',2,0,'9E8DA7',0,0,0,0,-3,0,0,'t','d',0,'t','a',0,1,0,1,1,1,0,230271,'',0,0,0,'','','','','','','','','','','','','','','dc4cbe348f4c37f9',0,0,0),(19,2,6,'',0,'',1283444095,'IBM Research [Bot]','ibm research [bot]','',1283444095,0,'',0,'',0,1283444095,0,'','',0,0,0,0,0,0,0,'fr','0.00',0,'D j M Y H:i',2,0,'9E8DA7',0,0,0,0,-3,0,0,'t','d',0,'t','a',0,1,0,1,1,1,0,230271,'',0,0,0,'','','','','','','','','','','','','','','c4b082d260cf6163',0,0,0),(20,2,6,'',0,'',1283444095,'ICCrawler - ICjobs','iccrawler - icjobs','',1283444095,0,'',0,'',0,1283444095,0,'','',0,0,0,0,0,0,0,'fr','0.00',0,'D j M Y H:i',2,0,'9E8DA7',0,0,0,0,-3,0,0,'t','d',0,'t','a',0,1,0,1,1,1,0,230271,'',0,0,0,'','','','','','','','','','','','','','','c18c53d31b8a3a9e',0,0,0),(21,2,6,'',0,'',1283444095,'ichiro [Crawler]','ichiro [crawler]','',1283444095,0,'',0,'',0,1283444095,0,'','',0,0,0,0,0,0,0,'fr','0.00',0,'D j M Y H:i',2,0,'9E8DA7',0,0,0,0,-3,0,0,'t','d',0,'t','a',0,1,0,1,1,1,0,230271,'',0,0,0,'','','','','','','','','','','','','','','5b54b47b4092947c',0,0,0),(22,2,6,'',0,'',1283444095,'Majestic-12 [Bot]','majestic-12 [bot]','',1283444095,0,'',0,'',1622996360,1283444095,0,'viewtopic.php?f=15&t=3593&p=5689','RNYXMX2J94',0,0,0,0,0,0,0,'fr','0.00',0,'D j M Y H:i',2,0,'9E8DA7',0,0,0,0,-3,0,0,'t','d',0,'t','a',0,1,0,1,1,1,0,230271,'',0,0,0,'','','','','','','','','','','','','','','7477e45bd8adbbff',0,0,0),(23,2,6,'',0,'',1283444095,'Metager [Bot]','metager [bot]','',1283444095,0,'',0,'',0,1283444095,0,'','',0,0,0,0,0,0,0,'fr','0.00',0,'D j M Y H:i',2,0,'9E8DA7',0,0,0,0,-3,0,0,'t','d',0,'t','a',0,1,0,1,1,1,0,230271,'',0,0,0,'','','','','','','','','','','','','','','0261dbf08ff057f7',0,0,0),(24,2,6,'',0,'',1283444095,'MSN NewsBlogs','msn newsblogs','',1283444095,0,'',0,'',0,1283444095,0,'','',0,0,0,0,0,0,0,'fr','0.00',0,'D j M Y H:i',2,0,'9E8DA7',0,0,0,0,-3,0,0,'t','d',0,'t','a',0,1,0,1,1,1,0,230271,'',0,0,0,'','','','','','','','','','','','','','','adac613305811bbf',0,0,0),(25,2,6,'',0,'',1283444095,'MSN [Bot]','msn [bot]','',1283444095,0,'',0,'',1588277013,1283444095,0,'cron.php?cron_type=tidy_warnings','KU8D7ZYKDU',0,0,0,0,0,0,0,'fr','0.00',0,'D j M Y H:i',2,0,'9E8DA7',0,0,0,0,-3,0,0,'t','d',0,'t','a',0,1,0,1,1,1,0,230271,'',0,0,0,'','','','','','','','','','','','','','','9949d05f4cbf65eb',0,0,0),(26,2,6,'',0,'',1283444095,'MSNbot Media','msnbot media','',1283444095,0,'',0,'',1494432464,1283444095,0,'viewtopic.php?f=29&t=3228&p=4991','',0,0,0,0,0,0,0,'fr','0.00',0,'D j M Y H:i',2,0,'9E8DA7',0,0,0,0,-3,0,0,'t','d',0,'t','a',0,1,0,1,1,1,0,230271,'',0,0,0,'','','','','','','','','','','','','','','8753954d06ff3d25',0,0,0),(27,2,6,'',0,'',1283444095,'NG-Search [Bot]','ng-search [bot]','',1283444096,0,'',0,'',0,1283444096,0,'','',0,0,0,0,0,0,0,'fr','0.00',0,'D j M Y H:i',2,0,'9E8DA7',0,0,0,0,-3,0,0,'t','d',0,'t','a',0,1,0,1,1,1,0,230271,'',0,0,0,'','','','','','','','','','','','','','','91f956f792c98c0b',0,0,0),(28,2,6,'',0,'',1283444096,'Nutch [Bot]','nutch [bot]','',1283444096,0,'',0,'',0,1283444096,0,'','',0,0,0,0,0,0,0,'fr','0.00',0,'D j M Y H:i',2,0,'9E8DA7',0,0,0,0,-3,0,0,'t','d',0,'t','a',0,1,0,1,1,1,0,230271,'',0,0,0,'','','','','','','','','','','','','','','10bda1c5f6747b07',0,0,0),(29,2,6,'',0,'',1283444096,'Nutch/CVS [Bot]','nutch/cvs [bot]','',1283444096,0,'',0,'',0,1283444096,0,'','',0,0,0,0,0,0,0,'fr','0.00',0,'D j M Y H:i',2,0,'9E8DA7',0,0,0,0,-3,0,0,'t','d',0,'t','a',0,1,0,1,1,1,0,230271,'',0,0,0,'','','','','','','','','','','','','','','66bec5b2d241df73',0,0,0),(30,2,6,'',0,'',1283444096,'OmniExplorer [Bot]','omniexplorer [bot]','',1283444096,0,'',0,'',0,1283444096,0,'','',0,0,0,0,0,0,0,'fr','0.00',0,'D j M Y H:i',2,0,'9E8DA7',0,0,0,0,-3,0,0,'t','d',0,'t','a',0,1,0,1,1,1,0,230271,'',0,0,0,'','','','','','','','','','','','','','','c61d24be0e90d8af',0,0,0),(31,2,6,'',0,'',1283444096,'Online link [Validator]','online link [validator]','',1283444096,0,'',0,'',0,1283444096,0,'','',0,0,0,0,0,0,0,'fr','0.00',0,'D j M Y H:i',2,0,'9E8DA7',0,0,0,0,-3,0,0,'t','d',0,'t','a',0,1,0,1,1,1,0,230271,'',0,0,0,'','','','','','','','','','','','','','','5e29961aa74f57d0',0,0,0),(32,2,6,'',0,'',1283444096,'psbot [Picsearch]','psbot [picsearch]','',1283444096,0,'',0,'',0,1283444096,0,'','',0,0,0,0,0,0,0,'fr','0.00',0,'D j M Y H:i',2,0,'9E8DA7',0,0,0,0,-3,0,0,'t','d',0,'t','a',0,1,0,1,1,1,0,230271,'',0,0,0,'','','','','','','','','','','','','','','8abf2a8ff695279a',0,0,0),(33,2,6,'',0,'',1283444096,'Seekport [Bot]','seekport [bot]','',1283444096,0,'',0,'',0,1283444096,0,'','',0,0,0,0,0,0,0,'fr','0.00',0,'D j M Y H:i',2,0,'9E8DA7',0,0,0,0,-3,0,0,'t','d',0,'t','a',0,1,0,1,1,1,0,230271,'',0,0,0,'','','','','','','','','','','','','','','57b2bb28dc3fabb1',0,0,0),(34,2,6,'',0,'',1283444096,'Sensis [Crawler]','sensis [crawler]','',1283444096,0,'',0,'',0,1283444096,0,'','',0,0,0,0,0,0,0,'fr','0.00',0,'D j M Y H:i',2,0,'9E8DA7',0,0,0,0,-3,0,0,'t','d',0,'t','a',0,1,0,1,1,1,0,230271,'',0,0,0,'','','','','','','','','','','','','','','cc9f6b5413965d39',0,0,0),(35,2,6,'',0,'',1283444096,'SEO Crawler','seo crawler','',1283444096,0,'',0,'',0,1283444096,0,'','',0,0,0,0,0,0,0,'fr','0.00',0,'D j M Y H:i',2,0,'9E8DA7',0,0,0,0,-3,0,0,'t','d',0,'t','a',0,1,0,1,1,1,0,230271,'',0,0,0,'','','','','','','','','','','','','','','adbc76c78d9e7408',0,0,0),(36,2,6,'',0,'',1283444096,'Seoma [Crawler]','seoma [crawler]','',1283444096,0,'',0,'',0,1283444096,0,'','',0,0,0,0,0,0,0,'fr','0.00',0,'D j M Y H:i',2,0,'9E8DA7',0,0,0,0,-3,0,0,'t','d',0,'t','a',0,1,0,1,1,1,0,230271,'',0,0,0,'','','','','','','','','','','','','','','24125f08bb56aec8',0,0,0),(37,2,6,'',0,'',1283444096,'SEOSearch [Crawler]','seosearch [crawler]','',1283444096,0,'',0,'',0,1283444096,0,'','',0,0,0,0,0,0,0,'fr','0.00',0,'D j M Y H:i',2,0,'9E8DA7',0,0,0,0,-3,0,0,'t','d',0,'t','a',0,1,0,1,1,1,0,230271,'',0,0,0,'','','','','','','','','','','','','','','560cf0f1053bd48a',0,0,0),(38,2,6,'',0,'',1283444096,'Snappy [Bot]','snappy [bot]','',1283444096,0,'',0,'',0,1283444096,0,'','',0,0,0,0,0,0,0,'fr','0.00',0,'D j M Y H:i',2,0,'9E8DA7',0,0,0,0,-3,0,0,'t','d',0,'t','a',0,1,0,1,1,1,0,230271,'',0,0,0,'','','','','','','','','','','','','','','00b649dc5f03646c',0,0,0),(39,2,6,'',0,'',1283444096,'Steeler [Crawler]','steeler [crawler]','',1283444096,0,'',0,'',0,1283444096,0,'','',0,0,0,0,0,0,0,'fr','0.00',0,'D j M Y H:i',2,0,'9E8DA7',0,0,0,0,-3,0,0,'t','d',0,'t','a',0,1,0,1,1,1,0,230271,'',0,0,0,'','','','','','','','','','','','','','','b0c3ac947212d39b',0,0,0),(40,2,6,'',0,'',1283444096,'Synoo [Bot]','synoo [bot]','',1283444096,0,'',0,'',0,1283444096,0,'','',0,0,0,0,0,0,0,'fr','0.00',0,'D j M Y H:i',2,0,'9E8DA7',0,0,0,0,-3,0,0,'t','d',0,'t','a',0,1,0,1,1,1,0,230271,'',0,0,0,'','','','','','','','','','','','','','','fd4f1c52cde33525',0,0,0),(41,2,6,'',0,'',1283444096,'Telekom [Bot]','telekom [bot]','',1283444096,0,'',0,'',0,1283444096,0,'','',0,0,0,0,0,0,0,'fr','0.00',0,'D j M Y H:i',2,0,'9E8DA7',0,0,0,0,-3,0,0,'t','d',0,'t','a',0,1,0,1,1,1,0,230271,'',0,0,0,'','','','','','','','','','','','','','','c40f4731ff0e9d75',0,0,0),(42,2,6,'',0,'',1283444096,'TurnitinBot [Bot]','turnitinbot [bot]','',1283444096,0,'',0,'',0,1283444096,0,'','',0,0,0,0,0,0,0,'fr','0.00',0,'D j M Y H:i',2,0,'9E8DA7',0,0,0,0,-3,0,0,'t','d',0,'t','a',0,1,0,1,1,1,0,230271,'',0,0,0,'','','','','','','','','','','','','','','53695647b100beab',0,0,0),(43,2,6,'',0,'',1283444096,'Voyager [Bot]','voyager [bot]','',1283444096,0,'',0,'',0,1283444096,0,'','',0,0,0,0,0,0,0,'fr','0.00',0,'D j M Y H:i',2,0,'9E8DA7',0,0,0,0,-3,0,0,'t','d',0,'t','a',0,1,0,1,1,1,0,230271,'',0,0,0,'','','','','','','','','','','','','','','5e4ce6425a55611c',0,0,0),(44,2,6,'',0,'',1283444096,'W3 [Sitesearch]','w3 [sitesearch]','',1283444096,0,'',0,'',0,1283444096,0,'','',0,0,0,0,0,0,0,'fr','0.00',0,'D j M Y H:i',2,0,'9E8DA7',0,0,0,0,-3,0,0,'t','d',0,'t','a',0,1,0,1,1,1,0,230271,'',0,0,0,'','','','','','','','','','','','','','','9515461385516de2',0,0,0),(45,2,6,'',0,'',1283444096,'W3C [Linkcheck]','w3c [linkcheck]','',1283444096,0,'',0,'',0,1283444096,0,'','',0,0,0,0,0,0,0,'fr','0.00',0,'D j M Y H:i',2,0,'9E8DA7',0,0,0,0,-3,0,0,'t','d',0,'t','a',0,1,0,1,1,1,0,230271,'',0,0,0,'','','','','','','','','','','','','','','ea581747e8f42666',0,0,0),(46,2,6,'',0,'',1283444096,'W3C [Validator]','w3c [validator]','',1283444096,0,'',0,'',0,1283444096,0,'','',0,0,0,0,0,0,0,'fr','0.00',0,'D j M Y H:i',2,0,'9E8DA7',0,0,0,0,-3,0,0,'t','d',0,'t','a',0,1,0,1,1,1,0,230271,'',0,0,0,'','','','','','','','','','','','','','','1ca8a7016db4d4f3',0,0,0),(47,2,6,'',0,'',1283444096,'WiseNut [Bot]','wisenut [bot]','',1283444096,0,'',0,'',0,1283444096,0,'','',0,0,0,0,0,0,0,'fr','0.00',0,'D j M Y H:i',2,0,'9E8DA7',0,0,0,0,-3,0,0,'t','d',0,'t','a',0,1,0,1,1,1,0,230271,'',0,0,0,'','','','','','','','','','','','','','','cb72df001538b81c',0,0,0),(48,2,6,'',0,'',1283444096,'YaCy [Bot]','yacy [bot]','',1283444096,0,'',0,'',0,1283444096,0,'','',0,0,0,0,0,0,0,'fr','0.00',0,'D j M Y H:i',2,0,'9E8DA7',0,0,0,0,-3,0,0,'t','d',0,'t','a',0,1,0,1,1,1,0,230271,'',0,0,0,'','','','','','','','','','','','','','','56c2b81972d1a089',0,0,0),(49,2,6,'',0,'',1283444096,'Yahoo MMCrawler [Bot]','yahoo mmcrawler [bot]','',1283444096,0,'',0,'',0,1283444096,0,'','',0,0,0,0,0,0,0,'fr','0.00',0,'D j M Y H:i',2,0,'9E8DA7',0,0,0,0,-3,0,0,'t','d',0,'t','a',0,1,0,1,1,1,0,230271,'',0,0,0,'','','','','','','','','','','','','','','fa37ac1d1900e24e',0,0,0),(50,2,6,'',0,'',1283444096,'Yahoo Slurp [Bot]','yahoo slurp [bot]','',1283444096,0,'',0,'',0,1283444096,0,'','',0,0,0,0,0,0,0,'fr','0.00',0,'D j M Y H:i',2,0,'9E8DA7',0,0,0,0,-3,0,0,'t','d',0,'t','a',0,1,0,1,1,1,0,230271,'',0,0,0,'','','','','','','','','','','','','','','0d2ddbf6ce80f31c',0,0,0),(51,2,6,'',0,'',1283444096,'Yahoo [Bot]','yahoo [bot]','',1283444096,0,'',0,'',1568454288,1283444096,0,'index.php','',0,0,0,0,0,0,0,'fr','0.00',0,'D j M Y H:i',2,0,'9E8DA7',0,0,0,0,-3,0,0,'t','d',0,'t','a',0,1,0,1,1,1,0,230271,'',0,0,0,'','','','','','','','','','','','','','','258403dd03db4655',0,0,0),(52,2,6,'',0,'',1283444096,'YahooSeeker [Bot]','yahooseeker [bot]','',1283444096,0,'',0,'',0,1283444096,0,'','',0,0,0,0,0,0,0,'fr','0.00',0,'D j M Y H:i',2,0,'9E8DA7',0,0,0,0,-3,0,0,'t','d',0,'t','a',0,1,0,1,1,1,0,230271,'',0,0,0,'','','','','','','','','','','','','','','b9d922f356d02218',0,0,0),(53,0,2,'',0,'10.1.69.1',1283444840,'krokos','krokos','$H$9eFq31J9TbtF9RGoBAc5kmLRyQInTJ0',1283445244,0,'fabien.krokos@bruaysis.fr',70816466725,'',1299516518,1283444840,1283446603,'index.php','',0,0,0,3,0,0,0,'fr','0.00',1,'D j M Y H:i',2,0,'',0,0,0,0,-3,1299516513,0,'t','d',0,'t','a',0,1,0,1,1,1,1,230271,'',0,0,0,'','','','','','','','','','','','','R332LBFSJK','$H$9PgcuJoMpZaQlPA9.1EaupmKYg1ut6.','b05b2ad3b011e748',0,0,0),(55,0,7,'',0,'10.1.69.1',1283446872,'mayeur','mayeur','$H$9mJbftFUqEXqnB0XQj7Dv3LYU9FDQr1',1283446872,0,'pierre.mayeur@bruaysis.fr',428773047925,'',1283447043,1283446872,1283446906,'','',0,0,0,0,0,0,0,'fr','0.00',1,'D j M Y H:i',2,0,'',0,0,0,0,-3,0,0,'t','d',0,'t','a',0,1,0,1,1,1,1,230271,'',0,0,0,'','','','','','','','','','','','','','','eab6cb661f5db5e6',1,0,0),(54,0,2,'',0,'10.1.69.1',1283446303,'denizart','denizart','$H$9edk1oVJJk1n8nwr/5YcxBSjiDzp8y.',1285942935,0,'e.denizart@bruaylabuissiere.fr',380321421630,'',1286435981,1283446303,1286195230,'viewforum.php?f=3&start=0','',1286195691,0,0,4,0,0,0,'fr','0.00',1,'D j M Y H:i',2,0,'',0,0,1285943059,0,-3,0,0,'t','d',0,'t','a',0,1,0,1,1,1,1,230271,'',0,0,0,'','','','','','','','','','','','','','','4cd6763f52b5e7cb',0,0,0),(56,3,2,'zik0zjzik0zjzik0xs\n\n\nzik0zi000000\nzik0zi000000\n\nzik0zi000000\nzik0zi000000\nzik0zi000000\nzik0zi000000\n\nzik0zi000000\nzik0zi000000\n\nzik0zi000000\nzik0zi000000\n\nzik0zi000000\nzik0zi000000\nzik0zi000000\nzik0zi000000\n\nzik0zi000000\n\n\n\n\nzik0zi000000\nzik0zi000000\nzik0zi000000\n\n\nzik0zi000000',0,'10.1.1.1',1286289170,'Patrick','patrick','$H$9CqgSvTt23MiXWs1o88/1Yr9xicaLx/',0,0,'ptourtoy@trucmuche.com',288437341222,'',1548483504,1381687561,1507193813,'adm/index.php?i=users&u=815','',1492521096,0,0,0,0,0,110,'fr','1.00',1,'D j M Y H:i',2,0,'',0,0,1362756126,0,-3,1381335747,0,'t','d',0,'t','a',0,1,0,1,1,1,1,230271,'',0,0,0,'','','','','','','','','','','','','','','211551bcd7b6d86c',0,0,0),(1615,1,2,'',0,'159.89.18.85',1602079093,'jamesalexa689','jamesalexa689','$H$9iG51YcULlXQWTdy.DMCTWoqSdeuNJ.',1602079093,0,'jamesalexa689@gmail.com',58555629923,'',0,1602079093,0,'','',0,0,0,1,1,1602079093,0,'fr','1.00',1,'D j M Y H:i',2,0,'',0,0,0,0,-3,0,0,'t','d',0,'t','a',0,1,0,1,1,1,1,230271,'',0,0,0,'','','','','','','','','','','','','4XNLX1FZ55','','29ee7ec60ca9d2f8',0,0,0),(1580,0,2,'00000000006hv29nwg\n\n\ni1cjyo000000\nqlc4pi000000\n\n000000000000\nqlc4pi000000\ni1cjyo000000\ni1cjyo000000\n\nqlc4pi000000\nqlc4pi000000\n\nqlc4pi000000\nqlc4pi000000\n\nqlc4pi000000\nqlc4pi000000\nqlc4pi000000\n\n\n\n\n\n\n\nqlc4pi000000\nqlc4pi000000\nqlc4pi000000\n\n\nqlc4pi000000',0,'80.12.34.146',1508077460,'LHOMEAUD','lhomeaud','$H$92tmqBlUxtpGiSFEC6gRacaq56dTfB0',1508077460,0,'denise.moreau62@neuf.fr',404530059223,' 0- 0-   0',1516807527,1508077460,0,'memberlist.php?mode=viewprofile&u=1460','',0,0,0,0,0,0,0,'fr','1.00',1,'D j M Y H:i',2,0,'',0,0,0,0,-3,0,0,'t','d',0,'t','a',0,1,0,1,1,1,1,230271,'',0,0,0,'','','','','','','','','','','','','3DBMGI8JAK','','261bdd804d5b5637',0,0,0),(1345,0,7,'',0,'2.5.65.157',1389114180,'Paulette','paulette','$H$9EVLR9lG/vADSg/Z7YLAgQ1lPJNx8B/',1389114181,0,'alain62.cousin@sfr.fr',428072962221,' 0- 0-   0',1489036767,1389114181,0,'viewtopic.php?f=9&t=3466','',0,0,0,3,0,0,0,'fr','1.00',0,'D j M Y H:i',2,0,'',0,0,0,0,-3,0,0,'t','d',0,'t','a',0,1,0,1,1,1,1,230271,'',0,0,0,'','','','','','','','','','','','','1R9EEXTXLV','','2ba7496303e701fa',1,0,0),(151,0,7,'',0,'88.183.156.44',1300827966,'marie-thérèse LEGRU','marie-thérèse legru','$H$9wJPgkoYpcqEUtfn2/ym5HDJT589Wj0',1300827966,0,'therese.legru@free.fr',64470434421,'',1382457837,1300827966,1382457818,'viewtopic.php?f=18&t=2155','',0,0,0,0,0,0,0,'fr','1.00',0,'D j M Y H:i',2,0,'',0,0,0,0,-3,0,0,'t','d',0,'t','a',0,1,0,1,1,1,1,230271,'',0,0,0,'','','','','','','','','','','','','','','dd1e4ef3ab61ecae',1,0,0),(135,0,2,'',0,'90.58.148.216',1295868919,'TIPRET','tipret','$H$9Ao6V1lPsHoSeWNyvWzUeJ8l9R.JpY1',1295868919,0,'sergetipret@orange.fr',51830882721,'',1298734849,1295868919,1297275785,'search.php','',1296293250,0,0,0,0,0,0,'fr','1.00',0,'D j M Y H:i',2,0,'',0,0,0,0,-3,0,0,'t','d',0,'t','a',0,1,0,1,1,1,1,230271,'',0,0,0,'','','','','','','','','','','','','4D3PPGNWVI','','308fb1c599d229bb',0,0,0),(815,0,2,'',0,'2.5.155.208',1381393370,'ValetDeCarreau','valetdecarreau','$H$9v3IeyhRAT5EAo9Ju7KR5Kp0CmPoqn0',1461234758,0,'valetdecarreau@free.fr',197252534022,'',1461851649,1381393370,1461853948,'viewtopic.php?f=5&t=3185','',1461851153,0,0,0,0,0,0,'fr','1.00',1,'D j M Y H:i',2,0,'',0,0,0,0,-3,0,0,'t','d',0,'t','a',0,1,0,1,1,1,1,230271,'815_1381397850.jpg',1,100,145,'','','','','','','','','','','','','4ZJ9GZZUXQ','','31b99d73a1b3053b',0,0,0),(136,0,7,'',0,'10.1.0.11',1295946477,'julie','julie','$H$99KKBq9fAnWdz4tYg8PoruUg9Bu2ft1',1295946477,0,'jeannine.cuignet@orange.fr',32777630026,'',1297095567,1295946477,1295948900,'viewtopic.php?t=25','',0,0,0,0,0,0,0,'fr','1.00',0,'D j M Y H:i',2,0,'',0,0,0,0,-3,0,0,'t','d',0,'t','a',0,1,0,1,1,1,1,230271,'',0,0,0,'','','','','','','','','','','','','2DYYFBG5SN','','066a465736fd8db0',1,0,0),(138,0,7,'',0,'10.1.0.11',1295946491,'françois 09','françois 09','$H$9gVWNx.r9d7Vx.x3eBLZ93WQhN4XET1',1295947517,0,'fschulz@orange.fr',385709703217,'',1297611781,1295946491,1296551242,'index.php','',1295949972,0,0,0,0,0,0,'fr','1.00',0,'D j M Y H:i',2,0,'',0,0,0,0,-3,0,0,'t','d',0,'t','a',0,1,0,1,1,1,1,230271,'',0,0,0,'','','','','','','','','','','','','UG4NOY4CMB','','68d27d8207fd4bc2',1,0,0),(139,0,2,'',0,'10.1.170.50',1295946497,'therese','therese','$H$9qyte7ZCtkWvUfnWKgxXP5.PUHk5Fx/',1295946498,0,'lucasbraquehais@orange.fr',28523364825,'',1329324892,1295946498,1301594873,'viewtopic.php?f=14&t=305','',1306421573,0,0,3,0,0,0,'fr','1.00',0,'D j M Y H:i',2,0,'',0,0,0,0,-3,0,0,'t','d',0,'t','a',0,1,0,1,1,1,1,230271,'',0,0,0,'','','','','','','','','','','','','1SLIPLN8WI','','d76aa8f0056aa78c',0,0,0),(140,0,7,'',0,'10.1.0.11',1295946640,'girardin','girardin','$H$9yxTCmfY7Ntr9.UB0PGiml653iVBNR0',1295946640,0,'patrice.girardin@numericable.fr',74036797831,'',1486450586,1295946640,1297611287,'posting.php?mode=post&f=19','255W4ZH81I',1299783344,0,0,0,0,0,0,'fr','1.00',0,'D j M Y H:i',2,0,'',0,0,0,0,-3,0,0,'t','d',0,'t','a',0,1,0,1,1,1,1,230271,'',0,0,0,'','','','','','','','','','','','','1NV3PA5ED5','','cfc793fa2a24bca9',1,0,0),(141,0,7,'',0,'10.1.0.11',1295946645,'benny','benny','$H$9QS7RtoNjhu7I1LUxr7s3lzpekt/6i0',1295946645,0,'bernadette.kryszewski@numericable.fr',319879127436,'',1298464444,1295946645,1296549693,'index.php','',1295949136,0,0,0,0,0,0,'fr','1.00',0,'D j M Y H:i',2,0,'',0,0,0,0,-3,0,0,'t','d',0,'t','a',0,1,0,1,1,1,1,230271,'',0,0,0,'','','','','','','','','','','','','2BIA6S6HKS','','a115a7742c55acd0',1,0,0),(82,3,2,'zik0zjzik0zjzik0xs\n\n\nzik0zi000000\nzik0zi000000\n\nzik0zi000000\nzik0zi000000\nzik0zi000000\nzik0zi000000\n\nzik0zi000000\nzik0zi000000\n\nzik0zi000000\nzik0zi000000\n\nzik0zi000000\nzik0zi000000\nzik0zi000000\nzik0zi000000\n\nzik0zi000000\n\n\n\n\nzik0zi000000\nzik0zi000000\nzik0zi000000\n\n\nzik0zi000000',0,'78.241.244.168',1289939238,'annickd','annickd','$H$9STVD/jNMjqcyf6g1upNPiNXURQ.ab.',1289939238,0,'adjointebruay@gmail.com',11399372223,'',1594119243,1296633416,1547386388,'viewforum.php?f=14','',1506780112,0,0,0,0,0,206,'fr','1.00',0,'D j M Y H:i',2,1,'',0,0,1364803339,0,-3,1508080075,0,'t','d',0,'t','a',0,1,0,1,1,1,1,230271,'',0,0,0,'','','','','','','','','','','','','','','501cb0f2f59724c9',0,0,0),(303,0,7,'',0,'86.198.155.23',1346422861,'mielot bernadette','mielot bernadette','$H$9IEvSCyHVPynQctPIvhFdzdHsUxQAn0',1346422861,0,'mielotjl@gmail.com',197761848918,'',1349681192,1346422861,1349680941,'viewtopic.php?f=18&t=1289&p=2297','',0,0,0,0,0,0,0,'fr','0.00',1,'D j M Y H:i',2,0,'',0,0,0,0,-3,0,0,'t','d',0,'t','a',0,1,0,1,1,1,1,230271,'',0,0,0,'','','','','','','','','','','','','','','ed7428d56130fec6',1,0,0),(142,0,2,'',0,'10.1.0.11',1295947035,'CAROLE','carole','$H$94vPdlHuW1zpmJbqoM4VbcP5vTKl5O.',1295947613,0,'francoiseluksa@gmail.com',74485707024,'',1304429750,1295947035,1297267555,'memberlist.php?mode=viewprofile&u=126','',1297875669,0,0,0,0,0,0,'fr','1.00',0,'D j M Y H:i',2,0,'',0,0,0,0,-3,0,0,'t','d',0,'t','a',0,1,0,1,1,1,1,230271,'',0,0,0,'','','','','','','','','','','','','3QVARO8L11','','a9573d2ed7483020',0,0,0),(302,0,7,'',0,'81.220.240.185',1344236141,'vin noelle','vin noelle','$H$9sbVtoDrXEQ3asTPmhESF5b0DHIDar.',1344236141,0,'bvnv.hdnpc@numericable.fr',238464917725,'',1493532902,1344236141,1493532845,'viewtopic.php?f=29&t=3513','',1381578860,0,0,0,0,0,1,'fr','0.00',1,'D j M Y H:i',2,0,'',0,0,0,0,-3,0,0,'t','d',0,'t','a',0,1,0,1,1,1,1,230271,'',0,0,0,'','','','','','','','','','','','','4EAXYJA17I','','2a7e0db429644f36',1,0,0),(80,0,7,'',0,'10.1.11.22',1289316270,'webmaster','webmaster','$H$9r4uYy2sNnP0nLeuTyWKMvC3/kpd87.',1289316270,0,'j.geneau@bruaylabuissiere.fr',40495109028,'',1290768205,1289316270,0,'memberlist.php?mode=email&u=82','',0,0,0,0,0,0,0,'fr','1.00',0,'D j M Y H:i',2,0,'',0,0,0,0,-3,1290075409,0,'t','d',0,'t','a',0,1,0,1,1,1,1,230271,'',0,0,0,'','','','','','','','','','','','','','','8d03659b4f469f1f',1,0,0),(827,0,7,'',0,'31.37.72.236',1382111855,'Bernard/Marie-France','bernard/marie-france','$H$9rB/nEmxOYGw58uWaLpVhSu4zK8hK0/',1382111855,0,'bernard.colbaut@orange.fr',307436253125,' 0- 0-   0',0,1382111855,0,'','',0,0,0,0,0,0,0,'fr','0.00',1,'D j M Y H:i',2,0,'',0,0,0,0,-3,0,0,'t','d',0,'t','a',0,1,0,1,1,1,1,230271,'',0,0,0,'','','','','','','','','','','','','2LMETO5QHQ','','7893eb3940cb6286',1,0,0),(71,0,7,'',0,'89.158.133.220',1286886752,'r.guyot','r.guyot','$H$9tlotJQYtnLJDNd1myjTti0g5.2rQV.',1286886752,0,'g.guyot138@laposte.net',348439219722,'',1295619238,1286886752,0,'viewtopic.php?f=14&t=55','',0,0,0,0,0,0,0,'fr','0.00',1,'D j M Y H:i',2,0,'',0,0,0,0,-3,1286888004,0,'t','d',0,'t','a',0,1,0,1,1,1,1,230271,'',0,0,0,'','','','','','','','','','','','','','','41f02a8c47d0526a',1,0,0),(72,0,2,'',0,'10.1.0.11',1286888949,'amdutherage','amdutherage','$H$9e9iLwmVmgEYX4rG7gZgvnX6SPzfU6.',1286888949,0,'am.dutherage@gmail.com',207330771222,'',1402309405,1383912933,1399810385,'viewtopic.php?f=29&t=2598','',1315842823,0,0,4,0,0,0,'fr','0.00',1,'D j M Y H:i',2,0,'',0,0,0,0,-3,1297348645,0,'t','d',0,'t','a',0,1,0,1,1,1,1,230271,'',0,0,0,'','','','','','','','','','','','','4XFEBEHAT2','$H$9YTpWUpiMEgCKoMh6lO6NpY8TSxBO./','8339387dac1337d1',0,0,0),(78,0,7,'',0,'88.183.158.11',1288083513,'Bernard','bernard','$H$9xo4FrLsEv7AcnjBAIOvxcJT/HAH/w0',1288083513,0,'bernardwinnicki@free.fr',211850578923,'',1403806252,1288083513,0,'viewforum.php','',1403123005,0,0,0,0,0,0,'fr','0.00',1,'D j M Y H:i',2,0,'',0,0,0,0,-3,1403121293,0,'t','d',0,'t','a',0,1,0,1,1,1,1,230271,'',0,0,0,'','','','','','','','','','','','','','','b8f81ec79e65fac7',1,0,0),(836,0,7,'',0,'81.65.49.226',1382368103,'BOUCHART Alain','bouchart alain','$H$9Crc7o5wMbEX6a840D6UPs9NJHcC3h1',1382368103,0,'bouchart.alain@numericable.fr',18849593829,'',1389623326,1382368103,0,'viewtopic.php?f=29&t=2423','',0,0,0,0,0,0,0,'fr','0.00',1,'D j M Y H:i',2,0,'',0,0,0,0,-3,0,0,'t','d',0,'t','a',0,1,0,1,0,1,1,230271,'',0,0,0,'','','','','','','','','','','','','14PPQK4KLG','','6e91c8691eada6df',1,0,0),(818,0,7,'',0,'2.5.155.208',1381397018,'DameDeCoeur','damedecoeur','$H$98NP.XwuUhKfIF3joJi4HdR5TPHjso.',1381397018,0,'damedecoeur@free.fr',350694617019,'',1382085546,1381397018,1381481715,'viewtopic.php?f=29&t=2190','',0,0,0,0,0,0,0,'fr','1.00',1,'D j M Y H:i',2,0,'',0,0,0,0,-3,0,0,'t','d',0,'t','a',0,1,0,1,1,1,1,230271,'818_1381397743.jpg',1,100,145,'','','','','','','','','','','','','HBN5IPHV5I','','83f1b8ff6c7f8ba4',1,0,0),(77,0,7,'',0,'88.183.156.247',1287589690,'michou','michou','$H$9OKj1.OxWJ.XDsrdZrd.j09PFxzbu3.',1316768135,0,'michou.louchart62@hotmail.fr',255108863428,'',1452436447,1287589690,0,'viewforum.php?f=9','',1414934439,0,0,0,0,0,0,'fr','0.00',1,'D j M Y H:i',2,0,'',0,0,0,0,-3,0,0,'t','d',0,'t','a',0,1,0,1,1,1,1,230271,'',0,0,0,'','','','','','','','','','','','','','','59c60a02ec0a5640',1,0,0),(76,0,7,'',0,'90.1.34.211',1287546990,'jacqueline','jacqueline','$H$9DybCkMQcG61eeupXtjWVf8bJUI3RW1',1287546990,0,'jacqueline.fernandes0441@orange.fr',416413136534,'',1340892572,1287546990,0,'viewforum.php?f=3','',0,0,0,0,0,0,0,'fr','1.00',1,'D j M Y H:i',2,0,'',0,0,0,0,-3,0,0,'t','d',0,'t','a',0,1,0,1,1,1,1,230271,'',0,0,0,'','','','','','','','','','','','','','','046f95a246f0285a',1,0,0),(83,0,7,'',0,'81.65.39.75',1290695005,'lukowiak.z','lukowiak.z','$H$98jEyeYfmWEQBxXlF/o/iK05jCIYwO0',1290695005,0,'z.lukowiak@laposte.net',254033220722,'',1297180089,1290695005,0,'viewtopic.php?f=14&t=86','',1291901565,0,0,0,0,0,0,'fr','1.00',0,'D j M Y H:i',2,0,'',0,0,0,0,-3,0,0,'t','d',0,'t','a',0,1,0,1,1,1,1,230271,'',0,0,0,'','','','','','','','','','','','','','','09bbb5ff83922d14',1,0,0),(156,0,7,'',0,'81.65.38.88',1301900514,'jonvilleannie','jonvilleannie','$H$9sNkMBMl9c1xiLGsvIGbMsrO.wNHYP0',1301900514,0,'jonvilleannie@numericable.fr',206413549628,'',1303845846,1301900514,0,'index.php','561AEZSVIV',0,0,0,0,0,0,0,'fr','0.00',1,'D j M Y H:i',2,0,'',0,0,0,0,-3,0,0,'t','d',0,'t','a',0,1,0,1,1,1,1,230271,'',0,0,0,'','','','','','','','','','','','','','','c83b9bf31d1107ad',1,0,0),(307,0,7,'',0,'109.14.105.16',1347386597,'coquelicot1947H','coquelicot1947h','$H$9JBRKw8Otb3fdht3XPUOsIKw043gTe/',1347386597,0,'marie.devienne@sfr.fr',133458762321,'',1351943272,1347386597,0,'memberlist.php?mode=viewprofile&u=2','',0,0,0,4,0,0,0,'fr','0.00',1,'D j M Y H:i',2,0,'',0,0,0,0,-3,0,0,'t','d',0,'t','a',0,1,0,1,1,1,1,230271,'',0,0,0,'','','','','','','','','','','','','3OCTF8DYN6','$H$9oMaEjgvkf66.R70BHf7DJasPJFxbk.','d824fcd05a16f56d',1,0,0),(1463,0,2,'',0,'10.1.0.11',1460127194,'hanquez','hanquez','$H$9rDB3yWokWRJ4RrbLzSWYj5wLLBJcr.',1460127194,0,'hanquezfm@sfr.fr',328993881816,' 0- 0-   0',1511417240,1460127194,1507719558,'memberlist.php?mode=viewprofile&u=1576','',1486448213,0,0,0,0,0,25,'fr','0.00',1,'D j M Y H:i',2,0,'',0,0,0,0,-3,0,0,'t','d',0,'t','a',0,1,0,1,1,1,1,230271,'',0,0,0,'','','','','','','','','','','','','784ZU939LP','','a593e12a3ca2e88b',0,0,0),(157,0,7,'',0,'93.24.50.140',1302068297,'LE GUENNEC 2011','le guennec 2011','$H$9vtxUWtuOHCNe9Aa4wg166zvBCbKq8.',1302068297,0,'lague5662@sfr.fr',189076818516,'',0,1302068297,0,'','',0,0,0,12,0,0,0,'fr','0.00',1,'D j M Y H:i',2,0,'',0,0,0,0,-3,0,0,'t','d',0,'t','a',0,1,0,1,1,1,1,230271,'',0,0,0,'','','','','','','','','','','','','237PCFSWL7','','90b25bd292d6b181',1,0,0),(159,0,7,'',0,'2.5.163.6',1303146320,'Senior Bruay','senior bruay','$H$9qg62vfwFvF8bnkHAtGYDEqHnAzJLd.',1303146320,0,'senior.bruay@sinapsys.fr',343048455724,'',1303222441,1303146320,1303219891,'index.php','',0,0,0,0,0,0,0,'fr','0.00',1,'D j M Y H:i',2,0,'',0,0,0,0,-3,0,0,'t','d',0,'t','a',0,1,0,1,1,1,1,230271,'',0,0,0,'','','','','','','','','','','','','35Z9RCJOH5','','07d3d2e4e62a048c',1,0,0),(160,0,7,'00000000006hrqeiww\n\n\nqlc4pi000000\nqlc4pi000000\n\n000000000000\nqlc4pi000000\ni1cjyo000000\ni1cjyo000000\n\nqlc4pi000000\nqlc4pi000000\n\nqlc4pi000000\nqlc4pi000000\n\nqlc4pi000000\nqlc4pi000000\nqlc4pi000000\ni1cjyo000000\n\n000000000000\n\n\n\n\nqlc4pi000000\nqlc4pi000000\nqlc4pi000000\n\n\nqlc4pi000000',0,'81.66.78.28',1303389773,'Preux_Paladin','preux_paladin','$H$9yByfQSVdxmi3RdOFBvdq32gzHR5dt/',1303389773,0,'preux_paladin@hotmail.fr',116108255624,'',1519039417,1303389773,0,'index.php','',1462805608,0,0,0,0,0,0,'fr','0.00',1,'D j M Y H:i',2,0,'',0,0,0,0,-3,0,0,'t','d',0,'t','a',0,1,0,1,1,1,1,230271,'160_1304343119.gif',1,56,66,'','','','','','','','','','','','','1XKRW9HXMM','','604a101eddda430c',1,0,0),(161,0,7,'',0,'93.24.50.171',1305976903,'del1952','del1952','$H$9OyrprCMIFKCCcV/vgS7afUTvZYu8n.',1306238510,0,'delmich@live.fr',128849701715,'',1307693389,1305976903,0,'viewtopic.php?f=15&t=120','U2PTLDSVB8',0,0,0,0,0,0,0,'fr','0.00',1,'D j M Y H:i',2,0,'',0,0,0,0,-3,1307448419,0,'t','d',0,'t','a',0,1,0,1,1,1,1,230271,'',0,0,0,'','','','','','','','','','','','','1GC922KT3C','','77968c334f793d8f',1,0,0),(123,0,7,'',0,'81.66.79.242',1293470432,'demarthe','demarthe','$H$9FT0cRcskbvboC9HGjnSA/4dlyzGdv.',1293470432,0,'demarthe62@gmail.com',107385003820,'',1306240574,1293470432,0,'index.php','',1299685351,0,0,0,0,0,0,'fr','1.00',0,'D j M Y H:i',2,0,'',0,0,0,0,-3,0,0,'t','d',0,'t','a',0,1,0,1,1,1,1,230271,'',0,0,0,'','','','','','','','','','','','','2YYF3438HI','','5be0d3b7853f8247',1,0,0),(124,0,7,'',0,'90.34.115.183',1293472975,'kowalski mauricette','kowalski mauricette','$H$9DfVpu.V2NZ4eq2QaBlk9DJNWYouqy1',1293472975,0,'mamo62@wanadoo.fr',82539865717,'',1293660712,1293472975,0,'viewforum.php?f=9','',0,0,0,0,0,0,0,'fr','1.00',0,'D j M Y H:i',2,0,'',0,0,0,0,-3,0,0,'t','d',0,'t','a',0,1,0,1,1,1,1,230271,'',0,0,0,'','','','','','','','','','','','','','','ea4deaddc6002e4c',1,0,0),(817,0,2,'',0,'2.5.155.208',1381396935,'RoiDeCoeur','roidecoeur','$H$9fVIbSvOAMP7mVUDqwODv0DvWpHghS0',1381396935,0,'roidecoeur@free.fr',150651390718,'',1382085539,1381396935,1381481070,'viewtopic.php?f=29&t=2190','',0,0,0,0,0,0,0,'fr','1.00',1,'D j M Y H:i',2,0,'',0,0,0,0,-3,0,0,'t','d',0,'t','a',0,1,0,1,1,1,1,230271,'817_1381397722.jpg',1,100,145,'','','','','','','','','','','','','4G1VSZ3I1A','','f51c5615f2169320',0,0,0),(812,0,7,'',0,'2.5.155.208',1381393108,'ValetDeTrèfle','valetdetrèfle','$H$9kGQ5zOmunrjI10H/79kdEkPg/OIcv.',1381393108,0,'valetdetrefle@free.fr',132581277121,'',0,1381393108,0,'','',0,0,0,0,0,0,0,'fr','0.00',1,'D j M Y H:i',2,0,'',0,0,0,0,-3,0,0,'t','d',0,'t','a',0,1,0,1,1,1,1,230271,'812_1381396649.jpg',1,100,145,'','','','','','','','','','','','','533OY69E7B','','1ac22dc036d25ca0',1,0,0),(146,0,7,'',0,'10.1.0.11',1300113917,'Claudie','claudie','$H$9xkPgfGyfUKDA6w7Ngy7e4OksLh9S/1',1300113917,0,'acsaintpol@wanadoo.fr',298682630121,' 0- 0-   0',1358934310,1300113917,0,'index.php','',0,0,0,0,0,0,0,'fr','1.00',0,'D j M Y H:i',2,0,'',0,0,0,0,-3,0,0,'t','d',0,'t','a',0,1,0,1,1,1,1,230271,'',0,0,0,'','','','','','','','','','','','','HARHBHPRSH','','4d06046b2c39847e',1,0,0),(127,0,2,'',0,'88.169.40.181',1294247929,'senior62','senior62','$H$9ujxTAhEW3p0LCO3kNfpd8eOleiEQo/',1294247929,0,'irene.przendzik@orange.fr',115238366825,'',1332299923,1294247929,1321673860,'search.php?author_id=133&sr=posts','NVQQWYHMD2',1332299923,0,0,0,0,0,0,'fr','1.00',0,'D j M Y H:i',2,0,'',0,0,0,0,-3,1296143647,0,'t','d',0,'t','a',0,1,0,1,1,1,1,230271,'',0,0,0,'','','','','','','','','','','','','2KN9R2BL7S','','5f231d9b944869d4',0,0,0),(262,0,7,'',0,'92.155.143.70',1333276990,'DOMINIQUE','dominique','$H$9ydjCMT8YwnpthABlP1yu7zaHYFJK61',1333276990,0,'dominique.deldem00@orange.fr',213561836028,'',1404062938,1333276990,0,'ucp.php?mode=login','',0,0,0,4,0,0,0,'fr','0.00',1,'D j M Y H:i',2,0,'',0,0,0,0,-3,0,0,'t','d',0,'t','a',0,1,0,1,1,1,1,230271,'',0,0,0,'','','','','','','','','','','','','2TQNAYVCFY','$H$9mWUPXe7XiNnpkpV51JXUu.iCmJzrQ.','24188cdc3bb90ce6',1,0,0),(1464,0,7,'',0,'80.12.42.86',1460791296,'Nicky62','nicky62','$H$9ECgAMUU2V11CfoeDTMkrLrvHMTOfL1',1460791296,0,'fay.nicole@orange.fr',339979899820,' 0- 0-   0',1473848470,1460791296,1473785560,'posting.php?mode=reply&f=29&t=3359','',1473524998,0,0,0,0,0,4,'fr','0.00',1,'D j M Y H:i',2,0,'',0,0,0,0,-3,0,0,'t','d',0,'t','a',0,1,0,1,1,1,1,230271,'',0,0,0,'','','','','','','','','','','','','4A2Y6YQJHD','','2ff910a1a05442a2',0,0,0),(1396,0,7,'',0,'84.98.150.12',1398085947,'seskomonique','seskomonique','$H$9aXUZB29mZBnNue3QOH9SapLj25dEM0',1398085947,0,'taupin62700@gmail.com',107315841721,'',1406382198,1398085947,0,'ucp.php?mode=login','',0,0,0,0,0,0,0,'fr','1.00',1,'D j M Y H:i',2,0,'',0,0,0,0,-3,0,0,'t','d',0,'t','a',0,1,0,1,1,1,1,230271,'',0,0,0,'','','','','','','','','','','','','4MTM7EKHQE','','31b91423824bf67f',1,0,0),(299,0,7,'',0,'109.12.89.34',1340993194,'jakeline','jakeline','$H$9GZTjUNLYA5x7hL6KBigx/galZT1j11',1340993194,0,'jacqueline.tarchala@sfr.fr',250494173826,'',1344427444,1340993194,0,'index.php','',0,0,0,0,0,0,0,'fr','0.00',1,'D j M Y H:i',2,0,'',0,0,0,0,-3,0,0,'t','d',0,'t','a',0,1,0,1,1,1,1,230271,'',0,0,0,'','','','','','','','','','','','','1HNGJK5RFN','','cf6d21639a6dba7a',1,0,0),(129,0,2,'00000000006hv29nwg\n\n\nqlc4pi000000\nqlc4pi000000\n\n000000000000\nqlc4pi000000\ni1cjyo000000\ni1cjyo000000\n\nqlc4pi000000\nqlc4pi000000\n\nqlc4pi000000\nqlc4pi000000\n\nqlc4pi000000\nqlc4pi000000\nqlc4pi000000\ni1cjyo000000\n\n000000000000\n\n\n\n\nqlc4pi000000\nqlc4pi000000\nqlc4pi000000\n\n\nqlc4pi000000',0,'93.14.244.17',1294674691,'janine','janine','$H$9jDfoayIUMgXj3u/Mro01VA58DOvMi0',1294674691,0,'janine.bashti@sfr.fr',406632567020,'',1535551173,1294674691,1399823879,'viewforum.php?f=9','',1515082330,0,0,0,0,0,1,'fr','1.00',0,'D j M Y H:i',2,0,'',0,0,0,0,-3,1322679019,0,'t','d',0,'t','a',0,1,0,1,1,1,1,230271,'129_1305399749.jpg',1,96,96,'','','','','','','','','','','','','38WW7JUUWS','','3ff789d16e60fc26',0,0,0),(143,0,2,'00000000006hv29nwg\n\n\nqlc4pi000000\nqlc4pi000000\n\n000000000000\nqlc4pi000000\ni1cjyo000000\ni1cjyo000000\n\nqlc4pi000000\nqlc4pi000000\n\nqlc4pi000000\nqlc4pi000000\n\nqlc4pi000000\nqlc4pi000000\nqlc4pi000000\ni1cjyo000000\n\n000000000000\n\n\n\n\nqlc4pi000000\nqlc4pi000000\nqlc4pi000000\n\n\nqlc4pi000000',0,'10.1.0.11',1297176553,'retraite','retraite','$H$9f4CKu2gPZH2W4.jSp0sUVChWzs3af0',1297176553,0,'mario.contu@orange.fr',403374840821,'',1614964486,1297176553,1481746650,'index.php','',1614964000,0,0,0,0,0,3,'fr','1.00',0,'D j M Y H:i',2,0,'',0,0,0,0,-3,1392050849,0,'t','d',0,'t','a',0,1,0,1,1,1,1,230271,'',0,0,0,'','','','','','','','','','','','','5367QSI6VC','$H$9cd2Q0uNL1jK4eyCSlCbbpGAA3feow.','86f60c8c0b14b8c0',0,0,0),(1486,0,2,'',0,'10.1.1.201',1461848217,'maite','maite','$H$92QfzeBMs/jRvxdFrmoz5tDSPyCqR.1',1461848217,0,'maite.descamps@orange.fr',48216352724,'',0,1461848217,0,'','',0,0,0,0,0,0,0,'fr','1.00',1,'D j M Y H:i',2,0,'',0,0,0,0,-3,0,0,'t','d',0,'t','a',0,1,0,1,1,1,1,230271,'',0,0,0,'','','','','','','','','','','','','4FXIC4M612','','ca8dd4423a4266dc',1,0,0),(144,0,2,'',0,'90.47.246.22',1298884671,'lefebvre','lefebvre','$H$9FER1HcEQV555LIWLTFT.D9nGVj0fL0',1298884671,0,'jacqueline.lefebvre34@orange.fr',203736379731,'15-12-1938',1319294150,1298884671,1305627468,'search.php?search_id=egosearch','',1319294150,0,0,0,0,0,0,'fr','0.00',0,'D j M Y H:i',2,0,'',0,0,0,0,-3,0,0,'t','d',0,'t','a',0,1,0,1,1,1,1,230271,'',0,0,0,'','','','','','','','','','','','','26WQUJ3DGH','','b629aaeb526974c8',0,0,0),(145,0,2,'00000000006hv29nwg\n\n\nqlc4pi000000\nqlc4pi000000\n\n000000000000\nqlc4pi000000\ni1cjyo000000\ni1cjyo000000\n\nqlc4pi000000\nqlc4pi000000\n\nqlc4pi000000\nqlc4pi000000\n\nqlc4pi000000\nqlc4pi000000\nqlc4pi000000\nqlc4pi000000\n\n000000000000\n\n\n\n\nqlc4pi000000\nqlc4pi000000\nqlc4pi000000\n\n\nqlc4pi000000',0,'79.89.49.9',1299514802,'yvesgaquere','yvesgaquere','$H$9zs4cdBcjPNKcmixq2N8MEAaVuYEGc/',1300185364,0,'yves.gaquere@sfr.fr',196683759619,'',1515924043,1487251886,1473576692,'search.php?author_id=1576&sr=posts','4EYOK5VO5Y',1514535310,0,0,0,0,0,8,'fr','1.00',0,'D j M Y H:i',2,0,'',0,0,0,0,-3,0,0,'t','d',0,'t','a',0,1,0,1,1,1,1,230271,'145_1461858440.jpg',1,100,52,'','','','','','','','','','','','','4961AOBPRW','','226f019bfe3bd896',0,0,0),(286,0,7,'',0,'10.1.0.11',1337764026,'miche','miche','$H$9ClUW0.BL7HHluklWZJj2QXQ.r.rKj1',1381502186,0,'mivanpeper@numericable.fr',429092583225,'',1375555061,1337764026,0,'viewtopic.php?p=3048','',1361041299,0,0,0,0,0,0,'fr','0.00',1,'D j M Y H:i',2,0,'',0,0,0,0,-3,0,0,'t','d',0,'t','a',0,1,0,1,1,1,1,230271,'',0,0,0,'','','','','','','','','','','','','1MPJ2PCUTA','$H$9WxzPR09Cjkb1Q6jXXEBSq7cdi/sMk1','c0ef10582190bf11',1,0,0),(147,0,7,'',0,'86.207.42.248',1300273143,'mijo','mijo','$H$9pGDURI775G8F6Oz6wkbXAv7sIdBb.0',1300273143,0,'marie-jose.fenet@orange.fr',354350006326,'',1300359136,1300273143,0,'search.php','',0,0,0,0,0,0,0,'fr','1.00',0,'D j M Y H:i',2,0,'',0,0,0,0,-3,0,0,'t','d',0,'t','a',0,1,0,1,1,1,1,230271,'',0,0,0,'','','','','','','','','','','','','3US5T1JDHW','','d8f03be8764ed2e5',1,0,0),(133,0,2,'00000000006hv29nwg\n\n\nqlc4pi000000\nqlc4pi000000\n\n000000000000\nqlc4pi000000\ni1cjyo000000\ni1cjyo000000\n\nqlc4pi000000\nqlc4pi000000\n\nqlc4pi000000\nqlc4pi000000\n\nqlc4pi000000\nqlc4pi000000\nqlc4pi000000\ni1cjyo000000\n\n000000000000\n\n\n\n\nqlc4pi000000\nqlc4pi000000\nqlc4pi000000\n\n\nqlc4pi000000',0,'92.155.182.74',1295446764,'morival marylaine','morival marylaine','$H$96sOQQ3DrirpH/2nh36axP65Dl44sy0',1295446764,0,'jeanmarcmorival@orange.fr',64050460325,'',1521539540,1295446764,1521539534,'viewtopic.php?f=14&t=3630','4HXLWN43RH',1362062386,0,0,0,0,0,66,'fr','1.00',0,'D j M Y H:i',2,0,'',0,0,1361874919,0,-3,1380541834,0,'t','d',0,'t','a',0,1,0,1,1,1,1,230271,'',0,0,0,'','','','','','','','','','','','','G68LR3SGCD','','660b3b0f5bfb8fee',0,0,0),(289,0,7,'',0,'90.18.211.94',1339169168,'danielb','danielb','$H$93VBz96GlIIwnRAL.9R2lCIRR.EIwo0',1339169168,0,'bed591boxer12@gmail.com',366351996323,'',0,1339169168,0,'','',0,0,0,2,0,0,0,'fr','0.00',1,'D j M Y H:i',2,0,'',0,0,0,0,-3,0,0,'t','d',0,'t','a',0,1,0,1,1,1,1,230271,'',0,0,0,'','','','','','','','','','','','','2J44N5AVCO','','b6f5d9a1bdbfc46e',1,0,0),(1397,0,7,'00000000006hrqeiww\n\n\ni1cjyo000000\nqlc4pi000000\n\n000000000000\nqlc4pi000000\ni1cjyo000000\ni1cjyo000000\n\nqlc4pi000000\nqlc4pi000000\n\nqlc4pi000000\nqlc4pi000000\n\nqlc4pi000000\nqlc4pi000000\nqlc4pi000000\n\n\n\n\n\n\n\nqlc4pi000000\nqlc4pi000000\nqlc4pi000000\n\n\nqlc4pi000000',0,'81.250.223.9',1399792270,'jano','jano','$H$9mhKYs9eoIUMoXhSGVmpc8XW1/wnii/',1399792270,0,'jeannineho@hotmail.fr',37327481321,'',1481994375,1399792270,1399795868,'viewtopic.php?f=15&t=3102','',1399999881,0,0,0,0,0,0,'fr','0.00',1,'D j M Y H:i',2,0,'',0,0,0,0,-3,0,0,'t','d',0,'t','a',0,1,0,1,1,1,1,230271,'',0,0,0,'','','','','','','','','','','','','DOLEZWSJ9W','$H$9bkIVpyP9.K/vNa1Q1ry30qVcYAwhc/','9faeefd03939224b',1,0,0),(152,0,7,'',0,'90.34.117.67',1300958239,'myriam','myriam','$H$9UJqEXen4y9V.Gn5zBR4w7H.Ah6ylB1',1300958239,0,'duflos_michel@orange.fr',9604170323,'',1301472964,1300958239,1301472399,'index.php','',1301472723,0,0,0,0,0,0,'fr','1.00',0,'D j M Y H:i',2,0,'',0,0,0,0,-3,0,0,'t','d',0,'t','a',0,1,0,1,1,1,1,230271,'',0,0,0,'','','','','','','','','','','','','PUXBIE9W3Z','','295974eb0d0b6b05',1,0,0),(305,0,7,'',0,'81.220.222.1',1347296800,'poirier','poirier','$H$9psYkcmhUZL2EZAeC.3GmxcTrOJXAb.',1347296800,0,'poirierdenise@yahoo.fr',331950578022,'',0,1347296800,0,'','',0,0,0,0,0,0,0,'fr','0.00',1,'D j M Y H:i',2,0,'',0,0,0,0,-3,0,0,'t','d',0,'t','a',0,1,0,1,1,1,1,230271,'',0,0,0,'','','','','','','','','','','','','4F5JO9KRQB','','a0d4852357e3e4cb',1,0,0),(132,0,2,'',0,'93.24.54.158',1295372874,'sally','sally','$H$932t2BZthJOaD1RLcqXX4FjzV53uot/',1295372874,0,'andre.kubitowicz@sfr.fr',232925825023,'',1355308699,1295372874,1297431826,'viewtopic.php?f=17&t=871','2VGMWQEWGK',1300906779,0,0,0,0,0,0,'fr','1.00',0,'D j M Y H:i',2,0,'',0,0,0,0,-3,1297457334,0,'t','d',0,'t','a',0,1,0,1,1,1,1,230271,'',0,0,0,'','','','','','','','','','','','','5247PVROWI','','a2de04ff28299636',0,0,0),(134,0,2,'',0,'86.207.115.64',1295589002,'bocquet jean claude','bocquet jean claude','$H$9YHQWqnqDN3KSPHApSyiTbkGProw.M1',1295589002,0,'jean-claude.bocquet2@wanadoo.fr',149561800831,'',1483341978,1295589002,1308472307,'viewtopic.php?f=27&t=3272','',1332657406,0,0,0,0,0,0,'fr','1.00',0,'D j M Y H:i',2,0,'',0,0,0,0,-3,1295771609,0,'t','d',0,'t','a',0,1,0,1,1,1,1,230271,'',0,0,0,'','','','','','','','','','','','','2TALKNJMT2','','a82adf5ab3d196f7',0,0,0),(125,0,2,'',0,'81.66.76.148',1294133392,'vignolle','vignolle','$H$90bpKVWBMumP0p8fjRoVdlUpGJuiHO.',1294133392,0,'mariethvignolle35@hotmail.fr',31647903928,'',1399841421,1294133392,1399840935,'index.php','1XDGRZR95W',1363253023,0,0,9,0,0,5,'fr','1.00',0,'D j M Y H:i',2,0,'',0,0,0,0,-3,1327099135,0,'t','d',0,'t','a',0,1,0,1,1,1,1,230271,'',0,0,0,'','','','','','','','','','','','','1W6M2QER1R','$H$90EWw9u6E5eAFLEv86p3uOc9o6kagk/','28b536dc19e058cc',0,0,0),(126,0,7,'',0,'88.183.158.25',1294136229,'TROGNON','trognon','$H$9k0967djrstnrHMZqBn8OIv8HYHraK/',1294136229,0,'pattro@hotmail.fr',15329204517,'',1328537498,1294136229,1301059367,'viewtopic.php?f=5&t=9','',0,0,0,0,0,0,0,'fr','1.00',0,'D j M Y H:i',2,0,'',0,0,0,0,-3,0,0,'t','d',0,'t','a',0,1,0,1,1,1,1,230271,'',0,0,0,'','','','','','','','','','','','','3YTJCJCQYX','','a50be66c3256c3a9',1,0,0),(120,0,7,'',0,'93.27.73.83',1292417102,'papillon62','papillon62','$H$9ORd37xECOFL2fRzWkWI3ZE75izx.Q1',1292417102,0,'bernard.delbreuf@sfr.fr',54712341823,'',1484241247,1292417102,1386140714,'viewtopic.php?f=9&t=3432','',1484241046,0,0,0,0,0,0,'fr','1.00',0,'D j M Y H:i',2,0,'',0,0,0,0,-3,1355915820,0,'t','d',0,'t','a',0,1,0,1,1,1,1,230271,'',0,0,0,'','','','','','','','','','','','','2C9ZG1P6T5','','4bb794f5efa794a3',1,0,0),(121,0,2,'00000000006hv29nwg\n\n\nqlc4pi000000\nqlc4pi000000\n\n000000000000\nqlc4pi000000\ni1cjyo000000\ni1cjyo000000\n\nqlc4pi000000\nqlc4pi000000\n\nqlc4pi000000\nqlc4pi000000\n\nqlc4pi000000\nqlc4pi000000\nqlc4pi000000\nqlc4pi000000\n\n000000000000\n\n\n\n\nqlc4pi000000\nqlc4pi000000\nqlc4pi000000\n\n\nqlc4pi000000',0,'81.65.36.241',1292431669,'evemarie','evemarie','$H$9Wd0HNWjck5qYz72brnFQOpK1A.61Y1',1292431669,0,'evelyne.senechal62@numericable.fr',272197421733,'',1523948233,1452767107,1493929636,'index.php','1HQFASOKID',1471976240,0,0,0,0,0,18,'fr','1.00',0,'D j M Y H:i',2,0,'',0,0,0,0,-3,0,0,'t','d',0,'t','a',0,1,0,1,1,1,1,230271,'',0,0,0,'','','','','','','','','','','','','2CXEO86BDH','','41119a5ace2615e8',0,0,0),(122,0,7,'',0,'93.27.168.207',1292602344,'capfro','capfro','$H$9uYvTmL9OHOKE142TxyuMxZr2YmvLt.',1292602344,0,'sergefroment@sfr.fr',112269289619,'',1476028789,1292602344,1476028786,'viewtopic.php?f=27&t=3365&p=5327','',0,0,0,0,0,0,2,'fr','1.00',0,'D j M Y H:i',2,0,'',0,0,0,0,-3,1319030407,0,'t','d',0,'t','a',0,1,0,1,1,1,1,230271,'',0,0,0,'','','','','','','','','','','','','3WPRBDPZVD','','c83d42b2c64e7113',1,0,0),(227,0,7,'',0,'86.196.112.154',1322081712,'FLAMENT','flament','$H$9hg6wSY/fI2iSQYgkPOVB3480xXa7T/',1322081712,0,'pierre-flament@orange.fr',324381720324,'',1322857781,1322081712,1322857777,'viewtopic.php?f=7&t=406&p=783','',1322857181,0,0,0,0,0,0,'fr','1.00',0,'D j M Y H:i',2,0,'',0,0,0,0,-3,0,0,'t','d',0,'t','a',0,1,0,1,1,1,1,230271,'',0,0,0,'','','','','','','','','','','','','5DAPMV8CRL','','733f814eadfdacd0',1,0,0),(155,0,7,'',0,'86.196.115.116',1301472156,'gawron marie','gawron marie','$H$95JMo9OGnk5ET.FmgkITf7ffovxYSV.',1301472156,0,'gargamelle2009@hotmail.fr',152394113025,'',1304166319,1301472156,0,'ucp.php?i=groups&mode=membership','',0,0,0,0,0,0,0,'fr','0.00',1,'D j M Y H:i',2,0,'',0,0,0,0,-3,0,0,'t','d',0,'t','a',0,1,0,1,1,1,1,230271,'',0,0,0,'','','','','','','','','','','','','2E51YKUE6R','','e0a6fc2a5069fd3c',1,0,0),(192,0,7,'',0,'90.84.146.227',1309384604,'wyatt','wyatt','$H$9maxOJh.LOf1/cbzopRj1OA8XybIDt0',1309384604,0,'ozorine.vilcocq@gmail.com',39555819325,'',1314220956,1309384604,0,'index.php','',0,0,0,16,0,0,0,'fr','0.00',1,'D j M Y H:i',2,0,'',0,0,0,0,-3,0,0,'t','d',0,'t','a',0,1,0,1,1,1,1,230271,'',0,0,0,'','','','','','','','','','','','','','','724029739a26db31',1,0,0),(304,0,2,'',0,'81.220.242.64',1346597152,'Konradowski','konradowski','$H$9qgjS7CcZDTKCRX58Sy5qNeh7q.AYJ1',1361955513,0,'monicwic@gmail.com',336920008218,'',1462100439,1346597152,1462098904,'ucp.php?i=pm&mode=compose&action=quotepost&p=4664','',1461919625,0,0,3,0,0,0,'fr','0.00',1,'D j M Y H:i',2,0,'',0,0,0,0,-3,0,0,'t','d',0,'t','a',0,1,0,1,1,1,1,230271,'',0,0,0,'','','','','','','','','','','','','599C2GAE9U','$H$9gh/9ZMiPtqAw3knEVlH./gyTBZ9Fs/','67ad7ab58044bc47',0,0,0),(301,0,7,'',0,'83.198.158.144',1343846506,'J.mauriaucourt','j.mauriaucourt','$H$93vzKoBel5UgmVwsfG8qFcnBFvaxKs/',1343846506,0,'jules.mauriaucourt@orange.fr',371429538728,'',1439555595,1343846506,0,'search.php?search_id=egosearch','',0,0,0,0,0,0,0,'fr','0.00',1,'D j M Y H:i',2,0,'',0,0,0,0,-3,0,0,'t','d',0,'t','a',0,1,0,1,1,1,1,230271,'',0,0,0,'','','','','','','','','','','','','2EMDZIIPNR','','186ab94a010c5a7d',1,0,0),(810,0,7,'',0,'2.5.155.208',1381392943,'RoiDeTrèfle','roidetrèfle','$H$9mAFrfUtKW1HWaHiYtqPp5UB5J.UAE.',1381392943,0,'roidetrefle@free.fr',350304022719,'',1382085532,1381392943,1381480802,'viewtopic.php?f=29&t=2190','',0,0,0,0,0,0,0,'fr','1.00',1,'D j M Y H:i',2,0,'',0,0,0,0,-3,0,0,'t','d',0,'t','a',0,1,0,1,1,1,1,230271,'810_1381396699.jpg',1,100,145,'','','','','','','','','','','','','3YEBNMINXT','','87c3095b4ffaaf33',1,0,0),(809,0,7,'',0,'62.193.57.130',1381307644,'coccinelle','coccinelle','$H$9lJw/KD9JksNwe09ZgtAsBUyNlQQSq/',1381307644,0,'thadeelisowski@orange.fr',255974202924,' 0- 0-   0',0,1381307644,0,'','',0,0,0,0,0,0,0,'fr','0.00',1,'D j M Y H:i',2,0,'',0,0,0,0,-3,0,0,'t','d',0,'t','a',0,1,0,1,1,1,1,230271,'',0,0,0,'','','','','','','','','','','','','465EJU6E79','','528d9d23bad3fa48',1,0,0),(792,0,2,'',0,'81.65.42.216',1379762623,'annie','annie','$H$9i5jfPQc2/dZW3GgTy7U2Q9yB.WH5j.',1379762623,0,'annie.caub@numericable.fr',266061966525,'',1471587650,1379762623,1471587625,'posting.php?mode=post&f=17','',1399707886,0,0,0,0,0,0,'fr','0.00',1,'D j M Y H:i',2,0,'',0,0,0,0,-3,1380368195,0,'t','d',0,'t','a',0,1,0,1,1,1,1,230271,'',0,0,0,'','','','','','','','','','','','','362SDZYBVF','','8987275768d190c2',0,0,0),(1505,0,2,'',0,'92.131.130.158',1471852818,'nanoupichou','nanoupichou','$H$9yyAqIs66B7BD9Ov25Cj.VIZiP1kKu0',1471852818,0,'edithskalka@hotmail.fr',418468185322,'',0,1471852818,0,'','',0,0,0,0,0,0,0,'fr','1.00',1,'D j M Y H:i',2,0,'',0,0,0,0,-3,0,0,'t','d',0,'t','a',0,1,0,1,1,1,1,230271,'',0,0,0,'','','','','','','','','','','','','44ODV37P7X','','94d764348b7dd166',1,0,0),(285,0,7,'',0,'84.98.141.82',1337614412,'avrilmai','avrilmai','$H$9IazSPeKZ7sEfecbVLcaaQc4dneQsd.',1337614412,0,'leguennec62@hotmail.fr',139984944822,'',1395318845,1337614412,1378647808,'viewtopic.php?f=14&t=2538&start=0&p=3917&view=show','',1381041229,0,0,0,0,0,0,'fr','0.00',1,'D j M Y H:i',2,0,'',0,0,0,0,-3,1365061007,0,'t','d',0,'t','a',0,1,0,1,1,1,1,230271,'',0,0,0,'','','','','','','','','','','','','1GO78CMEGK','','f2ea86fe554074fc',1,0,0),(290,0,7,'',0,'90.18.211.94',1339252363,'DANCLAUDIE','danclaudie','$H$9rKp8.bYf/LX0CTzabyZspyMMnfc/10',1339252363,0,'daniel.bedot-senechal@orange.fr',128232985731,'',0,1339252363,0,'','',0,0,0,4,0,0,0,'fr','0.00',1,'D j M Y H:i',2,0,'',0,0,0,0,-3,0,0,'t','d',0,'t','a',0,1,0,1,1,1,1,230271,'',0,0,0,'','','','','','','','','','','','','3JEDUQKE55','','557f8d7cfd77bb88',1,0,0),(280,0,7,'',0,'79.87.66.194',1335646799,'bi libe','bi libe','$H$9ZewAnKa44V1Z3WKaFNhUeeuCf0aLG/',1335646799,0,'bibilibe@gmail.com',321980663518,'',0,1335646799,0,'','',0,0,0,3,0,0,0,'fr','0.00',1,'D j M Y H:i',2,0,'',0,0,0,0,-3,0,0,'t','d',0,'t','a',0,1,0,1,1,1,1,230271,'',0,0,0,'','','','','','','','','','','','','3MV4NHNVU6','$H$9Xt7KeIwcrSf5fsFdZvvx6TkllTDB7/','0d6f79a74daacd38',1,0,0),(255,0,2,'',0,'92.155.58.22',1332228141,'Marianne','marianne','$H$9Apek62Hsz5sY46KLRGCgvhqRWvtvE/',1332228141,0,'calonne.m@orange.fr',292275378219,'',1510744243,1332228141,1488705925,'memberlist.php?mode=viewprofile&u=1576','',1381930638,0,0,3,0,0,0,'fr','1.00',0,'D j M Y H:i',2,0,'',0,0,0,0,-3,0,0,'t','d',0,'t','a',0,1,0,1,1,1,1,230271,'',0,0,0,'','','','','','','','','','','','','14EE3RAZN2','','3959c6d040ad3654',0,0,0),(246,0,2,'',0,'10.1.0.11',1327409266,'Valérie','valérie','$H$9NX5tJYbmWiRCUVy1Tyb4idA.MVkN60',1327409266,0,'val.j.er@hotmail.fr',353136513119,'',1335439798,1327409266,1334153543,'viewtopic.php?f=18&t=971','',0,0,0,0,0,0,0,'fr','1.00',0,'D j M Y H:i',2,0,'',0,0,0,0,-3,0,0,'t','d',0,'t','a',0,1,0,1,1,1,1,230271,'',0,0,0,'','','','','','','','','','','','','53HRBE9QNY','','8f4777c62b373565',0,0,0),(811,0,7,'',0,'2.5.155.208',1381393017,'DameDeTrèfle','damedetrèfle','$H$9wsBU4y0YhRsBAQZpvEDG3sP5UI5Qi.',1381393017,0,'damedetrefle@free.fr',114300139620,'',1382085498,1381393017,1381481040,'viewtopic.php?f=29&t=2190','',0,0,0,0,0,0,0,'fr','1.00',1,'D j M Y H:i',2,0,'',0,0,0,0,-3,0,0,'t','d',0,'t','a',0,1,0,1,1,1,1,230271,'811_1381396733.jpg',1,100,145,'','','','','','','','','','','','','UE12HK6IW6','','7e073e8b4e364bb9',1,0,0),(282,0,7,'',0,'88.183.157.120',1337173535,'Andlauer','andlauer','$H$99Hkx7LeZrfcCulJlLPUvvNZkKswUN0',1337173535,0,'jj.andlauer@free.fr',374715394919,'',1504181199,1337173535,0,'memberlist.php?mode=viewprofile&u=56','',0,0,0,0,0,0,0,'fr','0.00',1,'D j M Y H:i',2,0,'',0,0,0,0,-3,1340289852,0,'t','d',0,'t','a',0,1,0,1,1,1,1,230271,'',0,0,0,'','','','','','','','','','','','','3SEWI8FQE8','','25bbc467e4fb6464',1,0,0),(281,0,7,'',0,'86.192.74.213',1337099771,'Monique','monique','$H$9FSKpjMWaD02v5ISheMUwgGLPOg.Lk.',1337099771,0,'monique_hochart@orange.fr',65072221725,'',0,1337099771,0,'','',0,0,0,0,0,0,0,'fr','0.00',1,'D j M Y H:i',2,0,'',0,0,0,0,-3,0,0,'t','d',0,'t','a',0,1,0,1,1,1,1,230271,'',0,0,0,'','','','','','','','','','','','','32WTJ7TRGX','','5daeeabe07271581',1,0,0),(291,0,7,'',0,'81.250.18.43',1340213096,'DUHAMELDaniéle','duhameldaniéle','$H$9ZPK.JcD2n7yPVprPIMsno.vpiI/or0',1340213096,0,'daniele-dh62@live.fr',290381842020,'',0,1340213096,0,'','',0,0,0,0,0,0,0,'fr','0.00',1,'D j M Y H:i',2,0,'',0,0,0,0,-3,0,0,'t','d',0,'t','a',0,1,0,1,1,1,1,230271,'',0,0,0,'','','','','','','','','','','','','4VKCYFOON5','','4ba65369e0996d85',1,0,0),(1577,0,2,'',0,'81.49.27.202',1506837856,'walle daniel','walle daniel','$H$9nf6Yq0hgX5yPDYc5RaJZ6OLIYwCEr1',1506837856,0,'daniel.walle@orange.fr',206850911722,' 0- 0-   0',0,1506837856,0,'','',0,0,0,0,0,0,0,'fr','1.00',1,'D j M Y H:i',2,0,'',0,0,0,0,-3,0,0,'t','d',0,'t','a',0,1,0,1,1,1,1,230271,'',0,0,0,'','','','','','','','','','','','','16QA47JAP6','','4c1a4660b0cc342a',0,0,0),(828,0,7,'',0,'81.64.34.135',1382196101,'pascale1957','pascale1957','$H$92tng76npF7tzdLMzz9Fm5EtBm5Qjn0',1382196101,0,'marguerite1957@hotmail.fr',62999563625,'',1415121628,1382196101,0,'viewtopic.php?f=18&t=2726','',0,0,0,4,0,0,0,'fr','0.00',1,'D j M Y H:i',2,0,'',0,0,0,0,-3,0,0,'t','d',0,'t','a',0,1,0,1,1,1,1,230271,'',0,0,0,'','','','','','','','','','','','','1BEMN79PGR','$H$9PPBvkqbgxTlNCs8Zl6xEUBaNFyrjd0','2416b92116c38688',1,0,0),(322,0,7,'',0,'90.58.139.104',1356112301,'t  ttayw','t ttayw','$H$9nn320.gOIe75Wvj3FC.3smk9Cv/6Z/',1356112301,0,'ozorine.vilcocq@orange.fr',19452981225,'',0,1356112301,0,'','',0,0,0,127,0,0,0,'fr','1.00',0,'D j M Y H:i',2,0,'',0,0,0,0,-3,0,0,'t','d',0,'t','a',0,1,0,1,1,1,1,230271,'',0,0,0,'','','','','','','','','','','','','','','4f0de44de2f31dcc',1,0,0),(324,0,7,'',0,'81.66.65.233',1356369662,'marie-therese','marie-therese','$H$9jAPQU9Zgpr6BzyKVo1BbnC11Knq8C1',1356369662,0,'marie.therese.masclet@numericable.fr',268413012936,'',1384159559,1356369662,0,'ucp.php?mode=login','',0,0,0,0,0,0,0,'fr','1.00',0,'D j M Y H:i',2,0,'',0,0,0,0,-3,0,0,'t','d',0,'t','a',0,1,0,1,1,1,1,230271,'',0,0,0,'','','','','','','','','','','','','62ROH8Q9QZ','','0d60efcc2b5d55af',1,0,0),(323,0,7,'',0,'86.215.223.38',1356341499,'Anne.bruay','anne.bruay','$H$97INZ8aHfHKaTxzyy0bCxcK8XuwA1T0',1356341499,0,'anne.ducatel@orange.fr',176434328222,'',1356511409,1356341499,0,'viewforum.php?f=9','',0,0,0,0,0,0,0,'fr','1.00',0,'D j M Y H:i',2,0,'',0,0,0,0,-3,0,0,'t','d',0,'t','a',0,1,0,1,1,1,1,230271,'',0,0,0,'','','','','','','','','','','','','47KZX6L368','','4df49dd2e3da6a02',1,0,0),(1065,0,7,'',0,'81.65.38.243',1385570763,'HENRI','henri','$H$9s454l7lLchwDyvH1e2NZctSXW7tPH1',1385570763,0,'henri.zaworski@gmail.com',41474322524,'',1492588222,1385570763,1388766155,'viewtopic.php?f=29&t=2098','',0,0,0,3,0,0,1,'fr','1.00',0,'D j M Y H:i',2,0,'',0,0,0,0,-3,0,0,'t','d',0,'t','a',0,1,0,1,1,1,1,230271,'',0,0,0,'','','','','','','','','','','','','2RRSRURK2O','$H$9fjtfYopFQBPBYnl9xBA7VssBnPElb0','54a5b945fde74163',1,0,0),(320,0,7,'',0,'90.34.146.213',1352982296,'Josette','josette','$H$9oBbBh0a2tjgMdguttkJB1L/z7gRSO/',1352982296,0,'josette.ingelaere@orange.fr',34978993327,'',0,1352982296,0,'','',0,0,0,0,0,0,0,'fr','1.00',0,'D j M Y H:i',2,0,'',0,0,0,0,-3,0,0,'t','d',0,'t','a',0,1,0,1,1,1,1,230271,'',0,0,0,'','','','','','','','','','','','','4RNPMBZF75','','a23b71088b1eeacc',1,0,0),(310,0,7,'',0,'92.163.43.188',1350075686,'desfachelles','desfachelles','$H$9JpkE.DSEVBl8GmPjM1HLSvkXSbfiY0',1350075686,0,'gege.62700@hotmail.fr',358192940621,' 0- 0-   0',0,1350075686,0,'','',0,0,0,0,0,0,0,'fr','0.00',1,'D j M Y H:i',2,0,'',0,0,0,0,-3,0,0,'t','d',0,'t','a',0,1,0,1,1,1,1,230271,'',0,0,0,'','','','','','','','','','','','','1K8RHH3UCP','','8ca302a2bb95427e',1,0,0),(319,0,7,'',0,'77.193.241.221',1351867753,'gorzkowski','gorzkowski','$H$9d31HWGuYQyGh4CTZyNwZkYSPSv.83/',1351867753,0,'janineslo62@gmail.com',113587603021,'',1357497861,1351867753,0,'viewforum.php?f=9','',0,0,0,0,0,0,0,'fr','1.00',0,'D j M Y H:i',2,0,'',0,0,0,0,-3,0,0,'t','d',0,'t','a',0,1,0,1,1,1,1,230271,'',0,0,0,'','','','','','','','','','','','','15EQREABP3','','a64b4e9dae788051',1,0,0),(314,0,7,'',0,'79.88.88.15',1350309929,'dewalledaniel','dewalledaniel','$H$9XEq9ojhPWvB5YgioDwcS4EgNnvxJK0',1350309929,0,'dewalledaniel@yahoo.fr',224773077522,'',1350487380,1350309929,0,'index.php','',0,0,0,0,0,0,0,'fr','0.00',1,'D j M Y H:i',2,0,'',0,0,0,0,-3,0,0,'t','d',0,'t','a',0,1,0,1,1,1,1,230271,'',0,0,0,'','','','','','','','','','','','','AHT86VVL93','','74078f7113fdb682',1,0,0),(847,0,7,'',0,'84.5.97.187',1382693450,'lamorski','lamorski','$H$9q6zUCw8X0gY7W2pFX4KagMzHHoQDU1',1382693450,0,'lamorski.daniel@neuf.fr',342031419323,'',1390117390,1382693450,0,'viewtopic.php?f=9&t=2374&p=3710','',1387733013,0,0,0,0,0,0,'fr','0.00',1,'D j M Y H:i',2,0,'',0,0,0,0,-3,0,0,'t','d',0,'t','a',0,1,0,1,1,1,1,230271,'',0,0,0,'','','','','','','','','','','','','34OK6BCBOP','','b6c715a950e78217',1,0,0),(813,0,7,'',0,'2.5.155.208',1381393196,'RoiDeCarreau','roidecarreau','$H$9ZkWddYUnvii6ANqnpQIAMdwozvOMw1',1381393196,0,'roidecarreau@free.fr',399987962220,'',1381483828,1381393196,1381481032,'viewtopic.php?f=30&t=2165','',0,0,0,0,0,0,0,'fr','0.00',1,'D j M Y H:i',2,0,'',0,0,0,0,-3,0,0,'t','d',0,'t','a',0,1,0,1,1,1,1,230271,'813_1381397797.jpg',1,100,145,'','','','','','','','','','','','','21JSF92NT4','','ed8f91bc4944fd4c',1,0,0),(315,0,7,'',0,'79.91.97.134',1350575856,'DUPRE','dupre','$H$9G26uyRhow2WLVzEO15lf8Puk92S0D0',1350575856,0,'dl.germaine@hotmail.fr',30260854422,'',1356644781,1350575856,0,'index.php','',0,0,0,0,0,0,0,'fr','0.00',1,'D j M Y H:i',2,0,'',0,0,0,0,-3,0,0,'t','d',0,'t','a',0,1,0,1,1,1,1,230271,'',0,0,0,'','','','','','','','','','','','','46RQI7O5YU','','8e981a424bd696c6',1,0,0),(317,0,7,'',0,'79.87.66.63',1351093473,'Martine Staniewski','martine staniewski','$H$92SXdHhv2hSUume85v9K6niVTU1vEO.',1351093473,0,'richard.staniewski@neuf.fr',425328390026,'',0,1351093473,0,'','',0,0,0,0,0,0,0,'fr','0.00',1,'D j M Y H:i',2,0,'',0,0,0,0,-3,0,0,'t','d',0,'t','a',0,1,0,1,1,1,1,230271,'',0,0,0,'','','','','','','','','','','','','QBW78VM3ZF','','9cd07bcc09caeba2',1,0,0),(318,0,7,'',0,'81.65.38.203',1351184179,'ZAWORSKI HENRI','zaworski henri','$H$9rsuhA8C7f9BL.Gfln7UtHEyRsKx9l0',1351184179,0,'henri.zaworski@wanadoo.fr',275585866425,'',1385572995,1351184179,1385229559,'viewtopic.php?f=20&t=1009','',0,0,0,4,0,0,0,'fr','0.00',1,'D j M Y H:i',2,0,'',0,0,0,0,-3,0,0,'t','d',0,'t','a',0,1,0,1,1,1,1,230271,'',0,0,0,'','','','','','','','','','','','','1DDZN4DH6F','$H$9bU44Zu4J4RC0wwGrBG7dwUiyj0T.11','9836f3446acf3feb',1,0,0),(185,0,2,'',0,'90.47.105.32',1307461232,'albertdelbe','albertdelbe','$H$9/7b/DSTdLv6hvvBjkmKAqA8RKO8Q4.',1337698814,0,'albert.delbe@orange.fr',81602459022,'',1338540457,1307461232,1337782223,'search.php?search_id=egosearch','',1338540457,0,0,0,0,0,0,'fr','0.00',1,'D j M Y H:i',2,0,'',0,0,0,0,-3,0,0,'t','d',0,'t','a',0,1,0,1,1,1,1,230271,'',0,0,0,'','','','','','','','','','','','','56BVIO63JD','','93e63e11afe29d84',0,0,0),(187,0,2,'00000000006hv29nwg\n\n\nqlc4pi000000\nqlc4pi000000\n\n000000000000\nqlc4pi000000\ni1cjyo000000\ni1cjyo000000\n\nqlc4pi000000\nqlc4pi000000\n\nqlc4pi000000\nqlc4pi000000\n\nqlc4pi000000\nqlc4pi000000\nqlc4pi000000\ni1cjyo000000\n\n000000000000\n\n\n\n\nqlc4pi000000\nqlc4pi000000\nqlc4pi000000\n\n\nqlc4pi000000',0,'90.84.146.235',1307467175,'LORELEÏ','loreleï','$H$9gB9gRyzHbWb/5ED1s9N1LbklEBjS.1',1307467175,0,'ozorine.vilcocq@hotmail.fr',319892624026,'',1599771475,1307467175,1599055796,'viewforum.php?f=28','',1599165359,0,0,0,0,0,1,'fr','0.00',1,'D j M Y H:i',2,0,'',0,0,0,0,-3,0,0,'t','d',0,'t','a',0,1,0,1,1,1,1,230271,'',0,0,0,'','','','','','','','','','','','','1CEPW2S4BW','','78f212a33eb60968',0,0,0),(190,0,7,'',0,'90.47.105.32',1307545717,'cucherosset','cucherosset','$H$9gz95cFZfeffN33W6Sk/n2k3G6QBPd.',1307545717,0,'marielise.cuche@live.fr',1002739723,'',1391761371,1307545717,0,'memberlist.php?mode=viewprofile&u=57','',1354119443,0,0,0,0,0,0,'fr','0.00',1,'D j M Y H:i',2,0,'',0,0,0,0,-3,0,0,'t','d',0,'t','a',0,1,0,1,1,1,1,230271,'',0,0,0,'','','','','','','','','','','','','3BQUY2VRWM','','af451fc487d44080',1,0,0),(1390,0,2,'00000000006hv29nwg\n\n\ni1cjyo000000\nqlc4pi000000\n\n000000000000\nqlc4pi000000\ni1cjyo000000\ni1cjyo000000\n\nqlc4pi000000\nqlc4pi000000\n\nqlc4pi000000\nqlc4pi000000\n\nqlc4pi000000\nqlc4pi000000\nqlc4pi000000\n\n\n\n\n\n\n\nqlc4pi000000\nqlc4pi000000\nqlc4pi000000\n\n\nqlc4pi000000',0,'10.1.0.11',1397807290,'marie-france','marie-france','$H$9PfHbVRl11jprTiX5xHfVL0gY.PJac.',1464791245,0,'mariesenechal@aol.com',342916167221,'',1530279296,1461849662,1466599354,'index.php','4CFIX5JSVM',0,0,0,0,0,0,1,'fr','0.00',1,'D j M Y H:i',2,0,'',0,0,0,0,-3,0,0,'t','d',0,'t','a',0,1,0,1,1,1,1,230271,'',0,0,0,'','','','','','','','','','','','','TIO4JIVVYQ','$H$9HAPDmL0gcJtw7vusMj8pat.vnPRYh0','f307bd2a8a7cf568',0,0,0),(193,0,7,'',0,'86.207.41.191',1317710656,'ancel','ancel','$H$9y39A9sQpBzg/H6tXuqFHWQlVWIYyJ/',1317710656,0,'ancel.chantal@orange.fr',223854413623,'',1349505083,1317710656,0,'search.php','',0,0,0,4,0,0,0,'fr','0.00',1,'D j M Y H:i',2,0,'',0,0,0,0,-3,0,0,'t','d',0,'t','a',0,1,0,1,1,1,1,230271,'',0,0,0,'','','','','','','','','','','','','3A73AD9Z29','','c35f56c09ea594b8',1,0,0),(1451,0,7,'',0,'90.18.176.157',1446624431,'Desombre-Rawinski D','desombre-rawinski d','$H$910A2dgcmyVzaMZV6y9gV/1CsPp1eH/',1446624431,0,'danielle.rawinski@wanadoo.fr',226712021828,'',0,1446624431,0,'','',0,0,0,0,0,0,0,'fr','1.00',0,'D j M Y H:i',2,0,'',0,0,0,0,-3,0,0,'t','d',0,'t','a',0,1,0,1,1,1,1,230271,'',0,0,0,'','','','','','','','','','','','','4IS7CNAOBB','','246aa70af880e4d3',1,0,0),(222,3,2,'',0,'10.1.0.11',1320764733,'jerome','jerome','$H$91S/i4Ii4HofTzeQZDvRFzfviuUsFj1',1320764733,0,'truff62@live.fr',165102093215,'',1360565342,1320764733,1360512068,'ucp.php?i=pm&mode=view&f=0&p=7','',1327568668,0,0,0,0,0,0,'fr','1.00',0,'D j M Y H:i',2,0,'',0,0,1360512072,0,-3,0,0,'t','d',0,'t','a',0,1,0,1,1,1,1,230271,'',0,0,0,'','','','','','','','','','','','','HGTS3RK2BD','','a9f18ad0814a4c89',0,0,0),(251,0,7,'',0,'90.34.244.83',1330253321,'marie62700','marie62700','$H$9TAJfMrDbUw7nCHHAiIp4xV/dbCAEa0',1330253321,0,'marie-josee.lienard@orange.fr',40162372429,'',1330422404,1330253321,0,'index.php','',0,0,0,0,0,0,0,'fr','1.00',0,'D j M Y H:i',2,0,'',0,0,0,0,-3,0,0,'t','d',0,'t','a',0,1,0,1,1,1,1,230271,'',0,0,0,'','','','','','','','','','','','','4AZSDYET9G','','40e988e2e2ea6dd5',1,0,0),(225,0,2,'',0,'88.183.156.22',1320837381,'leo5962','leo5962','$H$93QjLBoVe8yE765uhfh3/APar.DiEr/',1320837381,0,'leon5962@hotmail.fr',253613574519,'',1496565571,1320837381,1496565156,'index.php','',1362384433,0,0,0,0,0,39,'fr','1.00',0,'D j M Y H:i',2,0,'',0,0,0,0,-3,1362384974,0,'t','d',0,'t','a',0,1,0,1,1,1,1,230271,'225_1321515687.jpg',1,140,140,'','','','','','','','','','','','','D5PXQZZDS9','','90cc2926862bf18b',0,0,0),(254,0,2,'',0,'109.14.97.141',1331322789,'gryczka','gryczka','$H$9DFMOznr9Zv3szSRgPuYIYZiYZeiEO.',1461848373,0,'jean-pierre.gryczka@sfr.fr',16029985926,' 0- 0-   0',1467732535,1331322789,1467732233,'viewtopic.php?f=12&t=3209','',0,0,0,0,0,0,3,'fr','1.00',0,'D j M Y H:i',2,0,'',0,0,0,0,-3,0,0,'t','d',0,'t','a',0,1,0,1,1,1,1,230271,'',0,0,0,'','','','','','','','','','','','','5185SBJHVT','$H$9ZcFSa9qjnHZyFtYsxhAt5zBHKvFct1','dde7c54379f81b8f',0,0,0),(228,0,7,'',0,'89.84.61.239',1323267914,'francoise','francoise','$H$9sC1bfNcIRlSQrb4b5GvcEKXaxseJd0',1323267914,0,'michalski.francoise@bbox.fr',6114531327,'',0,1323267914,0,'','',0,0,0,0,0,0,0,'fr','1.00',0,'D j M Y H:i',2,0,'',0,0,0,0,-3,0,0,'t','d',0,'t','a',0,1,0,1,1,1,1,230271,'',0,0,0,'','','','','','','','','','','','','SY5KSTRZXE','','26c294c9b75507d1',1,0,0),(488,0,7,'',0,'109.13.83.247',1367590828,'haryjan.daniéle','haryjan.daniéle','$H$9cDlN.RhmRsFoQhoZwmNveXq8CsFIn.',1367590828,0,'bolek1@live.fr',10853239014,'',0,1367590828,0,'','',0,0,0,0,0,0,0,'fr','0.00',1,'D j M Y H:i',2,0,'',0,0,0,0,-3,0,0,'t','d',0,'t','a',0,1,0,1,1,1,1,230271,'',0,0,0,'','','','','','','','','','','','','1AQITLAUUF','','ba00a68728fe8049',1,0,0),(325,0,7,'00000000006hrqeiww\n\n\ni1cjyo000000\nqlc4pi000000\n\n000000000000\nqlc4pi000000\ni1cjyo000000\ni1cjyo000000\n\nqlc4pi000000\nqlc4pi000000\n\nqlc4pi000000\nqlc4pi000000\n\nqlc4pi000000\nqlc4pi000000\nqlc4pi000000\n\n\n\n\n\n\n\nqlc4pi000000\nqlc4pi000000\nqlc4pi000000\n\n\nqlc4pi000000',0,'109.10.111.141',1356787810,'DEFRANCE','defrance','$H$9YnzyH4KuuMy3RcPNrXClFx4X5GJoS0',1356787810,0,'nounou62@hotmail.com',56959474720,'',1570824691,1356787810,0,'index.php','',0,0,0,0,0,0,0,'fr','1.00',0,'D j M Y H:i',2,0,'',0,0,0,0,-3,0,0,'t','d',0,'t','a',0,1,0,1,1,1,1,230271,'',0,0,0,'','','','','','','','','','','','','21Z5EW3XCR','','2697f440935a4684',1,0,0),(326,0,2,'',0,'92.155.170.74',1357032388,'dominique dessailly','dominique dessailly','$H$9MAFo43jn6U7TzY7hDC6eLBpndksup0',1357032388,0,'pierrot2106@hotmail.fr',218517288422,'',1361614912,1357032388,1359139276,'posting.php?mode=post&f=18','',1358962749,0,0,7,0,0,0,'fr','1.00',0,'D j M Y H:i',2,0,'',0,0,0,0,-3,0,0,'t','d',0,'t','a',0,1,0,1,1,1,1,230271,'',0,0,0,'','','','','','','','','','','','','3H8T2CK73L','$H$9gCg.LyeZP1IJBNmJQSPljn6ilcFwx.','a0f9866e67336ddb',0,0,0),(628,0,7,'',0,'5.48.154.147',1373818570,'marie-jeanne','marie-jeanne','$H$9HaXn56f6S9IkVrZIBippqZZELbXvo/',1373818570,0,'abderrhamane-mariejeanne@bbox.fr',368554334932,'',0,1373818570,0,'','',0,0,0,0,0,0,0,'fr','0.00',1,'D j M Y H:i',2,0,'',0,0,0,0,-3,0,0,'t','d',0,'t','a',0,1,0,1,1,1,1,230271,'',0,0,0,'','','','','','','','','','','','','35YDAT5QEW','','242677ac93011ea8',1,0,0),(1427,0,7,'',0,'93.27.52.170',1416999794,'guilbert nicole','guilbert nicole','$H$9Qxy9GHb1FOirYF364KiHQ5crKDSwb.',1416999794,0,'nicole.guilbert11@sfr.fr',24968922724,' 0- 0-   0',0,1416999794,0,'','',0,0,0,2,0,0,0,'fr','1.00',0,'D j M Y H:i',2,0,'',0,0,0,0,-3,0,0,'t','d',0,'t','a',0,1,0,1,1,1,1,230271,'',0,0,0,'','','','','','','','','','','','','11MGMHGTWC','','8f941e6f99d57552',1,0,0),(348,0,7,'',0,'81.66.69.231',1359391767,'christinetrep','christinetrep','$H$9GgMWNFn.k9pBr6hAZaU9vO7oJVja2.',1359391767,0,'ctrepczynski62@laposte.net',334523068126,'',1404998540,1359391767,0,'memberlist.php?mode=viewprofile&u=57','',1380036344,0,0,0,0,0,0,'fr','1.00',0,'D j M Y H:i',2,0,'',0,0,0,0,-3,0,0,'t','d',0,'t','a',0,1,0,1,1,1,1,230271,'',0,0,0,'','','','','','','','','','','','','1SKD2RNRS9','','7ce7e4ca10bf4f71',1,0,0),(822,0,7,'',0,'2.5.155.208',1381397307,'ValetDePique','valetdepique','$H$9ze48q9JpQvnBAobchh.qlRs4azMIv0',1381397307,0,'valetdepique@free.fr',47362910420,'',1382085502,1381397307,1381481056,'viewtopic.php?f=29&t=2190','',0,0,0,0,0,0,0,'fr','1.00',1,'D j M Y H:i',2,0,'',0,0,0,0,-3,0,0,'t','d',0,'t','a',0,1,0,1,1,1,1,230271,'822_1381398002.jpg',1,100,145,'','','','','','','','','','','','','1LH3SQBANE','','2709cfdc335f4e4a',1,0,0),(1370,0,7,'',0,'81.220.241.121',1390234822,'jeannine jourdain','jeannine jourdain','$H$9TSehKYU0UQIvTmjmBV38R5/vG3HXk0',1390234822,0,'cocolaulo@hotmail.fr',37697971520,'',1392454268,1390234822,0,'memberlist.php?mode=viewprofile&u=133','',0,0,0,0,0,0,0,'fr','1.00',0,'D j M Y H:i',2,0,'',0,0,0,0,-3,0,0,'t','d',0,'t','a',0,1,0,1,1,1,1,230271,'',0,0,0,'','','','','','','','','','','','','4F5E569NHO','','cf3540c3f682cea7',1,0,0),(819,0,7,'',0,'2.5.155.208',1381397088,'ValetDeCoeur','valetdecoeur','$H$94Uuu2xK8v382Z6HjtYdPv916rQa1a/',1381397088,0,'valetdecoeur@free.fr',74278264520,'',1381483591,1381397088,1381480667,'viewtopic.php?f=30&t=2165&start=0','',0,0,0,0,0,0,0,'fr','1.00',1,'D j M Y H:i',2,0,'',0,0,0,0,-3,0,0,'t','d',0,'t','a',0,1,0,1,1,1,1,230271,'819_1381397767.jpg',1,100,145,'','','','','','','','','','','','','3Y2A5I7475','','f394cf803443a948',1,0,0),(820,0,7,'',0,'2.5.155.208',1381397152,'RoiDePique','roidepique','$H$98vbiG7pLpZv5l1fcFGK.gvRpFubuO1',1381397152,0,'roidepique@free.fr',177349554218,'',1382085534,1381397152,1381481098,'viewtopic.php?f=29&t=2190','',0,0,0,0,0,0,0,'fr','1.00',1,'D j M Y H:i',2,0,'',0,0,0,0,-3,0,0,'t','d',0,'t','a',0,1,0,1,1,1,1,230271,'820_1381397945.jpg',1,100,145,'','','','','','','','','','','','','1ZFEY73R7Z','','7326c0c2fbe0470e',1,0,0),(821,0,7,'',0,'2.5.155.208',1381397216,'DameDePique','damedepique','$H$9FIM/qfs7E8qnCp56kNUBNc9dwdUVa/',1381397216,0,'damedepique@free.fr',378281766319,'',0,1381397216,0,'','',0,0,0,0,0,0,0,'fr','1.00',1,'D j M Y H:i',2,0,'',0,0,0,0,-3,0,0,'t','d',0,'t','a',0,1,0,1,1,1,1,230271,'821_1381397974.jpg',1,100,145,'','','','','','','','','','','','','12I7ONMLES','','34777852e2f4bd59',1,0,0),(308,0,7,'',0,'2.5.156.82',1348606402,'marie jose golonka','marie jose golonka','$H$98wMYT3NBZSjMSxdhjn7pYIjXlhIpk1',1348606402,0,'mariejose.golonka@orange.fr',126950237027,'',1351025309,1348606402,0,'memberlist.php?mode=email&u=82','',0,0,0,0,0,0,0,'fr','0.00',1,'D j M Y H:i',2,0,'',0,0,0,0,-3,1351025309,0,'t','d',0,'t','a',0,1,0,1,1,1,1,230271,'',0,0,0,'','','','','','','','','','','','','1OIYMALCFA','$H$92va8o3BEoHZvUSsWobkGXakEc5w4g0','3c9c98c77041d03a',1,0,0),(244,0,2,'',0,'79.91.97.202',1326368234,'kolodzieski','kolodzieski','$H$96d.ILrpdFbcQb.kEPFBVrCIVXNjvF.',1326368234,0,'godelle.evelyne@neuf.fr',32994451723,'',1444470252,1326368234,1360063659,'viewforum.php?f=9','',1359472618,0,0,0,0,0,0,'fr','1.00',0,'D j M Y H:i',2,0,'',0,0,0,0,-3,1359474040,0,'t','d',0,'t','a',0,1,0,1,1,1,1,230271,'244_1340045202.jpg',1,117,148,'','','','','','','','','','','','','2SAUO3N79I','','82170387850f1db9',0,0,0),(252,0,4,'',0,'83.198.156.165',1331108455,'Senior Photo','senior photo','$H$9hD/dNtIixJowWdwF52LX9jIWlvzzF.',1331113938,0,'blbseniorphoto@gmail.com',241496821524,'',1334335139,1331138689,1334334431,'posting.php?mode=reply&f=23&t=953','',1333345620,0,0,0,0,0,6,'fr','1.00',0,'D j M Y H:i',2,0,'00AA00',0,0,0,0,-3,0,0,'t','d',0,'t','a',0,1,0,1,1,1,1,230271,'252_1331138554.gif',1,177,150,'','','','','','','','','','','','','1IUEYSF9I4','','22af89e9a434b681',0,0,0),(245,0,7,'',0,'81.65.43.68',1327309366,'KERFYSER BCHANTAL','kerfyser bchantal','$H$9ckexjkG6gmNTQhkL8rJtJQO0iz54e0',1327309366,0,'kerfmarc@numericable.fr',428043245923,'',1362043118,1327309366,0,'viewtopic.php?f=18&t=1748','',0,0,0,0,0,0,0,'fr','1.00',0,'D j M Y H:i',2,0,'',0,0,0,0,-3,0,0,'t','d',0,'t','a',0,1,0,1,1,1,1,230271,'',0,0,0,'','','','','','','','','','','','','17CISFABFX','','bf142808b284419e',1,0,0),(253,0,2,'',0,'2.5.199.86',1331138809,'jaymo','jaymo','$H$9uEwMNJt5fmQPYgyzmvl5dCrdyln9L1',1331138809,0,'jayet_monique@yahoo.fr',55885155422,'',1465377860,1331138809,1465377856,'viewtopic.php?f=27&t=3254&p=5056','',0,0,0,0,0,0,8,'fr','1.00',0,'D j M Y H:i',2,0,'',0,0,0,0,-3,0,0,'t','d',0,'t','a',0,1,0,1,1,1,1,230271,'',0,0,0,'','','','','','','','','','','','','3BAKJSP9YU','','3e984726655ddfe7',0,0,0),(249,0,7,'',0,'92.142.18.140',1329392254,'janeton','janeton','$H$93vOoUCgwgufoXIBy8bPOwT1.zKAnY/',1461848734,0,'vdc1@wanadoo.fr',187759695915,'',1461854897,1329392254,1461853402,'viewtopic.php?f=29&t=3176','1W1H78IYB4',1461854147,0,0,0,0,0,0,'fr','0.00',0,'D j M Y H:i',2,0,'',0,0,0,0,-3,1340103259,0,'t','d',0,'t','a',0,1,0,1,1,1,1,230271,'',0,0,0,'','','','','','','','','','','','','','','5c2462eec3f40459',1,0,0),(221,0,7,'',0,'79.87.65.169',1318957346,'polux','polux','$H$98O6oXvSJHUXWMVMObd1hG3eBaWyiG/',1318957346,0,'monique-polux@live.fr',45028875821,'',1332676369,1318957346,0,'search.php?search_id=egosearch','',1319143521,0,0,0,0,0,0,'fr','0.00',1,'D j M Y H:i',2,0,'',0,0,0,0,-3,0,0,'t','d',0,'t','a',0,1,0,1,1,1,1,230271,'',0,0,0,'','','','','','','','','','','','','3HO6R2HDMV','','2c6f7ecb41799318',1,0,0),(814,0,7,'',0,'2.5.155.208',1381393278,'DameDeCarreau','damedecarreau','$H$9UjeeoZ.UcqnZC5LBZvCwz.cd7VdLV.',1381393278,0,'damedecarreau@free.fr',413210887021,'',1382085643,1381393278,1381481127,'viewtopic.php?f=29&t=2190','',0,0,0,0,0,0,0,'fr','0.00',1,'D j M Y H:i',2,0,'',0,0,0,0,-3,0,0,'t','d',0,'t','a',0,1,0,1,1,1,1,230271,'814_1381397823.jpg',1,100,145,'','','','','','','','','','','','','3UTT6SUEQQ','','1f547182320910fe',1,0,0),(762,0,7,'',0,'79.92.235.123',1378651694,'CROGIEZ','crogiez','$H$9BkP1EsKZSwdvVQG9OnX1/47Jm63h71',1378651694,0,'crogiez.michel@orange.fr',142214700324,'',0,1378651694,0,'','',0,0,0,0,0,0,0,'fr','0.00',1,'D j M Y H:i',2,0,'',0,0,0,0,-3,0,0,'t','d',0,'t','a',0,1,0,1,1,1,1,230271,'',0,0,0,'','','','','','','','','','','','','2CCJOMMMWT','','c6e7743575bf2e8b',1,0,0),(1398,0,7,'',0,'31.37.166.32',1402906615,'LOONIS Danièle','loonis danièle','$H$9EKQCIwLZ761Dlte71QN/wcLZpsBA6.',1402906616,0,'daniele.loonis@bbox.fr',114021314822,' 0- 0-   0',0,1402906616,0,'','',0,0,0,0,0,0,0,'fr','0.00',1,'D j M Y H:i',2,0,'',0,0,0,0,-3,0,0,'t','d',0,'t','a',0,1,0,1,1,1,1,230271,'',0,0,0,'','','','','','','','','','','','','4TGHSF7S2K','','9c27436fd1bbfe61',1,0,0),(1415,0,2,'',0,'10.1.0.11',1409647800,'vignolle mt','vignolle mt','$H$9p4a.Qxi0a0GfCsjH5r0RW3jHBmC.81',1461247063,0,'mariethvignolle35@gmail.com',372043829827,'',1507633576,1409647800,1507633572,'viewtopic.php?f=14&t=3597','',1474294707,0,0,0,0,0,94,'fr','0.00',1,'D j M Y H:i',2,0,'',0,0,0,0,-3,0,0,'t','d',0,'t','a',0,1,0,1,1,1,1,230271,'',0,0,0,'','','','','','','','','','','','','4PRABHG2AA','$H$9CFBv6MplumBILCa42Teqi125OsaVL1','44c5dd4421b08909',0,0,0),(1428,0,7,'',0,'81.220.240.7',1417439743,'martinexyz','martinexyz','$H$9QwMWo8MyyGkEzez7VfwEx.CezU0/t/',1417439743,0,'martine.62.pdec@hotmail.fr',410518113126,'',0,1417439743,0,'','',0,0,0,0,0,0,0,'fr','1.00',0,'D j M Y H:i',2,0,'',0,0,0,0,-3,0,0,'t','d',0,'t','a',0,1,0,0,1,1,1,230271,'',0,0,0,'','','','','','','','','','','','','3UD63WONXL','','4a933869e9d99456',1,0,0),(1425,0,7,'',0,'92.91.110.110',1415633546,'luciennebruay','luciennebruay','$H$9//ZyQ5OUeW4O7mbjEJU/dh9.jttPF0',1415633546,0,'lucienne.lesieur@gmail.com',384421449726,'',0,1415633546,0,'','',0,0,0,0,0,0,0,'fr','1.00',0,'D j M Y H:i',2,0,'',0,0,0,0,-3,0,0,'t','d',0,'t','a',0,1,0,1,1,1,1,230271,'',0,0,0,'','','','','','','','','','','','','27H6TVGZ6K','','431fce2c4c389394',1,0,0),(1430,0,2,'00000000006hv29nwg\n\n\ni1cjyo000000\nqlc4pi000000\n\n000000000000\nqlc4pi000000\ni1cjyo000000\ni1cjyo000000\n\nqlc4pi000000\nqlc4pi000000\n\nqlc4pi000000\nqlc4pi000000\n\nqlc4pi000000\nqlc4pi000000\nqlc4pi000000\n\n\n\n\n\n\n\nqlc4pi000000\nqlc4pi000000\nqlc4pi000000\n\n\nqlc4pi000000',0,'78.224.246.61',1418399560,'patoune','patoune','$H$9Of18lAhazBuBtCMWAqQb8iCfwOYGi0',1418399560,0,'patrickdelannoy53@gmail.com',331572984727,'',1547310613,1418399560,1514993185,'memberlist.php?mode=viewprofile&u=56','',1499275072,0,0,0,0,0,53,'fr','1.00',0,'D j M Y H:i',2,0,'',0,0,0,0,-3,1475925950,0,'t','d',0,'t','a',0,1,0,1,1,1,1,230271,'1430_1461865815.jpg',1,200,149,'','','','','','','','','','','','','56FPMHXQDO','','ad9558df12ccbc62',0,0,0),(1432,0,7,'',0,'81.67.71.100',1420887192,'delfosse jacquelines','delfosse jacquelines','$H$9JnFK/jY5YYZdomiX7KqQnjj.JF8nt0',1420887192,0,'jacquelines.delfosse@numericable.fr',150605328135,'',0,1420887192,0,'','',0,0,0,0,0,0,0,'fr','2.00',0,'D j M Y H:i',2,0,'',1,1,1422547943,0,-3,0,0,'t','d',0,'t','a',0,1,0,1,1,1,1,230271,'',0,0,0,'','','','','','','','','','','','','4UGCKZ1Z7S','','055d4d8b3496b9fb',1,0,0),(1452,0,2,'',0,'92.155.14.194',1447668309,'Fenoglio Nadine','fenoglio nadine','$H$9Be7U.RSBpCh20BK7.JqcW6Lm77Nk40',1447668309,0,'nadinou625@orange.fr',175756254320,'',0,1447668309,0,'','',0,0,0,0,0,0,0,'fr','1.00',0,'D j M Y H:i',2,0,'',0,0,0,0,-3,0,0,'t','d',0,'t','a',0,1,0,1,1,1,1,230271,'',0,0,0,'','','','','','','','','','','','','22WU1K82JV','','f0e2a00bc6c16e51',0,0,0),(1454,0,7,'',0,'92.131.45.5',1452157315,'dominique domino','dominique domino','$H$9XZOrY4K..GHxLXXKyaYsU13YpmHzG.',1452157315,0,'pierre21061956@outlook.fr',399592013625,'',0,1452157315,0,'','',0,0,0,0,0,0,0,'fr','1.00',0,'D j M Y H:i',2,0,'',0,0,0,0,-3,0,0,'t','d',0,'t','a',0,1,0,1,1,1,1,230271,'',0,0,0,'','','','','','','','','','','','','U9HG6IA97M','','d0fe2027a6aa4dbd',1,0,0),(1450,0,7,'',0,'81.66.170.96',1444816039,'primet eliane','primet eliane','$H$9GkPWtxLLgYHVF7lILtcFp3HUJsxyq.',1444816039,0,'eliane.primet@numericable.fr',89267949128,' 0- 0-   0',0,1444816039,0,'','',0,0,0,0,0,0,0,'fr','0.00',1,'D j M Y H:i',2,0,'',0,0,0,0,-3,0,0,'t','d',0,'t','a',0,1,0,1,1,1,1,230271,'',0,0,0,'','','','','','','','','','','','','1NF6E2CGTQ','','8ba3226efabb945d',1,0,0),(1438,0,7,'',0,'92.91.110.18',1422089491,'rose-caroline','rose-caroline','$H$95EYknyJXMSiaan6w.VkkuGxmpccbT.',1422089491,0,'unau-sacremento@sfr.fr',289209690422,'',0,1422089491,0,'','',0,0,0,5,0,0,0,'fr','1.00',0,'D j M Y H:i',2,0,'',0,0,0,0,-3,0,0,'t','d',0,'t','a',0,1,0,1,1,1,1,230271,'',0,0,0,'','','','','','','','','','','','','3Z5GR5XIW8','','c737579d894d6e44',1,0,0),(1448,0,7,'',0,'84.99.42.10',1441176569,'Wasik','wasik','$H$94bc1UpHHlmjKJiNB9oXBCnW7IfWa0/',1441176569,0,'chantal.wasik@neuf.fr',407035703521,'',0,1441176569,0,'','',0,0,0,0,0,0,0,'fr','0.00',1,'D j M Y H:i',2,0,'',0,0,0,0,-3,0,0,'t','d',0,'t','a',0,1,0,1,1,1,1,230271,'',0,0,0,'','','','','','','','','','','','','3QCC7QNE8Z','','cb8f201a0ea6dcfb',1,0,0),(1447,0,7,'',0,'86.208.23.206',1435682527,'beck','beck','$H$9wL967jXY/PHZKAMpocdVT2rmG2EQW/',1435682527,0,'monique.bethencourt@numericable.fr',24311852234,' 0- 0-   0',0,1435682527,0,'','',0,0,0,0,0,0,0,'fr','0.00',1,'D j M Y H:i',2,0,'',0,0,0,0,-3,0,0,'t','d',0,'t','a',0,1,0,1,1,1,1,230271,'',0,0,0,'','','','','','','','','','','','','2IVQTPO9TA','','21cd2b7b8694fafe',1,0,0),(1483,0,2,'00000000006hrqeiww\n\n\ni1cjyo000000\nqlc4pi000000\n\n000000000000\nqlc4pi000000\ni1cjyo000000\ni1cjyo000000\n\nqlc4pi000000\nqlc4pi000000\n\nqlc4pi000000\nqlc4pi000000\n\nqlc4pi000000\nqlc4pi000000\nqlc4pi000000\n\n\n\n\n\n\n\nqlc4pi000000\nqlc4pi000000\nqlc4pi000000\n\n\nqlc4pi000000',0,'90.58.95.43',1461571184,'ERNEST','ernest','$H$93BKlTYxxOdL0ym24aFSx5A7UkbKka.',1491917734,0,'georges.damette@orange.fr',28368241425,'',1521476295,1461571184,1499697119,'viewtopic.php?f=27&t=3622','',1509722882,0,0,0,0,0,2,'fr','1.00',1,'D j M Y H:i',2,0,'',0,0,0,0,-3,0,0,'t','d',0,'t','a',0,1,0,1,1,1,1,230271,'',0,0,0,'','','','','','','','','','','','','3987YYBJ2P','','52a514546787b4bc',1,0,0),(1455,0,7,'',0,'77.195.165.103',1456759312,'deise l','deise l','$H$9LXjxv25pG1VJ32t1LKsBEcE.s27L40',1456759312,0,'denise.moreau62@neuf.fr',404530059223,' 0- 0-   0',0,1456759312,0,'','',0,0,0,0,0,0,0,'fr','1.00',0,'D j M Y H:i',2,0,'',0,0,0,0,-3,0,0,'t','d',0,'t','a',0,1,0,1,1,1,1,230271,'',0,0,0,'','','','','','','','','','','','','5ARNHGL2T4','','ddaccb3fb0e18774',1,0,0),(1456,0,7,'',0,'77.195.165.103',1456759543,'deise lH','deise lh','$H$9MnncyWU44lOckV/U6KxrtsJDdBk5q1',1456759543,0,'pierremoreau5461@neuf.fr',110499459124,'',0,1456759543,0,'','',0,0,0,0,0,0,0,'fr','1.00',0,'D j M Y H:i',2,0,'',0,0,0,0,-3,0,0,'t','d',0,'t','a',0,1,0,1,1,1,1,230271,'',0,0,0,'','','','','','','','','','','','','34R8KKK4A5','','9fd40a74710e8fd8',1,0,0),(1487,0,2,'',0,'10.1.1.201',1461848760,'maite62','maite62','$H$9K90lx0cMpn.OwPOgh/am6HuN1s8oA1',1461848760,0,'maite.descamps@orange.fr',48216352724,'',1497873298,1461849969,1465465539,'viewtopic.php?f=9&t=3267','',1466672153,0,0,0,0,0,2,'fr','1.00',1,'D j M Y H:i',2,0,'',0,0,0,0,-3,0,0,'t','d',0,'t','a',0,1,0,1,1,1,1,230271,'',0,0,0,'','','','','','','','','','','','','3IBNUTBK4A','','aad466a11ed87a45',0,0,0),(1457,0,7,'',0,'80.12.39.104',1457099712,'PHILO62','philo62','$H$9Ac7MRBmuUDmJk4yXEgp3zNcTRq2rm/',1457099712,0,'dubaele.lionel@orange.fr',386320006724,' 0- 0-   0',0,1457099712,0,'','',0,0,0,0,0,0,0,'fr','1.00',0,'D j M Y H:i',2,0,'',0,0,0,0,-3,0,0,'t','d',0,'t','a',0,1,0,1,1,1,1,230271,'',0,0,0,'','','','','','','','','','','','','NLWY2SHY3B','','19636e6c9e661dad',1,0,0),(1458,0,2,'',0,'80.12.43.11',1457251798,'Flo62','flo62','$H$9ulNVJIOEy5eqk9YcV19DmCiB5TFJD1',1457251798,0,'florence.fay@wanadoo.fr',247820204823,' 0- 0-   0',1488697967,1471257544,1488697961,'viewtopic.php?f=32&t=3429&p=5409','',0,0,0,0,0,0,16,'fr','1.00',0,'D j M Y H:i',2,0,'',0,0,0,0,-3,0,0,'t','d',0,'t','a',0,1,0,1,1,1,1,230271,'',0,0,0,'','','','','','','','','','','','','37IN5N2H2S','','aa94879480c7dd5d',0,0,0),(1460,0,7,'00000000006hrqeiww\n\n\ni1cjyo000000\nqlc4pi000000\n\n000000000000\nqlc4pi000000\ni1cjyo000000\ni1cjyo000000\n\nqlc4pi000000\nqlc4pi000000\n\nqlc4pi000000\nqlc4pi000000\n\nqlc4pi000000\nqlc4pi000000\nqlc4pi000000\n\n\n\n\n\n\n\nqlc4pi000000\nqlc4pi000000\nqlc4pi000000\n\n\nqlc4pi000000',0,'77.195.165.103',1457973157,'DLHOMEAU','dlhomeau','$H$9kV.yg9B.O8mPnUJkJ0cZUGZoC9zAW0',1457973158,0,'denise.moreau5461@neuf.fr',226236279325,' 0- 0-   0',1516807936,1457973158,0,'memberlist.php?mode=viewprofile&u=1576','',0,0,0,0,0,0,0,'fr','1.00',0,'D j M Y H:i',2,0,'',0,0,0,0,-3,0,0,'t','d',0,'t','a',0,1,0,1,1,1,1,230271,'',0,0,0,'','','','','','','','','','','','','7FO9V5MG8S','','64ba2155b0629b8c',1,0,0),(1503,0,2,'',0,'78.241.244.168',1469358297,'marsupio','marsupio','$H$9DlnMIwWzOTf8w/avH4WJvtdf2XMbG0',1469358297,0,'a.duhamel@bruaylabuissiere.fr',8629345829,'',1469727833,1469358297,1469727644,'','',0,0,0,0,0,0,0,'fr','1.00',1,'D j M Y H:i',2,0,'',0,0,0,0,-3,0,0,'t','d',0,'t','a',0,1,0,1,1,1,1,230271,'',0,0,0,'','','','','','','','','','','','','HUQTLDRNUZ','','0162a807d3ce8983',1,0,0),(1479,0,2,'',0,'81.65.49.98',1461434316,'jean-pierre','jean-pierre','$H$9cxKWPy.vDT1qXgoJVN3prqXhBUREm.',1461434316,0,'jean-pierre.gryczka@sfr.fr',16029985926,' 0- 0-   0',0,1461434316,0,'','',0,0,0,0,0,0,0,'fr','1.00',1,'D j M Y H:i',2,0,'',0,0,0,0,-3,0,0,'t','d',0,'t','a',0,1,0,1,1,1,1,230271,'',0,0,0,'','','','','','','','','','','','','1NO5V4WONE','','5ad62b3d8ba2e716',1,0,0),(1462,0,7,'',0,'176.144.226.250',1459704653,'cocorem','cocorem','$H$9lZ2wqFRISIbC38Fgf2osPSBP8eB2B/',1486391821,0,'colettevasseur62@gmail.com',220830987726,' 0- 0-   0',0,1459704653,0,'','',0,0,0,4,0,0,0,'fr','0.00',1,'D j M Y H:i',2,0,'',0,0,0,0,-3,0,0,'t','d',0,'t','a',0,1,0,1,1,1,1,230271,'',0,0,0,'','','','','','','','','','','','','1CIKCYH4J5','','7be7065aba933050',1,0,0),(1484,0,2,'',0,'10.1.1.211',1461847717,'cloclo','cloclo','$H$9dXNSRK6Wff7Yl.N2m1k2QO041ardV.',1461847717,0,'claudinepascal62700@hotmail.fr',299920833930,'',1500353991,1461847717,1464939412,'posting.php?mode=post&f=18','',0,0,0,0,0,0,1,'fr','1.00',1,'D j M Y H:i',2,0,'',0,0,0,0,-3,0,0,'t','d',0,'t','a',0,1,0,1,1,1,1,230271,'',0,0,0,'','','','','','','','','','','','','5AHVZTLAVI','','7edb3b85211ae209',1,0,0),(1471,0,2,'',0,'86.208.85.174',1461080757,'BETHENCOURT','bethencourt','$H$9AJLxbj9A.nVzLcP7u0Kky/JRQu1JP0',1461080757,0,'monique.bethencourt@numericable.fr',24311852234,' 0- 0-   0',0,1461080757,0,'','',0,0,0,0,0,0,0,'fr','1.00',1,'D j M Y H:i',2,0,'',0,0,0,0,-3,0,0,'t','d',0,'t','a',0,1,0,1,1,1,1,230271,'',0,0,0,'','','','','','','','','','','','','3HKIQZQ9XO','','de4fd96fcad154d2',1,0,0),(1485,0,2,'',0,'10.1.1.211',1461847972,'cloclo62','cloclo62','$H$9UoY1MkkUOYBfO1CaiPWwaBlGY0RUu0',1461847972,0,'claudinepascal62700@hotmail.fr',299920833930,'',0,1461847972,0,'','',0,0,0,0,0,0,0,'fr','1.00',1,'D j M Y H:i',2,0,'',0,0,0,0,-3,0,0,'t','d',0,'t','a',0,1,0,1,1,1,1,230271,'',0,0,0,'','','','','','','','','','','','','OJGU9OWEYE','','698df0fedda56263',1,0,0),(1476,0,2,'',0,'81.65.41.1',1461250528,'mouch62700','mouch62700','$H$9jLF8cHMlv49.55CGBsTTih4MYSVjY.',1461250528,0,'francine.devienne@sfr.fr',244997381524,' 0- 0-   0',0,1461250528,0,'','',0,0,0,0,0,0,0,'fr','1.00',1,'D j M Y H:i',2,0,'',0,0,0,0,-3,0,0,'t','d',0,'t','a',0,1,0,1,1,1,1,230271,'',0,0,0,'','','','','','','','','','','','','1T681J8TAQ','','3a02b541b1c5acf0',1,0,0),(1488,0,2,'',0,'10.1.1.202',1461848875,'rose62','rose62','$H$9g2IiTvRqueaRLsm6Ukp5G.h9jIHE9/',1464938175,0,'monique.bethencourt@numericable.fr',24311852234,'',1498644429,1461848875,1479481060,'viewtopic.php?f=27&t=3457','',0,0,0,0,0,0,2,'fr','1.00',1,'D j M Y H:i',2,0,'',0,0,0,0,-3,0,0,'t','d',0,'t','a',0,1,0,1,1,1,1,230271,'',0,0,0,'','','','','','','','','','','','','8I14C9XCC7','','406bdb30a27cc0a8',1,0,0),(1489,0,2,'',0,'10.1.1.205',1464938515,'jacq','jacq','$H$9WCLda4hgcKn2OTV3BgFavN2Yme28g.',1464938515,0,'paullambotte@orange.fr',361181750122,'',1465198913,1464938515,0,'memberlist.php?mode=&sk=d&sd=d','',0,0,0,0,0,0,0,'fr','1.00',1,'D j M Y H:i',2,0,'',0,0,0,0,-3,0,0,'t','d',0,'t','a',0,1,0,1,1,1,1,230271,'',0,0,0,'','','','','','','','','','','','','3TEHNXDM4L','','46b787fbeebf65ac',1,0,0),(1490,0,2,'',0,'10.1.1.204',1464938546,'jeannette','jeannette','$H$92H//gUYV3/bXSxvx18E/AO73Bq8UW1',1464938546,0,'bleujeanclaude78@gmail.com',153293105126,'',1464940014,1464938546,0,'','',0,0,0,0,0,0,0,'fr','1.00',1,'D j M Y H:i',2,0,'',0,0,0,0,-3,0,0,'t','d',0,'t','a',0,1,0,1,1,1,1,230271,'',0,0,0,'','','','','','','','','','','','','475GTV2CVD','','00d6ebd21d0ad4c9',1,0,0),(1491,0,2,'',0,'10.1.1.203',1464938559,'guyrobert','guyrobert','$H$98SjvaaQOWVE9p3hjpbGwG3/O6MzjP.',1464938559,0,'flahaut007@gmail.com',257318942920,'',1480845473,1464938559,1480845243,'viewforum.php','',0,0,0,0,0,0,5,'fr','1.00',1,'D j M Y H:i',2,0,'',0,0,0,0,-3,0,0,'t','d',0,'t','a',0,1,0,1,1,1,1,230271,'',0,0,0,'','','','','','','','','','','','','42G1OUTJGZ','','7526fc3d290de1e4',0,0,0),(1493,0,2,'',0,'10.1.1.209',1464938734,'christi62','christi62','$H$9.es41A2vI8fS0CFI1mn2mRJ1fkm.U.',1464938734,0,'hourriez.christianne@orange.fr',337735177430,' 0- 0-   0',1464940081,1464938734,0,'index.php','',0,0,0,0,0,0,0,'fr','1.00',1,'D j M Y H:i',2,0,'',0,0,0,0,-3,0,0,'t','d',0,'t','a',0,1,0,1,1,1,1,230271,'',0,0,0,'','','','','','','','','','','','','2S5CJHG88B','','45b14d191592f523',1,0,0),(1614,1,2,'',0,'79.173.83.153',1578854892,'Colleenshoro','colleenshoro','$H$93IP.Rf0kJdlFgSUsYUPoqNFDT/dLZ0',1578854892,0,'bparickmpittay@126.com',314954147622,'',0,1578854892,0,'','',0,0,0,0,1,1578854892,0,'en','-9.50',0,'D j M Y H:i',2,0,'',0,0,0,0,-3,0,0,'t','d',0,'t','a',0,1,0,1,1,1,1,230271,'',0,0,0,'','','','','','','','','','','','','4FJGQOSWZH','','a9cac87afeb43c2c',0,0,0),(1494,0,2,'',0,'10.1.0.11',1466171719,'jojo','jojo','$H$9lAhtiQu57Oxjv/v/0M1OwEJf5Q5bl/',1466171719,0,'lamarejosiane@hotmail.fr',153296333924,' 0- 0-   0',1493561919,1466171719,1493561289,'index.php','',1488902840,0,0,0,0,0,1,'fr','1.00',1,'D j M Y H:i',2,0,'',0,0,0,0,-3,0,0,'t','d',0,'t','a',0,1,0,1,1,1,1,230271,'',0,0,0,'','','','','','','','','','','','','4ITZK9U22Z','','103b4e8f5e4aa3ff',1,0,0),(1538,0,2,'',0,'10.1.1.202',1481293674,'franglais','franglais','$H$9xBQfqj077pZ7JMFNBGi2A4MQm.3qi1',1481293674,0,'michele.hook.39@gmail.com',195349082025,'',0,1481293674,0,'','',0,0,0,0,0,0,0,'fr','1.00',0,'D j M Y H:i',2,0,'',0,0,0,0,-3,0,0,'t','d',0,'t','a',0,1,0,1,1,1,1,230271,'',0,0,0,'','','','','','','','','','','','','4SIBCF8U3U','','3a497d43307061a1',1,0,0),(1537,0,2,'',0,'195.132.41.93',1481101236,'Domelise','domelise','$H$95TTi2OQoESumR3CoR4yLZZwU1C6D10',1481101236,0,'edelaire@numericable.fr',356348769823,'',0,1481101236,0,'','',0,0,0,0,0,0,0,'fr','1.00',0,'D j M Y H:i',2,0,'',0,0,0,0,-3,0,0,'t','d',0,'t','a',0,1,0,1,1,1,1,230271,'',0,0,0,'','','','','','','','','','','','','2TBLZUKWU7','','fbd021fdaee96756',1,0,0),(1501,0,2,'',0,'77.198.188.76',1469113444,'LESIXBERNARDANNIE','lesixbernardannie','$H$93NTYqRkAb9tsyWn3QLR5hK47iDprK1',1469113444,0,'stephane.lesix@club-internet.fr',348936287831,'',0,1469113444,0,'','',0,0,0,0,0,0,0,'fr','1.00',1,'D j M Y H:i',2,0,'',0,0,0,0,-3,0,0,'t','d',0,'t','a',0,1,0,1,1,1,1,230271,'',0,0,0,'','','','','','','','','','','','','FYQUFTQONC','','c6da98e7a9b8f9f9',1,0,0),(1499,0,2,'',0,'90.47.189.123',1467573599,'Vanille','vanille','$H$9w1N6dKLrn5iya3TKX/lEGPQDyA29l0',1467573599,0,'dany62470@hotmail.fr',428839518720,'',0,1467573599,0,'','',0,0,0,0,0,0,0,'fr','1.00',1,'D j M Y H:i',2,0,'',0,0,0,0,-3,0,0,'t','d',0,'t','a',0,1,0,1,1,1,1,230271,'',0,0,0,'','','','','','','','','','','','','1MEWBK8P2X','','aea8ddbe98e447b0',1,0,0),(1542,0,2,'',0,'10.1.0.11',1481293817,'chboule62','chboule62','$H$9GZpI1ZcVBMSMB.OfPlvzTjEf/SPTl.',1481293817,0,'jlboulet62@hotmail.fr',25088376721,'',1481899585,1481293817,1481897967,'viewforum.php','35EM6Z3UEA',0,0,0,0,0,0,1,'fr','1.00',0,'D j M Y H:i',2,0,'',0,0,0,0,-3,0,0,'t','d',0,'t','a',0,1,0,1,1,1,1,230271,'',0,0,0,'','','','','','','','','','','','','1FYZOYZBX3','','b73d78c8dba82e8f',1,0,0),(1536,0,2,'',0,'2.5.48.152',1480539890,'JJA','jja','$H$9agUP5EW5Y4.GUyOPWFiLivE92uLgA0',1480539890,0,'jj.andlauer@orange.fr',75666769621,'',0,1480539890,0,'','',0,0,0,0,0,0,0,'fr','1.00',0,'D j M Y H:i',2,0,'',0,0,0,0,-3,0,0,'t','d',0,'t','a',0,1,0,1,1,1,1,230271,'',0,0,0,'','','','','','','','','','','','','4OJFUJ2FBB','','1a85267e4591ecfb',1,0,0),(1515,0,2,'',0,'109.219.75.230',1475164320,'Obin Michel','obin michel','$H$9jcIRbLdiA5vUeD23VPNPQO6KHGu4X/',1475164320,0,'nadinou625@orange.fr',175756254320,'',0,1475164320,0,'','',0,0,0,0,0,0,0,'fr','1.00',1,'D j M Y H:i',2,0,'',0,0,0,0,-3,0,0,'t','d',0,'t','a',0,1,0,1,1,1,1,230271,'',0,0,0,'','','','','','','','','','','','','8TPE7FVKYB','','c44481ceb9080d3f',1,0,0),(1513,0,2,'',0,'81.220.110.251',1474293200,'froment','froment','$H$9KhpulifT09ACAhD2L9VplfikgP9F8.',1474293200,0,'sergefroment@sfr.fr',112269289619,'',0,1474293200,0,'','',0,0,0,0,0,0,0,'fr','1.00',1,'D j M Y H:i',2,0,'',0,0,0,0,-3,0,0,'t','d',0,'t','a',0,1,0,1,1,1,1,230271,'',0,0,0,'','','','','','','','','','','','','4D1XEFOIU9','','0ab2fbb61efa55bc',1,0,0),(1514,0,2,'',0,'81.66.233.221',1474362197,'Konradowski Monique','konradowski monique','$H$9/s5JU1kkB3Wt8gc2L94vZCDepm3Nw1',1474362197,0,'monicwic@gmail.com',336920008218,'',1511171792,1474362197,1474879994,'viewtopic.php?f=29&t=3531','',0,0,0,0,0,0,0,'fr','1.00',1,'D j M Y H:i',2,0,'',0,0,0,0,-3,0,0,'t','d',0,'t','a',0,1,0,1,1,1,1,230271,'',0,0,0,'','','','','','','','','','','','','J2E1A57C77','','0c239a92f0279197',1,0,0),(1516,0,2,'',0,'83.198.156.25',1475945043,'evangelyna','evangelyna','$H$9YbZRpdPSbctLy7UTxQ4.MqQhH2iwj1',1475945043,0,'dominique.deldem00@orange.fr',213561836028,'',0,1475945043,0,'','',0,0,0,0,0,0,0,'fr','1.00',1,'D j M Y H:i',2,0,'',0,0,0,0,-3,0,0,'t','d',0,'t','a',0,1,0,1,1,1,1,230271,'',0,0,0,'','','','','','','','','','','','','1HCOT7K3GJ','','896eaa86424ca4e0',1,0,0),(1521,0,2,'',0,'128.79.16.151',1476178131,'beatricetilloy','beatricetilloy','$H$9TyvlGXLXs7MRTE1zHNaSTkc2UfgQA1',1476178131,0,'b.tilloyfreville@gmail.com',320434624226,'',0,1476178131,0,'','',0,0,0,0,0,0,0,'fr','1.00',1,'D j M Y H:i',2,0,'',0,0,0,0,-3,0,0,'t','d',0,'t','a',0,1,0,1,1,1,1,230271,'',0,0,0,'','','','','','','','','','','','','BSB6B2QE5X','','7db835a97d20ce19',1,0,0),(1531,0,2,'',0,'128.79.16.151',1476427532,'bel-i-mage','bel-i-mage','$H$9A8de8yOf27agohqnqZMsGqE8OjpwE1',1476427532,0,'b.tilloyfreville@gmail.com',320434624226,' 0- 0-   0',0,1476427532,0,'','',0,0,0,0,0,0,0,'fr','1.00',1,'D j M Y H:i',2,0,'',0,0,0,0,-3,0,0,'t','d',0,'t','a',0,1,0,1,1,1,1,230271,'',0,0,0,'','','','','','','','','','','','','1N7CAAHWTG','','3559e28a9e567d78',1,0,0),(1524,0,2,'',0,'128.79.16.151',1476178922,'lafee','lafee','$H$9bgDhKbepIt5IlNEWh2WmpVveomNXl/',1476178922,0,'b.tilloyfreville@gmail.com',320434624226,'',0,1476178922,0,'','',0,0,0,0,0,0,0,'fr','1.00',1,'D j M Y H:i',2,0,'',0,0,0,0,-3,0,0,'t','d',0,'t','a',0,1,0,1,1,1,1,230271,'',0,0,0,'','','','','','','','','','','','','25MUMKQHP8','','8e19d220d103158a',1,0,0),(1539,0,2,'',0,'10.1.1.201',1481293679,'cricri','cricri','$H$9jNA6eI5Xo3pNKC4/uMv6lO3EOx0Vz/',1481293679,0,'marcelroger@gmx.fr',405599691118,'',0,1481293679,0,'','',0,0,0,0,0,0,0,'fr','1.00',0,'D j M Y H:i',2,0,'',0,0,0,0,-3,0,0,'t','d',0,'t','a',0,1,0,1,1,1,1,230271,'',0,0,0,'','','','','','','','','','','','','4CK1NKP18B','','bac593523a56742a',1,0,0),(1528,0,2,'',0,'2.5.252.175',1476257639,'FLEURDARUM','fleurdarum','$H$9ffeTU4piOAcSCG1liu.8/PH7cQIKj1',1476257639,0,'edithskalka@hotmail.fr',418468185322,'',0,1476257639,0,'','',0,0,0,0,0,0,0,'fr','1.00',1,'D j M Y H:i',2,0,'',0,0,0,0,-3,0,0,'t','d',0,'t','a',0,1,0,1,1,1,1,230271,'',0,0,0,'','','','','','','','','','','','','2RTTFD832Z','','c371ab1dd29bfa4b',1,0,0),(1572,0,2,'',0,'10.1.0.11',1502455587,'Catherine','catherine','$H$9VilT48Em4hZHNiIh7kF1OCG.3UV8q/',1502455587,0,'ca.thomas@bruaylabuissiere.fr',330031738329,' 0- 0-   0',1502456197,1502455587,0,'','',0,0,0,0,0,0,0,'fr','1.00',1,'D j M Y H:i',2,0,'',0,0,0,0,-3,0,0,'t','d',0,'t','a',0,1,0,1,1,1,1,230271,'',0,0,0,'','','','','','','','','','','','','596VX1SLHY','','0384b2d8f75a146a',1,0,0),(1545,0,2,'',0,'10.1.1.201',1481294028,'chrichri','chrichri','$H$9gbH5aeaP5ay/oTioAzUDd6kLTIyOU0',1481294028,0,'marcelroger@gmx.fr',405599691118,'',0,1481294028,0,'','',0,0,0,0,0,0,0,'fr','1.00',0,'D j M Y H:i',2,0,'',0,0,0,0,-3,0,0,'t','d',0,'t','a',0,1,0,1,1,1,1,230271,'',0,0,0,'','','','','','','','','','','','','2HKRQMER3X','','08f8e8035930d0b4',1,0,0),(1546,0,2,'',0,'10.1.1.204',1481294049,'scjb','scjb','$H$9pCHmH7JFRuSu6xKHpnVyfckqBhFYb0',1481294049,0,'beatriceprud62@gmail.com',149977433224,'',1483446005,1481294049,0,'search.php','',0,0,0,0,0,0,0,'fr','1.00',0,'D j M Y H:i',2,0,'',0,0,0,0,-3,0,0,'t','d',0,'t','a',0,1,0,1,1,1,1,230271,'',0,0,0,'','','','','','','','','','','','','4GUS4HJ2AJ','','d0ca158eb841c935',1,0,0),(1547,0,2,'',0,'10.1.0.11',1481294124,'JOJO62','jojo62','$H$9ffNxhan3URkpwI36vhTYNlYWO5HQf0',1481294124,0,'jlboulet62@hotmail.fr',25088376721,'',1481896975,1481294124,0,'ucp.php?mode=login','',0,0,0,0,0,0,0,'fr','1.00',0,'D j M Y H:i',2,0,'',0,0,0,0,-3,0,0,'t','d',0,'t','a',0,1,0,1,1,1,1,230271,'',0,0,0,'','','','','','','','','','','','','2GFNSE8E3D','','3ec59d3b417b283a',1,0,0),(1548,0,2,'',0,'90.18.182.196',1481728601,'Ska','ska','$H$9JPhUCuGJi5/zlFZzcGDATh.C8rUBU1',1481728601,0,'christian.skalka@neuf.fr',241964972824,'',0,1481728601,0,'','',0,0,0,0,0,0,0,'fr','1.00',0,'D j M Y H:i',2,0,'',0,0,0,0,-3,0,0,'t','d',0,'t','a',0,1,0,1,1,1,1,230271,'',0,0,0,'','','','','','','','','','','','','24BSMB5H4S','','1012a024caf08887',1,0,0),(1550,0,2,'',0,'10.1.1.209',1481896999,'jacjea','jacjea','$H$9M7maHAGHIL0851JY1SMpa./7IX2QW0',1481896999,0,'jacqueline.grard47@gmail.com',72782151828,'',1481899513,1481896999,0,'','',0,0,0,0,0,0,0,'fr','1.00',0,'D j M Y H:i',2,0,'',0,0,0,0,-3,0,0,'t','d',0,'t','a',0,1,0,1,1,1,1,230271,'',0,0,0,'','','','','','','','','','','','','4PDKAH3GJE','','b756462dbd0f3602',1,0,0),(1554,0,2,'',0,'81.250.21.111',1487589244,'claudine','claudine','$H$95sahLHKw5mvfmcw6n72vZKG/DfbyI0',1487589244,0,'cdamette@orange.fr',113882600418,'',0,1487589244,0,'','',0,0,0,0,0,0,0,'fr','1.00',0,'D j M Y H:i',2,0,'',0,0,0,0,-3,0,0,'t','d',0,'t','a',0,1,0,1,1,1,1,230271,'',0,0,0,'','','','','','','','','','','','','2Q8BL29JZO','','09a0d1a1a75f2a5f',1,0,0),(1555,0,2,'',0,'90.58.227.78',1488450519,'nana16','nana16','$H$9F9rsWqPvga/7cPKV/c/u12iL2MBm01',1488450519,0,'nadine.couvreur@orange.fr',157901453825,'',1507037663,1488450519,0,'viewforum.php?f=15','',0,0,0,0,0,0,0,'fr','1.00',0,'D j M Y H:i',2,0,'',0,0,0,0,-3,0,0,'t','d',0,'t','a',0,1,0,0,0,0,1,230271,'',0,0,0,'','','','','','','','','','','','','KMFGACLFBN','','f805c364e60bf682',1,0,0),(1553,0,2,'',0,'78.241.244.97',1485717918,'percussion','percussion','$H$9MAEILF2okTu7v19Swr3dY./x.YVDz.',1485717918,0,'jean-louis.delbarre@club-internet.fr',158712135236,'',0,1485717918,0,'','',0,0,0,0,0,0,0,'fr','1.00',0,'D j M Y H:i',2,0,'',0,0,0,0,-3,0,0,'t','d',0,'t','a',0,1,0,1,1,1,1,230271,'',0,0,0,'','','','','','','','','','','','','28VGBJUEN6','','6272e28f69681064',1,0,0),(1557,0,2,'',0,'195.132.44.51',1488924583,'lysie62700','lysie62700','$H$9PP1Ly1CnBNvoQgLaBKvGil20d3BCD/',1488924583,0,'kaslysiane@hotmail.fr',120811116321,'',0,1488924583,0,'','',0,0,0,0,0,0,0,'fr','1.00',0,'D j M Y H:i',2,0,'',0,0,0,0,-3,0,0,'t','d',0,'t','a',0,1,0,1,1,1,1,230271,'',0,0,0,'','','','','','','','','','','','','29PI9P6L7H','','07cc26cdb58d43e8',1,0,0),(1575,0,2,'',0,'86.228.215.38',1505152390,'Dominique Deldem','dominique deldem','$H$94CRdJ2KIbOy6h8hbSIBlNihzMcJIn1',1505152390,0,'dominique.deldem00@orange.fr',213561836028,'',0,1505152390,0,'','',0,0,0,0,0,0,0,'fr','1.00',1,'D j M Y H:i',2,0,'',0,0,0,0,-3,0,0,'t','d',0,'t','a',0,1,0,1,1,1,1,230271,'',0,0,0,'','','','','','','','','','','','','WVTW85R6XZ','','cdfad216ce39a4e6',0,0,0),(1576,3,5,'',0,'10.1.0.11',1505889499,'Playoult franck','playoult franck','$H$9o9ZcRM19e15pfxIruvLdI0/oh7PWJ/',1505889499,0,'f.playoult@bruaylabuissiere.fr',91077640030,' 0- 0-   0',1513850234,1505889499,1513846711,'viewforum.php?f=9','',1509958499,0,0,0,0,0,7,'fr','1.00',1,'D j M Y H:i',2,0,'AA0000',0,0,0,0,-3,1507008837,0,'t','d',0,'t','a',0,1,0,1,1,1,1,230271,'',0,0,0,'','','','','','','','','','','','','','','ff804ca480decef7',0,0,0),(1578,0,2,'00000000006hv29nwg\n\n\ni1cjyo000000\nqlc4pi000000\n\n000000000000\nqlc4pi000000\ni1cjyo000000\ni1cjyo000000\n\nqlc4pi000000\nqlc4pi000000\n\nqlc4pi000000\nqlc4pi000000\n\nqlc4pi000000\nqlc4pi000000\nqlc4pi000000\n\n\n\n\n\n\n\nqlc4pi000000\nqlc4pi000000\nqlc4pi000000\n\n\nqlc4pi000000',0,'10.1.0.11',1507034651,'MARY','mary','$H$9JzJymQH8VtZvLaugbuyA7fRSKtDzr0',1507034651,0,'grenier.jacques.marianne@sfr.fr',187532530331,'',1518713663,1507034651,0,'viewforum.php','',0,0,0,0,0,0,0,'fr','1.00',1,'D j M Y H:i',2,0,'',0,0,0,0,-3,0,0,'t','d',0,'t','a',0,1,0,1,1,1,1,230271,'',0,0,0,'','','','','','','','','','','','','44UL7HRCCV','','ea77f8701be4f8a8',0,0,0),(1613,1,2,'',0,'103.214.131.106',1556865028,'shanaya','shanaya','$H$9ZdyuEjH0xEnogX.RMaqihuxFMIoV5/',1556865028,0,'iranishanaya158@gmail.com',314753152925,'',0,1556865028,0,'','',0,0,0,0,1,1556865028,0,'fr','1.00',1,'D j M Y H:i',2,0,'',0,0,0,0,-3,0,0,'t','d',0,'t','a',0,1,0,1,1,1,1,230271,'',0,0,0,'','','','','','','','','','','','','39SWU2PK87','','c2e822e1b8b6686e',0,0,0);

--
-- Table structure for table `phpbb_warnings`
--

CREATE TABLE `phpbb_warnings` (
  `warning_id` mediumint(8) unsigned NOT NULL auto_increment,
  `user_id` mediumint(8) unsigned NOT NULL default '0',
  `post_id` mediumint(8) unsigned NOT NULL default '0',
  `log_id` mediumint(8) unsigned NOT NULL default '0',
  `warning_time` int(11) unsigned NOT NULL default '0',
  PRIMARY KEY  (`warning_id`)
) ENGINE=MyISAM AUTO_INCREMENT=2 DEFAULT CHARSET=utf8 COLLATE=utf8_bin;

--
-- Dumping data for table `phpbb_warnings`
--


--
-- Table structure for table `phpbb_words`
--

CREATE TABLE `phpbb_words` (
  `word_id` mediumint(8) unsigned NOT NULL auto_increment,
  `word` varchar(255) collate utf8_bin NOT NULL default '',
  `replacement` varchar(255) collate utf8_bin NOT NULL default '',
  PRIMARY KEY  (`word_id`)
) ENGINE=MyISAM DEFAULT CHARSET=utf8 COLLATE=utf8_bin;

--
-- Dumping data for table `phpbb_words`
--


--
-- Table structure for table `phpbb_zebra`
--

CREATE TABLE `phpbb_zebra` (
  `user_id` mediumint(8) unsigned NOT NULL default '0',
  `zebra_id` mediumint(8) unsigned NOT NULL default '0',
  `friend` tinyint(1) unsigned NOT NULL default '0',
  `foe` tinyint(1) unsigned NOT NULL default '0',
  PRIMARY KEY  (`user_id`,`zebra_id`)
) ENGINE=MyISAM DEFAULT CHARSET=utf8 COLLATE=utf8_bin;

--
-- Dumping data for table `phpbb_zebra`
--

INSERT INTO `phpbb_zebra` VALUES (54,2,1,0),(53,54,1,0),(53,2,1,0),(249,133,0,1),(133,143,0,1),(285,133,0,1),(285,252,1,0),(1491,1415,1,0);


